216.73.216.232 - - [20/Aug/2026:21:35:53 -0700] "GET /?file=%2Ftmp%2F_9SoGQP HTTP/1.1" 200 59515 "-" "Mozilla/5.0 AppleWebKit/537.36 (KHTML, like Gecko; compatible; ClaudeBot/1.0; +claudebot@anthropic.com)"
216.73.216.232 - - [20/Aug/2026:21:35:53 -0700] "GET /?ynzmini=%2Fhome%2Flifesavingnursin%2Fpublic_html%2F..%2F. HTTP/1.1" 200 1349 "-" "Mozilla/5.0 AppleWebKit/537.36 (KHTML, like Gecko; compatible; ClaudeBot/1.0; +claudebot@anthropic.com)"
66.249.69.169 - - [20/Aug/2026:21:35:54 -0700] "GET /?w=2033896341100 HTTP/1.1" 200 21796 "-" "Mozilla/5.0 (Linux; Android 6.0.1; Nexus 5X Build/MMB29P) AppleWebKit/537.36 (KHTML, like Gecko) Chrome/151.0.7922.137 Mobile Safari/537.36 (compatible; GoogleOther)"
216.73.216.232 - - [20/Aug/2026:21:35:54 -0700] "GET /?ynzmini=%2Fhome%2Flifesavingnursin%2Fpublic_html%2F..%2F HTTP/1.1" 200 1343 "-" "Mozilla/5.0 AppleWebKit/537.36 (KHTML, like Gecko; compatible; ClaudeBot/1.0; +claudebot@anthropic.com)"
216.73.216.232 - - [20/Aug/2026:21:35:55 -0700] "GET /?file=%2Ftmp%2F_DH5aWx HTTP/1.1" 200 59515 "-" "Mozilla/5.0 AppleWebKit/537.36 (KHTML, like Gecko; compatible; ClaudeBot/1.0; +claudebot@anthropic.com)"
178.156.228.140 - - [20/Aug/2026:21:36:04 -0700] "GET /?w=2952088651100 HTTP/2.0" 200 6457 "-" "Mozilla/5.0 (Macintosh; Intel Mac OS X 10_15_7) AppleWebKit/537.36 (KHTML, like Gecko) Chrome/146.0.0.0 Safari/537.36"
178.156.228.140 - - [20/Aug/2026:21:36:04 -0700] "GET /?w=2952088651100 HTTP/1.1" 101 - "-" "Mozilla/5.0 (Macintosh; Intel Mac OS X 10_15_7) AppleWebKit/537.36 (KHTML, like Gecko) Chrome/146.0.0.0 Safari/537.36"
5.161.90.14 - - [20/Aug/2026:21:36:04 -0700] "GET /testimonials HTTP/1.1" 101 - "-" "Mozilla/5.0 (Macintosh; Intel Mac OS X 10_15_7) AppleWebKit/537.36 (KHTML, like Gecko) Chrome/146.0.0.0 Safari/537.36"
5.161.90.14 - - [20/Aug/2026:21:36:04 -0700] "GET /testimonials HTTP/2.0" 200 6452 "-" "Mozilla/5.0 (Macintosh; Intel Mac OS X 10_15_7) AppleWebKit/537.36 (KHTML, like Gecko) Chrome/146.0.0.0 Safari/537.36"
216.73.216.232 - - [20/Aug/2026:21:36:17 -0700] "GET /?file=%2Ftmp%2F_R600TB HTTP/1.1" 200 59515 "-" "Mozilla/5.0 AppleWebKit/537.36 (KHTML, like Gecko; compatible; ClaudeBot/1.0; +claudebot@anthropic.com)"
216.73.216.232 - - [20/Aug/2026:21:36:18 -0700] "GET /?file=%2Ftmp%2F_J2kL9U HTTP/1.1" 200 59515 "-" "Mozilla/5.0 AppleWebKit/537.36 (KHTML, like Gecko; compatible; ClaudeBot/1.0; +claudebot@anthropic.com)"
216.73.216.232 - - [20/Aug/2026:21:36:18 -0700] "GET /?file=%2Ftmp%2F_cRuhrP HTTP/1.1" 200 59515 "-" "Mozilla/5.0 AppleWebKit/537.36 (KHTML, like Gecko; compatible; ClaudeBot/1.0; +claudebot@anthropic.com)"
216.73.216.232 - - [20/Aug/2026:21:36:19 -0700] "GET /?file=%2Fhome%2Flifesavingnursin%2Fpublic_html%2F..%2F.spamassassinboxenable HTTP/1.1" 200 814 "-" "Mozilla/5.0 AppleWebKit/537.36 (KHTML, like Gecko; compatible; ClaudeBot/1.0; +claudebot@anthropic.com)"
216.73.216.232 - - [20/Aug/2026:21:36:19 -0700] "GET /?file=%2Ftmp%2F_460Hav HTTP/1.1" 200 59515 "-" "Mozilla/5.0 AppleWebKit/537.36 (KHTML, like Gecko; compatible; ClaudeBot/1.0; +claudebot@anthropic.com)"
66.249.69.169 - - [20/Aug/2026:21:36:23 -0700] "GET /dp/ea752985063772 HTTP/1.1" 200 22196 "-" "Mozilla/5.0 (Linux; Android 6.0.1; Nexus 5X Build/MMB29P) AppleWebKit/537.36 (KHTML, like Gecko) Chrome/151.0.7922.137 Mobile Safari/537.36 (compatible; GoogleOther)"
216.73.216.232 - - [20/Aug/2026:21:36:32 -0700] "GET /?ynzmini=%2Fhome%2Flifesavingnursin%2Fpublic_html%2F..%2Flogs HTTP/1.1" 200 1099 "-" "Mozilla/5.0 AppleWebKit/537.36 (KHTML, like Gecko; compatible; ClaudeBot/1.0; +claudebot@anthropic.com)"
216.73.216.232 - - [20/Aug/2026:21:36:33 -0700] "GET /?file=%2Fhome%2Flifesavingnursin%2Fpublic_html%2F..%2F.spamassassinenable HTTP/1.1" 200 811 "-" "Mozilla/5.0 AppleWebKit/537.36 (KHTML, like Gecko; compatible; ClaudeBot/1.0; +claudebot@anthropic.com)"
216.73.216.232 - - [20/Aug/2026:21:36:33 -0700] "GET /?ynzmini=%2Fhome%2Flifesavingnursin%2Fpublic_html%2F..%2Fmail HTTP/1.1" 200 1270 "-" "Mozilla/5.0 AppleWebKit/537.36 (KHTML, like Gecko; compatible; ClaudeBot/1.0; +claudebot@anthropic.com)"
216.73.216.232 - - [20/Aug/2026:21:36:34 -0700] "GET /?file=%2Ftmp%2F_vMdVr7 HTTP/1.1" 200 59515 "-" "Mozilla/5.0 AppleWebKit/537.36 (KHTML, like Gecko; compatible; ClaudeBot/1.0; +claudebot@anthropic.com)"
216.73.216.232 - - [20/Aug/2026:21:36:34 -0700] "GET /?file=%2Ftmp%2F_PswqIV HTTP/1.1" 200 59515 "-" "Mozilla/5.0 AppleWebKit/537.36 (KHTML, like Gecko; compatible; ClaudeBot/1.0; +claudebot@anthropic.com)"
82.97.199.239 - - [20/Aug/2026:21:37:03 -0700] "GET http://lifesavingnursing.com/?w=2952088651100 HTTP/1.1" 200 36385 "-" "Brightbot 1.0"
216.73.216.232 - - [20/Aug/2026:21:37:24 -0700] "GET /?file=%2Ftmp%2F_lVuiIw HTTP/1.1" 200 59515 "-" "Mozilla/5.0 AppleWebKit/537.36 (KHTML, like Gecko; compatible; ClaudeBot/1.0; +claudebot@anthropic.com)"
216.73.216.232 - - [20/Aug/2026:21:37:24 -0700] "GET /?ynzmini=%2F%2Fopt HTTP/1.1" 200 1070 "-" "Mozilla/5.0 AppleWebKit/537.36 (KHTML, like Gecko; compatible; ClaudeBot/1.0; +claudebot@anthropic.com)"
216.73.216.232 - - [20/Aug/2026:21:37:25 -0700] "GET /?file=%2Ftmp%2F_gI0KHM HTTP/1.1" 200 59515 "-" "Mozilla/5.0 AppleWebKit/537.36 (KHTML, like Gecko; compatible; ClaudeBot/1.0; +claudebot@anthropic.com)"
216.73.216.232 - - [20/Aug/2026:21:37:25 -0700] "GET /?ynzmini=%2F%2Fbin HTTP/1.1" 200 4734 "-" "Mozilla/5.0 AppleWebKit/537.36 (KHTML, like Gecko; compatible; ClaudeBot/1.0; +claudebot@anthropic.com)"
216.73.216.232 - - [20/Aug/2026:21:37:26 -0700] "GET /?file=%2Ftmp%2F_lrJyl7 HTTP/1.1" 200 59515 "-" "Mozilla/5.0 AppleWebKit/537.36 (KHTML, like Gecko; compatible; ClaudeBot/1.0; +claudebot@anthropic.com)"
216.73.216.232 - - [20/Aug/2026:21:37:33 -0700] "GET /?ynzmini=%2F%2Frun HTTP/1.1" 200 1024 "-" "Mozilla/5.0 AppleWebKit/537.36 (KHTML, like Gecko; compatible; ClaudeBot/1.0; +claudebot@anthropic.com)"
216.73.216.232 - - [20/Aug/2026:21:37:33 -0700] "GET /?file=%2Ftmp%2F_IDGxo3 HTTP/1.1" 200 59515 "-" "Mozilla/5.0 AppleWebKit/537.36 (KHTML, like Gecko; compatible; ClaudeBot/1.0; +claudebot@anthropic.com)"
216.73.216.232 - - [20/Aug/2026:21:37:34 -0700] "GET /?file=%2Fhome%2Flifesavingnursin%2Fpublic_html%2F..%2F.gemrc HTTP/1.1" 200 886 "-" "Mozilla/5.0 AppleWebKit/537.36 (KHTML, like Gecko; compatible; ClaudeBot/1.0; +claudebot@anthropic.com)"
216.73.216.232 - - [20/Aug/2026:21:37:34 -0700] "GET /?file=%2Ftmp%2F_SY3496 HTTP/1.1" 200 59515 "-" "Mozilla/5.0 AppleWebKit/537.36 (KHTML, like Gecko; compatible; ClaudeBot/1.0; +claudebot@anthropic.com)"
216.73.216.232 - - [20/Aug/2026:21:37:35 -0700] "GET /?file=%2Ftmp%2F_UsLvKT HTTP/1.1" 200 59515 "-" "Mozilla/5.0 AppleWebKit/537.36 (KHTML, like Gecko; compatible; ClaudeBot/1.0; +claudebot@anthropic.com)"
216.73.216.232 - - [20/Aug/2026:21:37:49 -0700] "GET /?file=%2Ftmp%2F_O8P0Zv HTTP/1.1" 200 59515 "-" "Mozilla/5.0 AppleWebKit/537.36 (KHTML, like Gecko; compatible; ClaudeBot/1.0; +claudebot@anthropic.com)"
216.73.216.232 - - [20/Aug/2026:21:37:50 -0700] "GET /?file=%2Ftmp%2F_vSbPeO HTTP/1.1" 200 59515 "-" "Mozilla/5.0 AppleWebKit/537.36 (KHTML, like Gecko; compatible; ClaudeBot/1.0; +claudebot@anthropic.com)"
216.73.216.232 - - [20/Aug/2026:21:37:50 -0700] "GET /?file=%2Ftmp%2F_VhgnOV HTTP/1.1" 200 59515 "-" "Mozilla/5.0 AppleWebKit/537.36 (KHTML, like Gecko; compatible; ClaudeBot/1.0; +claudebot@anthropic.com)"
216.73.216.232 - - [20/Aug/2026:21:37:51 -0700] "GET /?file=%2Ftmp%2F_LuNwNb HTTP/1.1" 200 59515 "-" "Mozilla/5.0 AppleWebKit/537.36 (KHTML, like Gecko; compatible; ClaudeBot/1.0; +claudebot@anthropic.com)"
216.73.216.232 - - [20/Aug/2026:21:37:51 -0700] "GET /?file=%2Ftmp%2F_H7OMZ5 HTTP/1.1" 200 59515 "-" "Mozilla/5.0 AppleWebKit/537.36 (KHTML, like Gecko; compatible; ClaudeBot/1.0; +claudebot@anthropic.com)"
216.73.216.232 - - [20/Aug/2026:21:38:13 -0700] "GET /?ynzmini=%2Fhome%2Flifesavingnursin%2Fpublic_html%2F..%2Fetc HTTP/1.1" 200 992 "-" "Mozilla/5.0 AppleWebKit/537.36 (KHTML, like Gecko; compatible; ClaudeBot/1.0; +claudebot@anthropic.com)"
216.73.216.232 - - [20/Aug/2026:21:38:14 -0700] "GET /?ynzmini=%2Fhome%2Flifesavingnursin%2Fpublic_html%2F..%2Faccess-logs HTTP/1.1" 200 1016 "-" "Mozilla/5.0 AppleWebKit/537.36 (KHTML, like Gecko; compatible; ClaudeBot/1.0; +claudebot@anthropic.com)"
216.73.216.232 - - [20/Aug/2026:21:38:14 -0700] "GET /?ynzmini=%2Fhome%2Flifesavingnursin%2Fpublic_html%2F..%2F.trash HTTP/1.1" 200 980 "-" "Mozilla/5.0 AppleWebKit/537.36 (KHTML, like Gecko; compatible; ClaudeBot/1.0; +claudebot@anthropic.com)"
216.73.216.232 - - [20/Aug/2026:21:38:14 -0700] "GET /?file=%2Ftmp%2F_1F88cr HTTP/1.1" 200 59515 "-" "Mozilla/5.0 AppleWebKit/537.36 (KHTML, like Gecko; compatible; ClaudeBot/1.0; +claudebot@anthropic.com)"
216.73.216.232 - - [20/Aug/2026:21:38:15 -0700] "GET /?file=%2Ftmp%2F_GpT2wx HTTP/1.1" 200 59515 "-" "Mozilla/5.0 AppleWebKit/537.36 (KHTML, like Gecko; compatible; ClaudeBot/1.0; +claudebot@anthropic.com)"
82.97.199.60 - - [20/Aug/2026:21:38:15 -0700] "GET http://lifesavingnursing.com/testimonials HTTP/1.1" 200 36384 "-" "Brightbot 1.0"
66.249.69.169 - - [20/Aug/2026:21:38:26 -0700] "GET /cdn-cgi/l/email-protection HTTP/1.1" 200 21025 "-" "Mozilla/5.0 (Linux; Android 6.0.1; Nexus 5X Build/MMB29P) AppleWebKit/537.36 (KHTML, like Gecko) Chrome/151.0.7922.137 Mobile Safari/537.36 (compatible; GoogleOther)"
216.73.216.232 - - [20/Aug/2026:21:38:56 -0700] "GET /?file=%2Ftmp%2F_5vLUrt HTTP/1.1" 200 59515 "-" "Mozilla/5.0 AppleWebKit/537.36 (KHTML, like Gecko; compatible; ClaudeBot/1.0; +claudebot@anthropic.com)"
216.73.216.232 - - [20/Aug/2026:21:38:56 -0700] "GET /?file=%2Ftmp%2F_8v1c0u HTTP/1.1" 200 59515 "-" "Mozilla/5.0 AppleWebKit/537.36 (KHTML, like Gecko; compatible; ClaudeBot/1.0; +claudebot@anthropic.com)"
216.73.216.232 - - [20/Aug/2026:21:38:57 -0700] "GET /?file=%2Ftmp%2F_LuyFY5 HTTP/1.1" 200 805 "-" "Mozilla/5.0 AppleWebKit/537.36 (KHTML, like Gecko; compatible; ClaudeBot/1.0; +claudebot@anthropic.com)"
216.73.216.232 - - [20/Aug/2026:21:38:57 -0700] "GET /?ynzmini=%2Fhome%2Flifesavingnursin%2Fpublic_html%2F..%2F.cpanel HTTP/1.1" 200 1123 "-" "Mozilla/5.0 AppleWebKit/537.36 (KHTML, like Gecko; compatible; ClaudeBot/1.0; +claudebot@anthropic.com)"
216.73.216.232 - - [20/Aug/2026:21:38:58 -0700] "GET /?ynzmini=%2F%2Fsbin HTTP/1.1" 200 1447 "-" "Mozilla/5.0 AppleWebKit/537.36 (KHTML, like Gecko; compatible; ClaudeBot/1.0; +claudebot@anthropic.com)"
216.73.216.232 - - [20/Aug/2026:21:39:01 -0700] "GET /?file=%2Ftmp%2F_bkIG9s HTTP/1.1" 200 59515 "-" "Mozilla/5.0 AppleWebKit/537.36 (KHTML, like Gecko; compatible; ClaudeBot/1.0; +claudebot@anthropic.com)"
216.73.216.232 - - [20/Aug/2026:21:39:01 -0700] "GET /?file=%2Ftmp%2F_QKjo5O HTTP/1.1" 200 59515 "-" "Mozilla/5.0 AppleWebKit/537.36 (KHTML, like Gecko; compatible; ClaudeBot/1.0; +claudebot@anthropic.com)"
216.73.216.232 - - [20/Aug/2026:21:39:02 -0700] "GET /?file=%2Ftmp%2F_3y1C0U HTTP/1.1" 200 59515 "-" "Mozilla/5.0 AppleWebKit/537.36 (KHTML, like Gecko; compatible; ClaudeBot/1.0; +claudebot@anthropic.com)"
216.73.216.232 - - [20/Aug/2026:21:39:02 -0700] "GET /?file=%2Ftmp%2F_hk6I71 HTTP/1.1" 200 59515 "-" "Mozilla/5.0 AppleWebKit/537.36 (KHTML, like Gecko; compatible; ClaudeBot/1.0; +claudebot@anthropic.com)"
216.73.216.232 - - [20/Aug/2026:21:39:03 -0700] "GET /?file=%2Ftmp%2F_sBKwB8 HTTP/1.1" 200 59515 "-" "Mozilla/5.0 AppleWebKit/537.36 (KHTML, like Gecko; compatible; ClaudeBot/1.0; +claudebot@anthropic.com)"
216.73.216.232 - - [20/Aug/2026:21:39:18 -0700] "GET /?file=%2Ftmp%2F_Y4n8Na HTTP/1.1" 200 59515 "-" "Mozilla/5.0 AppleWebKit/537.36 (KHTML, like Gecko; compatible; ClaudeBot/1.0; +claudebot@anthropic.com)"
216.73.216.232 - - [20/Aug/2026:21:39:18 -0700] "GET /?file=%2Ftmp%2F_4Q4Vop HTTP/1.1" 200 59515 "-" "Mozilla/5.0 AppleWebKit/537.36 (KHTML, like Gecko; compatible; ClaudeBot/1.0; +claudebot@anthropic.com)"
216.73.216.232 - - [20/Aug/2026:21:39:19 -0700] "GET /?file=%2Ftmp%2F_3wTyKZ HTTP/1.1" 200 59515 "-" "Mozilla/5.0 AppleWebKit/537.36 (KHTML, like Gecko; compatible; ClaudeBot/1.0; +claudebot@anthropic.com)"
216.73.216.232 - - [20/Aug/2026:21:39:19 -0700] "GET /?file=%2Ftmp%2F_aZ9wHE HTTP/1.1" 200 59515 "-" "Mozilla/5.0 AppleWebKit/537.36 (KHTML, like Gecko; compatible; ClaudeBot/1.0; +claudebot@anthropic.com)"
216.73.216.232 - - [20/Aug/2026:21:39:20 -0700] "GET /?ynzmini=%2F%2F. HTTP/1.1" 200 1022 "-" "Mozilla/5.0 AppleWebKit/537.36 (KHTML, like Gecko; compatible; ClaudeBot/1.0; +claudebot@anthropic.com)"
66.249.69.170 - - [20/Aug/2026:21:39:40 -0700] "GET /dp/03f2200869158 HTTP/1.1" 200 20704 "-" "Mozilla/5.0 (Linux; Android 6.0.1; Nexus 5X Build/MMB29P) AppleWebKit/537.36 (KHTML, like Gecko) Chrome/151.0.7922.137 Mobile Safari/537.36 (compatible; GoogleOther)"
66.249.69.169 - - [20/Aug/2026:21:39:42 -0700] "GET /?shop/sold?id=top2889128761100 HTTP/1.1" 200 21860 "-" "Mozilla/5.0 (Linux; Android 6.0.1; Nexus 5X Build/MMB29P) AppleWebKit/537.36 (KHTML, like Gecko) Chrome/151.0.7922.137 Mobile Safari/537.36 (compatible; Googlebot/2.1; +http://www.google.com/bot.html)"
216.73.216.232 - - [20/Aug/2026:21:39:47 -0700] "GET /?ynzmini=%2Fhome%2Flifesavingnursin%2Fpublic_html%2F..%2F.razor HTTP/1.1" 200 1076 "-" "Mozilla/5.0 AppleWebKit/537.36 (KHTML, like Gecko; compatible; ClaudeBot/1.0; +claudebot@anthropic.com)"
216.73.216.232 - - [20/Aug/2026:21:39:48 -0700] "GET /?file=%2Ftmp%2F_xBMFj6 HTTP/1.1" 200 805 "-" "Mozilla/5.0 AppleWebKit/537.36 (KHTML, like Gecko; compatible; ClaudeBot/1.0; +claudebot@anthropic.com)"
216.73.216.232 - - [20/Aug/2026:21:39:48 -0700] "GET /?file=%2Ftmp%2F_gJefAb HTTP/1.1" 200 59515 "-" "Mozilla/5.0 AppleWebKit/537.36 (KHTML, like Gecko; compatible; ClaudeBot/1.0; +claudebot@anthropic.com)"
216.73.216.232 - - [20/Aug/2026:21:39:49 -0700] "GET /?file=%2Ftmp%2F_IqqG4X HTTP/1.1" 200 59515 "-" "Mozilla/5.0 AppleWebKit/537.36 (KHTML, like Gecko; compatible; ClaudeBot/1.0; +claudebot@anthropic.com)"
66.249.69.169 - - [20/Aug/2026:21:40:31 -0700] "GET /?w=2146168151100 HTTP/1.1" 200 20766 "-" "Mozilla/5.0 (Linux; Android 6.0.1; Nexus 5X Build/MMB29P) AppleWebKit/537.36 (KHTML, like Gecko) Chrome/151.0.7922.137 Mobile Safari/537.36 (compatible; Googlebot/2.1; +http://www.google.com/bot.html)"
216.73.216.232 - - [20/Aug/2026:21:40:36 -0700] "GET /?file=%2Ftmp%2F_Mzym1J HTTP/1.1" 200 59515 "-" "Mozilla/5.0 AppleWebKit/537.36 (KHTML, like Gecko; compatible; ClaudeBot/1.0; +claudebot@anthropic.com)"
216.73.216.232 - - [20/Aug/2026:21:40:36 -0700] "GET /?file=%2Ftmp%2F_VgCzKD HTTP/1.1" 200 59515 "-" "Mozilla/5.0 AppleWebKit/537.36 (KHTML, like Gecko; compatible; ClaudeBot/1.0; +claudebot@anthropic.com)"
216.73.216.232 - - [20/Aug/2026:21:40:37 -0700] "GET /?file=%2Ftmp%2F_w2g120 HTTP/1.1" 200 59515 "-" "Mozilla/5.0 AppleWebKit/537.36 (KHTML, like Gecko; compatible; ClaudeBot/1.0; +claudebot@anthropic.com)"
216.73.216.232 - - [20/Aug/2026:21:40:37 -0700] "GET /?file=%2Ftmp%2F_0XzvtS HTTP/1.1" 200 59515 "-" "Mozilla/5.0 AppleWebKit/537.36 (KHTML, like Gecko; compatible; ClaudeBot/1.0; +claudebot@anthropic.com)"
216.73.216.232 - - [20/Aug/2026:21:40:46 -0700] "GET /?ynzmini=%2Fhome%2Flifesavingnursin%2Fpublic_html%2F..%2F.cagefs HTTP/1.1" 200 1006 "-" "Mozilla/5.0 AppleWebKit/537.36 (KHTML, like Gecko; compatible; ClaudeBot/1.0; +claudebot@anthropic.com)"
216.73.216.232 - - [20/Aug/2026:21:40:46 -0700] "GET /?ynzmini=%2F%2Fvar HTTP/1.1" 200 1020 "-" "Mozilla/5.0 AppleWebKit/537.36 (KHTML, like Gecko; compatible; ClaudeBot/1.0; +claudebot@anthropic.com)"
216.73.216.232 - - [20/Aug/2026:21:40:47 -0700] "GET /?ynzmini=%2Fhome%2Flifesavingnursin%2Fpublic_html%2F..%2F.htpasswds HTTP/1.1" 200 990 "-" "Mozilla/5.0 AppleWebKit/537.36 (KHTML, like Gecko; compatible; ClaudeBot/1.0; +claudebot@anthropic.com)"
216.73.216.232 - - [20/Aug/2026:21:40:47 -0700] "GET /?file=%2Ftmp%2F_tgLKEF HTTP/1.1" 200 59515 "-" "Mozilla/5.0 AppleWebKit/537.36 (KHTML, like Gecko; compatible; ClaudeBot/1.0; +claudebot@anthropic.com)"
66.249.69.169 - - [20/Aug/2026:21:40:55 -0700] "GET /how-to-register HTTP/1.1" 200 21482 "-" "Mozilla/5.0 (Linux; Android 6.0.1; Nexus 5X Build/MMB29P) AppleWebKit/537.36 (KHTML, like Gecko) Chrome/151.0.7922.137 Mobile Safari/537.36 (compatible; GoogleOther)"
216.73.216.232 - - [20/Aug/2026:21:41:05 -0700] "GET /?file=%2Ftmp%2F_t7yGpG HTTP/1.1" 200 59515 "-" "Mozilla/5.0 AppleWebKit/537.36 (KHTML, like Gecko; compatible; ClaudeBot/1.0; +claudebot@anthropic.com)"
216.73.216.232 - - [20/Aug/2026:21:41:05 -0700] "GET /?ynzmini=%2F%2Fetc HTTP/1.1" 200 1641 "-" "Mozilla/5.0 AppleWebKit/537.36 (KHTML, like Gecko; compatible; ClaudeBot/1.0; +claudebot@anthropic.com)"
216.73.216.232 - - [20/Aug/2026:21:41:06 -0700] "GET /?file=%2Ftmp%2F_JhIbBz HTTP/1.1" 200 59515 "-" "Mozilla/5.0 AppleWebKit/537.36 (KHTML, like Gecko; compatible; ClaudeBot/1.0; +claudebot@anthropic.com)"
216.73.216.232 - - [20/Aug/2026:21:41:06 -0700] "GET /?file=%2Ftmp%2F_GW5Gou HTTP/1.1" 200 59515 "-" "Mozilla/5.0 AppleWebKit/537.36 (KHTML, like Gecko; compatible; ClaudeBot/1.0; +claudebot@anthropic.com)"
66.249.69.169 - - [20/Aug/2026:21:41:09 -0700] "GET /?w=2140455691100 HTTP/1.1" 200 21829 "-" "Mozilla/5.0 (Linux; Android 6.0.1; Nexus 5X Build/MMB29P) AppleWebKit/537.36 (KHTML, like Gecko) Chrome/151.0.7922.137 Mobile Safari/537.36 (compatible; Googlebot/2.1; +http://www.google.com/bot.html)"
216.73.216.232 - - [20/Aug/2026:21:41:18 -0700] "GET /?file=%2Ftmp%2F_5mzgW7 HTTP/1.1" 200 59515 "-" "Mozilla/5.0 AppleWebKit/537.36 (KHTML, like Gecko; compatible; ClaudeBot/1.0; +claudebot@anthropic.com)"
216.73.216.232 - - [20/Aug/2026:21:41:19 -0700] "GET /?ynzmini=%2Fhome%2Flifesavingnursin%2Fpublic_html%2F..%2F.spamassassin HTTP/1.1" 200 1020 "-" "Mozilla/5.0 AppleWebKit/537.36 (KHTML, like Gecko; compatible; ClaudeBot/1.0; +claudebot@anthropic.com)"
216.73.216.232 - - [20/Aug/2026:21:41:19 -0700] "GET /?file=%2Ftmp%2F_iUFRXl HTTP/1.1" 200 59515 "-" "Mozilla/5.0 AppleWebKit/537.36 (KHTML, like Gecko; compatible; ClaudeBot/1.0; +claudebot@anthropic.com)"
216.73.216.232 - - [20/Aug/2026:21:41:19 -0700] "GET /?file=%2Ftmp%2F_3Vqo6G HTTP/1.1" 200 59515 "-" "Mozilla/5.0 AppleWebKit/537.36 (KHTML, like Gecko; compatible; ClaudeBot/1.0; +claudebot@anthropic.com)"
66.249.69.169 - - [20/Aug/2026:21:41:52 -0700] "GET /?w=2144202871100 HTTP/1.1" 200 22345 "-" "Mozilla/5.0 (Linux; Android 6.0.1; Nexus 5X Build/MMB29P) AppleWebKit/537.36 (KHTML, like Gecko) Chrome/151.0.7922.137 Mobile Safari/537.36 (compatible; Googlebot/2.1; +http://www.google.com/bot.html)"
216.73.216.232 - - [20/Aug/2026:21:41:53 -0700] "GET /?edit=true&file=%2Fhome%2Flifesavingnursin%2Fpublic_html%2Fwp-comments-post.php HTTP/1.1" 200 1868 "-" "Mozilla/5.0 AppleWebKit/537.36 (KHTML, like Gecko; compatible; ClaudeBot/1.0; +claudebot@anthropic.com)"
216.73.216.232 - - [20/Aug/2026:21:41:53 -0700] "GET /?file=%2Ftmp%2F_h6Z0RU HTTP/1.1" 200 59515 "-" "Mozilla/5.0 AppleWebKit/537.36 (KHTML, like Gecko; compatible; ClaudeBot/1.0; +claudebot@anthropic.com)"
216.73.216.232 - - [20/Aug/2026:21:41:53 -0700] "GET /?delete=true&file=%2Fhome%2Flifesavingnursin%2Fpublic_html%2Fwp-comments-post.php HTTP/1.1" 200 834 "-" "Mozilla/5.0 AppleWebKit/537.36 (KHTML, like Gecko; compatible; ClaudeBot/1.0; +claudebot@anthropic.com)"
216.73.216.232 - - [20/Aug/2026:21:41:54 -0700] "GET /?ynzmini=%2Fhome%2Flifesavingnursin%2Fpublic_html%2F..%2F.caldav HTTP/1.1" 200 1069 "-" "Mozilla/5.0 AppleWebKit/537.36 (KHTML, like Gecko; compatible; ClaudeBot/1.0; +claudebot@anthropic.com)"
216.73.216.232 - - [20/Aug/2026:21:42:09 -0700] "GET /?file=%2Fhome%2Flifesavingnursin%2Fpublic_html%2F..%2F.lastlogin HTTP/1.1" 200 1027 "-" "Mozilla/5.0 AppleWebKit/537.36 (KHTML, like Gecko; compatible; ClaudeBot/1.0; +claudebot@anthropic.com)"
216.73.216.232 - - [20/Aug/2026:21:42:09 -0700] "GET /?file=%2Ftmp%2F_1edXqp HTTP/1.1" 200 59515 "-" "Mozilla/5.0 AppleWebKit/537.36 (KHTML, like Gecko; compatible; ClaudeBot/1.0; +claudebot@anthropic.com)"
216.73.216.232 - - [20/Aug/2026:21:42:10 -0700] "GET /?ynzmini=%2Fhome%2Flifesavingnursin%2Fpublic_html%2F..%2Fwww HTTP/1.1" 200 1271 "-" "Mozilla/5.0 AppleWebKit/537.36 (KHTML, like Gecko; compatible; ClaudeBot/1.0; +claudebot@anthropic.com)"
216.73.216.232 - - [20/Aug/2026:21:42:10 -0700] "GET /?ynzmini=%2F%2Flib HTTP/1.1" 200 1326 "-" "Mozilla/5.0 AppleWebKit/537.36 (KHTML, like Gecko; compatible; ClaudeBot/1.0; +claudebot@anthropic.com)"
66.249.69.169 - - [20/Aug/2026:21:42:12 -0700] "GET /?productSearch/pictureSearch?id=623387551100 HTTP/1.1" 200 21758 "-" "Mozilla/5.0 (Linux; Android 6.0.1; Nexus 5X Build/MMB29P) AppleWebKit/537.36 (KHTML, like Gecko) Chrome/151.0.7922.137 Mobile Safari/537.36 (compatible; GoogleOther)"
66.249.69.169 - - [20/Aug/2026:21:42:17 -0700] "GET /dp/578712e3051975 HTTP/1.1" 200 21215 "-" "Mozilla/5.0 (Linux; Android 6.0.1; Nexus 5X Build/MMB29P) AppleWebKit/537.36 (KHTML, like Gecko) Chrome/151.0.7922.137 Mobile Safari/537.36 (compatible; GoogleOther)"
66.249.69.169 - - [20/Aug/2026:21:42:33 -0700] "GET /dp/8f7d8724949692 HTTP/1.1" 200 21440 "-" "Mozilla/5.0 (Linux; Android 6.0.1; Nexus 5X Build/MMB29P) AppleWebKit/537.36 (KHTML, like Gecko) Chrome/151.0.7922.137 Mobile Safari/537.36 (compatible; GoogleOther)"
66.249.69.169 - - [20/Aug/2026:21:42:36 -0700] "GET /dp/a9c520e3864926 HTTP/1.1" 200 20911 "-" "Mozilla/5.0 (Linux; Android 6.0.1; Nexus 5X Build/MMB29P) AppleWebKit/537.36 (KHTML, like Gecko) Chrome/151.0.7922.137 Mobile Safari/537.36 (compatible; GoogleOther)"
216.73.216.232 - - [20/Aug/2026:21:42:50 -0700] "GET /?ynzmini=%2Fhome%2Flifesavingnursin%2Fpublic_html%2F..%2Fpublic_ftp HTTP/1.1" 200 993 "-" "Mozilla/5.0 AppleWebKit/537.36 (KHTML, like Gecko; compatible; ClaudeBot/1.0; +claudebot@anthropic.com)"
216.73.216.232 - - [20/Aug/2026:21:42:50 -0700] "GET /?file=%2Ftmp%2F_Gwhlgs HTTP/1.1" 200 59515 "-" "Mozilla/5.0 AppleWebKit/537.36 (KHTML, like Gecko; compatible; ClaudeBot/1.0; +claudebot@anthropic.com)"
216.73.216.232 - - [20/Aug/2026:21:42:50 -0700] "GET /?file=%2Ftmp%2F_XXZjpi HTTP/1.1" 200 59515 "-" "Mozilla/5.0 AppleWebKit/537.36 (KHTML, like Gecko; compatible; ClaudeBot/1.0; +claudebot@anthropic.com)"
216.73.216.232 - - [20/Aug/2026:21:42:51 -0700] "GET /?file=%2Ftmp%2F_5l62Yz HTTP/1.1" 200 59515 "-" "Mozilla/5.0 AppleWebKit/537.36 (KHTML, like Gecko; compatible; ClaudeBot/1.0; +claudebot@anthropic.com)"
216.73.216.232 - - [20/Aug/2026:21:42:52 -0700] "GET /?ynzmini=%2Fhome%2Flifesavingnursin%2Fpublic_html%2F..%2F.softaculous HTTP/1.1" 200 1079 "-" "Mozilla/5.0 AppleWebKit/537.36 (KHTML, like Gecko; compatible; ClaudeBot/1.0; +claudebot@anthropic.com)"
216.73.216.232 - - [20/Aug/2026:21:42:53 -0700] "GET /?delete=true&file=%2Fhome%2Flifesavingnursin%2Fpublic_html%2Fwp-config-sample.php HTTP/1.1" 200 835 "-" "Mozilla/5.0 AppleWebKit/537.36 (KHTML, like Gecko; compatible; ClaudeBot/1.0; +claudebot@anthropic.com)"
216.73.216.232 - - [20/Aug/2026:21:42:53 -0700] "GET /?ynzmini=%2F%2Flib64 HTTP/1.1" 200 11538 "-" "Mozilla/5.0 AppleWebKit/537.36 (KHTML, like Gecko; compatible; ClaudeBot/1.0; +claudebot@anthropic.com)"
216.73.216.232 - - [20/Aug/2026:21:42:54 -0700] "GET /?file=%2Ftmp%2F_O6lEI4 HTTP/1.1" 200 59515 "-" "Mozilla/5.0 AppleWebKit/537.36 (KHTML, like Gecko; compatible; ClaudeBot/1.0; +claudebot@anthropic.com)"
66.249.69.170 - - [20/Aug/2026:21:43:00 -0700] "GET /dp/49695081306435 HTTP/1.1" 200 22738 "-" "Mozilla/5.0 (Linux; Android 6.0.1; Nexus 5X Build/MMB29P) AppleWebKit/537.36 (KHTML, like Gecko) Chrome/151.0.7922.137 Mobile Safari/537.36 (compatible; GoogleOther)"
66.249.69.169 - - [20/Aug/2026:21:43:03 -0700] "GET /dp/8c3e6731256153 HTTP/1.1" 200 20859 "-" "Mozilla/5.0 (Linux; Android 6.0.1; Nexus 5X Build/MMB29P) AppleWebKit/537.36 (KHTML, like Gecko) Chrome/151.0.7922.137 Mobile Safari/537.36 (compatible; GoogleOther)"
216.73.216.232 - - [20/Aug/2026:21:43:11 -0700] "GET /?file=%2Ftmp%2F_waiuKe HTTP/1.1" 200 59515 "-" "Mozilla/5.0 AppleWebKit/537.36 (KHTML, like Gecko; compatible; ClaudeBot/1.0; +claudebot@anthropic.com)"
216.73.216.232 - - [20/Aug/2026:21:43:11 -0700] "GET /?delete=true&file=%2Fhome%2Flifesavingnursin%2Fpublic_html%2Fwp-load.php HTTP/1.1" 200 834 "-" "Mozilla/5.0 AppleWebKit/537.36 (KHTML, like Gecko; compatible; ClaudeBot/1.0; +claudebot@anthropic.com)"
216.73.216.232 - - [20/Aug/2026:21:43:12 -0700] "GET /?edit=true&file=%2Fhome%2Flifesavingnursin%2Fpublic_html%2Fwp-config-sample.php HTTP/1.1" 200 2075 "-" "Mozilla/5.0 AppleWebKit/537.36 (KHTML, like Gecko; compatible; ClaudeBot/1.0; +claudebot@anthropic.com)"
216.73.216.232 - - [20/Aug/2026:21:43:12 -0700] "GET /?file=%2Ftmp%2F_jDicUF HTTP/1.1" 200 59515 "-" "Mozilla/5.0 AppleWebKit/537.36 (KHTML, like Gecko; compatible; ClaudeBot/1.0; +claudebot@anthropic.com)"
66.249.69.169 - - [20/Aug/2026:21:43:20 -0700] "GET /?w=911301071100 HTTP/1.1" 200 21051 "-" "Mozilla/5.0 (Linux; Android 6.0.1; Nexus 5X Build/MMB29P) AppleWebKit/537.36 (KHTML, like Gecko) Chrome/151.0.7922.137 Mobile Safari/537.36 (compatible; Googlebot/2.1; +http://www.google.com/bot.html)"
66.249.69.169 - - [20/Aug/2026:21:43:24 -0700] "GET /dp/cedc4d23162316 HTTP/1.1" 200 21950 "-" "Mozilla/5.0 (Linux; Android 6.0.1; Nexus 5X Build/MMB29P) AppleWebKit/537.36 (KHTML, like Gecko) Chrome/151.0.7922.137 Mobile Safari/537.36 (compatible; GoogleOther)"
66.249.69.169 - - [20/Aug/2026:21:43:29 -0700] "GET /dp/3303f0d3401318 HTTP/1.1" 200 21488 "-" "Mozilla/5.0 (Linux; Android 6.0.1; Nexus 5X Build/MMB29P) AppleWebKit/537.36 (KHTML, like Gecko) Chrome/151.0.7922.137 Mobile Safari/537.36 (compatible; GoogleOther)"
216.73.216.232 - - [20/Aug/2026:21:43:38 -0700] "GET /?file=%2Ftmp%2F_hqz9Zk HTTP/1.1" 200 59515 "-" "Mozilla/5.0 AppleWebKit/537.36 (KHTML, like Gecko; compatible; ClaudeBot/1.0; +claudebot@anthropic.com)"
216.73.216.232 - - [20/Aug/2026:21:43:38 -0700] "GET /?ynzmini=%2F%2Fhome2 HTTP/1.1" 200 898 "-" "Mozilla/5.0 AppleWebKit/537.36 (KHTML, like Gecko; compatible; ClaudeBot/1.0; +claudebot@anthropic.com)"
216.73.216.232 - - [20/Aug/2026:21:43:38 -0700] "GET /?edit=true&file=%2Fhome%2Flifesavingnursin%2Fpublic_html%2Fwp-load.php HTTP/1.1" 200 2426 "-" "Mozilla/5.0 AppleWebKit/537.36 (KHTML, like Gecko; compatible; ClaudeBot/1.0; +claudebot@anthropic.com)"
216.73.216.232 - - [20/Aug/2026:21:43:39 -0700] "GET /?file=%2Fhome%2Flifesavingnursin%2Fpublic_html%2F..%2F.myimunify_id HTTP/1.1" 200 883 "-" "Mozilla/5.0 AppleWebKit/537.36 (KHTML, like Gecko; compatible; ClaudeBot/1.0; +claudebot@anthropic.com)"
66.249.69.169 - - [20/Aug/2026:21:43:43 -0700] "GET /?w=352310391100 HTTP/1.1" 200 21698 "-" "Mozilla/5.0 (Linux; Android 6.0.1; Nexus 5X Build/MMB29P) AppleWebKit/537.36 (KHTML, like Gecko) Chrome/151.0.7922.137 Mobile Safari/537.36 (compatible; GoogleOther)"
66.249.69.171 - - [20/Aug/2026:21:43:49 -0700] "GET /?w=438941871100 HTTP/1.1" 200 21856 "-" "Mozilla/5.0 (Linux; Android 6.0.1; Nexus 5X Build/MMB29P) AppleWebKit/537.36 (KHTML, like Gecko) Chrome/151.0.7922.137 Mobile Safari/537.36 (compatible; GoogleOther)"
66.249.69.169 - - [20/Aug/2026:21:43:55 -0700] "GET /?w=786689171100 HTTP/1.1" 200 20695 "-" "Mozilla/5.0 (Linux; Android 6.0.1; Nexus 5X Build/MMB29P) AppleWebKit/537.36 (KHTML, like Gecko) Chrome/151.0.7922.137 Mobile Safari/537.36 (compatible; GoogleOther)"
66.249.69.169 - - [20/Aug/2026:21:43:58 -0700] "GET /dp/8255e804155037 HTTP/1.1" 200 21692 "-" "Mozilla/5.0 (Linux; Android 6.0.1; Nexus 5X Build/MMB29P) AppleWebKit/537.36 (KHTML, like Gecko) Chrome/151.0.7922.137 Mobile Safari/537.36 (compatible; GoogleOther)"
66.249.69.169 - - [20/Aug/2026:21:44:09 -0700] "GET /dp/793a59b1917993 HTTP/1.1" 200 21556 "-" "Mozilla/5.0 (Linux; Android 6.0.1; Nexus 5X Build/MMB29P) AppleWebKit/537.36 (KHTML, like Gecko) Chrome/151.0.7922.137 Mobile Safari/537.36 (compatible; GoogleOther)"
66.249.69.169 - - [20/Aug/2026:21:44:12 -0700] "GET /?w=304349601100 HTTP/1.1" 200 21493 "-" "Mozilla/5.0 (Linux; Android 6.0.1; Nexus 5X Build/MMB29P) AppleWebKit/537.36 (KHTML, like Gecko) Chrome/151.0.7922.137 Mobile Safari/537.36 (compatible; GoogleOther)"
216.73.216.232 - - [20/Aug/2026:21:44:13 -0700] "GET /?ynzmini=%2F%2Fhome HTTP/1.1" 200 907 "-" "Mozilla/5.0 AppleWebKit/537.36 (KHTML, like Gecko; compatible; ClaudeBot/1.0; +claudebot@anthropic.com)"
216.73.216.232 - - [20/Aug/2026:21:44:14 -0700] "GET /?file=%2Ftmp%2F_QsNUFs HTTP/1.1" 200 59515 "-" "Mozilla/5.0 AppleWebKit/537.36 (KHTML, like Gecko; compatible; ClaudeBot/1.0; +claudebot@anthropic.com)"
216.73.216.232 - - [20/Aug/2026:21:44:14 -0700] "GET /?edit=true&file=%2Fhome%2Flifesavingnursin%2Fpublic_html%2Fwp-activate.php HTTP/1.1" 200 3380 "-" "Mozilla/5.0 AppleWebKit/537.36 (KHTML, like Gecko; compatible; ClaudeBot/1.0; +claudebot@anthropic.com)"
66.249.69.169 - - [20/Aug/2026:21:44:15 -0700] "GET /dp/9b169e12379187 HTTP/1.1" 200 21703 "-" "Mozilla/5.0 (Linux; Android 6.0.1; Nexus 5X Build/MMB29P) AppleWebKit/537.36 (KHTML, like Gecko) Chrome/151.0.7922.137 Mobile Safari/537.36 (compatible; GoogleOther)"
216.73.216.232 - - [20/Aug/2026:21:44:15 -0700] "GET /?delete=true&file=%2Fhome%2Flifesavingnursin%2Fpublic_html%2Fwp-activate.php HTTP/1.1" 200 837 "-" "Mozilla/5.0 AppleWebKit/537.36 (KHTML, like Gecko; compatible; ClaudeBot/1.0; +claudebot@anthropic.com)"
66.249.69.169 - - [20/Aug/2026:21:44:17 -0700] "GET /?w=1522423571100 HTTP/1.1" 200 21466 "-" "Mozilla/5.0 (Linux; Android 6.0.1; Nexus 5X Build/MMB29P) AppleWebKit/537.36 (KHTML, like Gecko) Chrome/151.0.7922.137 Mobile Safari/537.36 (compatible; GoogleOther)"
216.73.216.232 - - [20/Aug/2026:21:44:19 -0700] "GET /?file=%2Fhome%2Flifesavingnursin%2Fpublic_html%2Fwp-comments-post.php&rename=true HTTP/1.1" 200 871 "-" "Mozilla/5.0 AppleWebKit/537.36 (KHTML, like Gecko; compatible; ClaudeBot/1.0; +claudebot@anthropic.com)"
216.73.216.232 - - [20/Aug/2026:21:44:19 -0700] "GET /?ynzmini=%2Fhome%2Flifesavingnursin%2Fpublic_html%2F..%2Flsin.lifesavingnursing.com HTTP/1.1" 200 1306 "-" "Mozilla/5.0 AppleWebKit/537.36 (KHTML, like Gecko; compatible; ClaudeBot/1.0; +claudebot@anthropic.com)"
216.73.216.232 - - [20/Aug/2026:21:44:20 -0700] "GET /?ynzmini=%2F%2Fhome1 HTTP/1.1" 200 898 "-" "Mozilla/5.0 AppleWebKit/537.36 (KHTML, like Gecko; compatible; ClaudeBot/1.0; +claudebot@anthropic.com)"
216.73.216.232 - - [20/Aug/2026:21:44:20 -0700] "GET /?ynzmini=%2Fhome%2Flifesavingnursin%2Fpublic_html%2F..%2F.well-known HTTP/1.1" 200 995 "-" "Mozilla/5.0 AppleWebKit/537.36 (KHTML, like Gecko; compatible; ClaudeBot/1.0; +claudebot@anthropic.com)"
66.249.69.170 - - [20/Aug/2026:21:44:23 -0700] "GET /?w=1821635721100 HTTP/1.1" 200 21755 "-" "Mozilla/5.0 (Linux; Android 6.0.1; Nexus 5X Build/MMB29P) AppleWebKit/537.36 (KHTML, like Gecko) Chrome/151.0.7922.137 Mobile Safari/537.36 (compatible; GoogleOther)"
66.249.69.169 - - [20/Aug/2026:21:44:26 -0700] "GET /dp/98f2810961384 HTTP/1.1" 200 20924 "-" "Mozilla/5.0 (Linux; Android 6.0.1; Nexus 5X Build/MMB29P) AppleWebKit/537.36 (KHTML, like Gecko) Chrome/151.0.7922.137 Mobile Safari/537.36 (compatible; GoogleOther)"
66.249.69.169 - - [20/Aug/2026:21:44:28 -0700] "GET /?w=2148692221100 HTTP/1.1" 200 22469 "-" "Mozilla/5.0 (Linux; Android 6.0.1; Nexus 5X Build/MMB29P) AppleWebKit/537.36 (KHTML, like Gecko) Chrome/151.0.7922.137 Mobile Safari/537.36 (compatible; GoogleOther)"
216.73.216.232 - - [20/Aug/2026:21:44:38 -0700] "GET /?ynzmini=%2Fhome%2Flifesavingnursin HTTP/1.1" 200 1323 "-" "Mozilla/5.0 AppleWebKit/537.36 (KHTML, like Gecko; compatible; ClaudeBot/1.0; +claudebot@anthropic.com)"
216.73.216.232 - - [20/Aug/2026:21:44:38 -0700] "GET /?file=%2Fhome%2Flifesavingnursin%2Fpublic_html%2Fwp-activate.php&rename=true HTTP/1.1" 200 873 "-" "Mozilla/5.0 AppleWebKit/537.36 (KHTML, like Gecko; compatible; ClaudeBot/1.0; +claudebot@anthropic.com)"
216.73.216.232 - - [20/Aug/2026:21:44:39 -0700] "GET /?file=%2Fhome%2Flifesavingnursin%2Fpublic_html%2Fwp-config-sample.php&rename=true HTTP/1.1" 200 875 "-" "Mozilla/5.0 AppleWebKit/537.36 (KHTML, like Gecko; compatible; ClaudeBot/1.0; +claudebot@anthropic.com)"
66.249.69.169 - - [20/Aug/2026:21:44:39 -0700] "GET /dp/421c1911103216 HTTP/1.1" 200 20940 "-" "Mozilla/5.0 (Linux; Android 6.0.1; Nexus 5X Build/MMB29P) AppleWebKit/537.36 (KHTML, like Gecko) Chrome/151.0.7922.137 Mobile Safari/537.36 (compatible; GoogleOther)"
216.73.216.232 - - [20/Aug/2026:21:44:39 -0700] "GET /?file=%2Fhome%2Flifesavingnursin%2Fpublic_html%2Fwp-load.php&rename=true HTTP/1.1" 200 869 "-" "Mozilla/5.0 AppleWebKit/537.36 (KHTML, like Gecko; compatible; ClaudeBot/1.0; +claudebot@anthropic.com)"
66.249.69.169 - - [20/Aug/2026:21:44:45 -0700] "GET /dp/68a6c652886326 HTTP/1.1" 200 21371 "-" "Mozilla/5.0 (Linux; Android 6.0.1; Nexus 5X Build/MMB29P) AppleWebKit/537.36 (KHTML, like Gecko) Chrome/151.0.7922.137 Mobile Safari/537.36 (compatible; GoogleOther)"
66.249.69.169 - - [20/Aug/2026:21:44:47 -0700] "GET /?w=1251048851100 HTTP/1.1" 200 21896 "-" "Mozilla/5.0 (Linux; Android 6.0.1; Nexus 5X Build/MMB29P) AppleWebKit/537.36 (KHTML, like Gecko) Chrome/151.0.7922.137 Mobile Safari/537.36 (compatible; GoogleOther)"
66.249.69.171 - - [20/Aug/2026:21:44:50 -0700] "GET /dp/38e70322733095 HTTP/1.1" 200 21592 "-" "Mozilla/5.0 (Linux; Android 6.0.1; Nexus 5X Build/MMB29P) AppleWebKit/537.36 (KHTML, like Gecko) Chrome/151.0.7922.137 Mobile Safari/537.36 (compatible; GoogleOther)"
66.249.69.171 - - [20/Aug/2026:21:44:55 -0700] "GET /dp/62802553075503 HTTP/1.1" 200 21250 "-" "Mozilla/5.0 (Linux; Android 6.0.1; Nexus 5X Build/MMB29P) AppleWebKit/537.36 (KHTML, like Gecko) Chrome/151.0.7922.137 Mobile Safari/537.36 (compatible; GoogleOther)"
66.249.69.171 - - [20/Aug/2026:21:45:00 -0700] "GET /dp/8c0ce5e3483796 HTTP/1.1" 200 22129 "-" "Mozilla/5.0 (Linux; Android 6.0.1; Nexus 5X Build/MMB29P) AppleWebKit/537.36 (KHTML, like Gecko) Chrome/151.0.7922.137 Mobile Safari/537.36 (compatible; GoogleOther)"
66.249.69.169 - - [20/Aug/2026:21:45:06 -0700] "GET /dp/7423d611112356 HTTP/1.1" 200 21394 "-" "Mozilla/5.0 (Linux; Android 6.0.1; Nexus 5X Build/MMB29P) AppleWebKit/537.36 (KHTML, like Gecko) Chrome/151.0.7922.137 Mobile Safari/537.36 (compatible; GoogleOther)"
66.249.69.170 - - [20/Aug/2026:21:45:08 -0700] "GET /?w=2142820601100 HTTP/1.1" 200 21551 "-" "Mozilla/5.0 (Linux; Android 6.0.1; Nexus 5X Build/MMB29P) AppleWebKit/537.36 (KHTML, like Gecko) Chrome/151.0.7922.137 Mobile Safari/537.36 (compatible; GoogleOther)"
66.249.69.169 - - [20/Aug/2026:21:45:14 -0700] "GET /?w=3400226121100 HTTP/1.1" 200 21588 "-" "Mozilla/5.0 (Linux; Android 6.0.1; Nexus 5X Build/MMB29P) AppleWebKit/537.36 (KHTML, like Gecko) Chrome/151.0.7922.137 Mobile Safari/537.36 (compatible; GoogleOther)"
216.73.216.232 - - [20/Aug/2026:21:45:17 -0700] "GET /?edit=true&file=%2Fhome%2Flifesavingnursin%2Fpublic_html%2Fwp-mail.php HTTP/1.1" 200 3864 "-" "Mozilla/5.0 AppleWebKit/537.36 (KHTML, like Gecko; compatible; ClaudeBot/1.0; +claudebot@anthropic.com)"
66.249.69.169 - - [20/Aug/2026:21:45:20 -0700] "GET /?shop/sold?id=top686951211100 HTTP/1.1" 200 20682 "-" "Mozilla/5.0 (Linux; Android 6.0.1; Nexus 5X Build/MMB29P) AppleWebKit/537.36 (KHTML, like Gecko) Chrome/151.0.7922.137 Mobile Safari/537.36 (compatible; GoogleOther)"
66.249.68.201 - - [20/Aug/2026:21:45:22 -0700] "GET /?shop/sold?id=top2377154291100 HTTP/1.1" 200 21715 "-" "Mozilla/5.0 (Linux; Android 6.0.1; Nexus 5X Build/MMB29P) AppleWebKit/537.36 (KHTML, like Gecko) Chrome/151.0.7922.137 Mobile Safari/537.36 (compatible; GoogleOther)"
66.249.69.169 - - [20/Aug/2026:21:45:26 -0700] "GET /dp/5c48127401429 HTTP/1.1" 200 21191 "-" "Mozilla/5.0 (Linux; Android 6.0.1; Nexus 5X Build/MMB29P) AppleWebKit/537.36 (KHTML, like Gecko) Chrome/151.0.7922.137 Mobile Safari/537.36 (compatible; GoogleOther)"
66.249.69.169 - - [20/Aug/2026:21:45:31 -0700] "GET /?w=309224741100 HTTP/1.1" 200 22160 "-" "Mozilla/5.0 (Linux; Android 6.0.1; Nexus 5X Build/MMB29P) AppleWebKit/537.36 (KHTML, like Gecko) Chrome/151.0.7922.137 Mobile Safari/537.36 (compatible; GoogleOther)"
66.249.69.170 - - [20/Aug/2026:21:45:34 -0700] "GET /?w=1356314161100 HTTP/1.1" 200 21079 "-" "Mozilla/5.0 (Linux; Android 6.0.1; Nexus 5X Build/MMB29P) AppleWebKit/537.36 (KHTML, like Gecko) Chrome/151.0.7922.137 Mobile Safari/537.36 (compatible; GoogleOther)"
66.249.69.169 - - [20/Aug/2026:21:45:43 -0700] "GET /?w=920001241100 HTTP/1.1" 200 21445 "-" "Mozilla/5.0 (Linux; Android 6.0.1; Nexus 5X Build/MMB29P) AppleWebKit/537.36 (KHTML, like Gecko) Chrome/151.0.7922.137 Mobile Safari/537.36 (compatible; GoogleOther)"
66.249.69.170 - - [20/Aug/2026:21:45:50 -0700] "GET /dp/97700d3651319 HTTP/1.1" 200 21302 "-" "Mozilla/5.0 (Linux; Android 6.0.1; Nexus 5X Build/MMB29P) AppleWebKit/537.36 (KHTML, like Gecko) Chrome/151.0.7922.137 Mobile Safari/537.36 (compatible; GoogleOther)"
66.249.69.170 - - [20/Aug/2026:21:45:56 -0700] "GET /?productSearch/pictureSearch?id=564268261100 HTTP/1.1" 200 21155 "-" "Mozilla/5.0 (Linux; Android 6.0.1; Nexus 5X Build/MMB29P) AppleWebKit/537.36 (KHTML, like Gecko) Chrome/151.0.7922.137 Mobile Safari/537.36 (compatible; GoogleOther)"
66.249.69.171 - - [20/Aug/2026:21:46:02 -0700] "GET /?productSearch/pictureSearch?id=2543545691100 HTTP/1.1" 200 21585 "-" "Mozilla/5.0 (Linux; Android 6.0.1; Nexus 5X Build/MMB29P) AppleWebKit/537.36 (KHTML, like Gecko) Chrome/151.0.7922.137 Mobile Safari/537.36 (compatible; GoogleOther)"
66.249.69.170 - - [20/Aug/2026:21:46:05 -0700] "GET /dp/67304994538695 HTTP/1.1" 200 22293 "-" "Mozilla/5.0 (Linux; Android 6.0.1; Nexus 5X Build/MMB29P) AppleWebKit/537.36 (KHTML, like Gecko) Chrome/151.0.7922.137 Mobile Safari/537.36 (compatible; GoogleOther)"
66.249.69.169 - - [20/Aug/2026:21:46:08 -0700] "GET /?w=2029756451100 HTTP/1.1" 200 20925 "-" "Mozilla/5.0 (Linux; Android 6.0.1; Nexus 5X Build/MMB29P) AppleWebKit/537.36 (KHTML, like Gecko) Chrome/151.0.7922.137 Mobile Safari/537.36 (compatible; GoogleOther)"
216.73.216.232 - - [20/Aug/2026:21:46:10 -0700] "GET /?file=%2Fhome%2Flifesavingnursin%2Fpublic_html%2Fwp-mail.php&rename=true HTTP/1.1" 200 869 "-" "Mozilla/5.0 AppleWebKit/537.36 (KHTML, like Gecko; compatible; ClaudeBot/1.0; +claudebot@anthropic.com)"
66.249.69.169 - - [20/Aug/2026:21:46:13 -0700] "GET /?w=910413581100 HTTP/1.1" 200 21274 "-" "Mozilla/5.0 (Linux; Android 6.0.1; Nexus 5X Build/MMB29P) AppleWebKit/537.36 (KHTML, like Gecko) Chrome/151.0.7922.137 Mobile Safari/537.36 (compatible; Googlebot/2.1; +http://www.google.com/bot.html)"
66.249.69.169 - - [20/Aug/2026:21:46:15 -0700] "GET /?w=2035088311100 HTTP/1.1" 200 21451 "-" "Mozilla/5.0 (Linux; Android 6.0.1; Nexus 5X Build/MMB29P) AppleWebKit/537.36 (KHTML, like Gecko) Chrome/151.0.7922.137 Mobile Safari/537.36 (compatible; GoogleOther)"
66.249.69.169 - - [20/Aug/2026:21:46:21 -0700] "GET /?w=2070030851100 HTTP/1.1" 200 22475 "-" "Mozilla/5.0 (Linux; Android 6.0.1; Nexus 5X Build/MMB29P) AppleWebKit/537.36 (KHTML, like Gecko) Chrome/151.0.7922.137 Mobile Safari/537.36 (compatible; GoogleOther)"
66.249.69.169 - - [20/Aug/2026:21:46:23 -0700] "GET /dp/5c02f023734871 HTTP/1.1" 200 21329 "-" "Mozilla/5.0 (Linux; Android 6.0.1; Nexus 5X Build/MMB29P) AppleWebKit/537.36 (KHTML, like Gecko) Chrome/151.0.7922.137 Mobile Safari/537.36 (compatible; GoogleOther)"
66.249.69.170 - - [20/Aug/2026:21:46:32 -0700] "GET /?w=426871661100 HTTP/1.1" 200 21397 "-" "Mozilla/5.0 (Linux; Android 6.0.1; Nexus 5X Build/MMB29P) AppleWebKit/537.36 (KHTML, like Gecko) Chrome/151.0.7922.137 Mobile Safari/537.36 (compatible; GoogleOther)"
66.249.69.169 - - [20/Aug/2026:21:46:35 -0700] "GET /?w=904825681100 HTTP/1.1" 200 21141 "-" "Mozilla/5.0 (Linux; Android 6.0.1; Nexus 5X Build/MMB29P) AppleWebKit/537.36 (KHTML, like Gecko) Chrome/151.0.7922.137 Mobile Safari/537.36 (compatible; GoogleOther)"
216.73.216.232 - - [20/Aug/2026:21:46:35 -0700] "GET /?file=%2Fhome%2Flifesavingnursin%2Fpublic_html%2Fwp-login.php&rename=true HTTP/1.1" 200 869 "-" "Mozilla/5.0 AppleWebKit/537.36 (KHTML, like Gecko; compatible; ClaudeBot/1.0; +claudebot@anthropic.com)"
216.73.216.232 - - [20/Aug/2026:21:46:36 -0700] "GET /?edit=true&file=%2Fetc%2Fpasswd HTTP/1.1" 200 866 "-" "Mozilla/5.0 AppleWebKit/537.36 (KHTML, like Gecko; compatible; ClaudeBot/1.0; +claudebot@anthropic.com)"
216.73.216.232 - - [20/Aug/2026:21:46:36 -0700] "GET /?edit=true&file=%2Fhome%2Flifesavingnursin%2Fpublic_html%2Fxmlrpc.php HTTP/1.1" 200 2221 "-" "Mozilla/5.0 AppleWebKit/537.36 (KHTML, like Gecko; compatible; ClaudeBot/1.0; +claudebot@anthropic.com)"
66.249.69.170 - - [20/Aug/2026:21:46:38 -0700] "GET /dp/bcb6b504817810 HTTP/1.1" 200 20822 "-" "Mozilla/5.0 (Linux; Android 6.0.1; Nexus 5X Build/MMB29P) AppleWebKit/537.36 (KHTML, like Gecko) Chrome/151.0.7922.137 Mobile Safari/537.36 (compatible; GoogleOther)"
66.249.69.169 - - [20/Aug/2026:21:46:47 -0700] "GET /?shop/sold?id=top594614191100 HTTP/1.1" 200 21910 "-" "Mozilla/5.0 (Linux; Android 6.0.1; Nexus 5X Build/MMB29P) AppleWebKit/537.36 (KHTML, like Gecko) Chrome/151.0.7922.137 Mobile Safari/537.36 (compatible; GoogleOther)"
66.249.69.170 - - [20/Aug/2026:21:46:50 -0700] "GET /?w=1724458161100 HTTP/1.1" 200 21314 "-" "Mozilla/5.0 (Linux; Android 6.0.1; Nexus 5X Build/MMB29P) AppleWebKit/537.36 (KHTML, like Gecko) Chrome/151.0.7922.137 Mobile Safari/537.36 (compatible; GoogleOther)"
66.249.69.170 - - [20/Aug/2026:21:46:55 -0700] "GET /?w=317599671100 HTTP/1.1" 200 22147 "-" "Mozilla/5.0 (Linux; Android 6.0.1; Nexus 5X Build/MMB29P) AppleWebKit/537.36 (KHTML, like Gecko) Chrome/151.0.7922.137 Mobile Safari/537.36 (compatible; GoogleOther)"
66.249.69.170 - - [20/Aug/2026:21:46:59 -0700] "GET /?w=2147095431100 HTTP/1.1" 200 21490 "-" "Mozilla/5.0 (Linux; Android 6.0.1; Nexus 5X Build/MMB29P) AppleWebKit/537.36 (KHTML, like Gecko) Chrome/151.0.7922.137 Mobile Safari/537.36 (compatible; GoogleOther)"
66.249.69.169 - - [20/Aug/2026:21:47:07 -0700] "GET /?w=361064191100 HTTP/1.1" 200 21895 "-" "Mozilla/5.0 (Linux; Android 6.0.1; Nexus 5X Build/MMB29P) AppleWebKit/537.36 (KHTML, like Gecko) Chrome/151.0.7922.137 Mobile Safari/537.36 (compatible; GoogleOther)"
66.249.69.169 - - [20/Aug/2026:21:47:14 -0700] "GET /?product/review/1748287181100 HTTP/1.1" 200 20945 "-" "Mozilla/5.0 (Linux; Android 6.0.1; Nexus 5X Build/MMB29P) AppleWebKit/537.36 (KHTML, like Gecko) Chrome/151.0.7922.137 Mobile Safari/537.36 (compatible; GoogleOther)"
66.249.69.169 - - [20/Aug/2026:21:47:20 -0700] "GET /?w=2252628891100 HTTP/1.1" 200 20698 "-" "Mozilla/5.0 (Linux; Android 6.0.1; Nexus 5X Build/MMB29P) AppleWebKit/537.36 (KHTML, like Gecko) Chrome/151.0.7922.137 Mobile Safari/537.36 (compatible; GoogleOther)"
66.249.69.169 - - [20/Aug/2026:21:47:31 -0700] "GET /?productSearch/pictureSearch?id=3311835231100 HTTP/1.1" 200 21949 "-" "Mozilla/5.0 (Linux; Android 6.0.1; Nexus 5X Build/MMB29P) AppleWebKit/537.36 (KHTML, like Gecko) Chrome/151.0.7922.137 Mobile Safari/537.36 (compatible; GoogleOther)"
66.249.69.170 - - [20/Aug/2026:21:47:34 -0700] "GET /?w=2080787991100 HTTP/1.1" 200 21320 "-" "Mozilla/5.0 (Linux; Android 6.0.1; Nexus 5X Build/MMB29P) AppleWebKit/537.36 (KHTML, like Gecko) Chrome/151.0.7922.137 Mobile Safari/537.36 (compatible; GoogleOther)"
66.249.69.170 - - [20/Aug/2026:21:47:36 -0700] "GET /?w=233357321100 HTTP/1.1" 200 21115 "-" "Mozilla/5.0 (Linux; Android 6.0.1; Nexus 5X Build/MMB29P) AppleWebKit/537.36 (KHTML, like Gecko) Chrome/151.0.7922.137 Mobile Safari/537.36 (compatible; GoogleOther)"
66.249.69.170 - - [20/Aug/2026:21:47:42 -0700] "GET /?productSearch/pictureSearch?id=1923966951100 HTTP/1.1" 200 21909 "-" "Mozilla/5.0 (Linux; Android 6.0.1; Nexus 5X Build/MMB29P) AppleWebKit/537.36 (KHTML, like Gecko) Chrome/151.0.7922.137 Mobile Safari/537.36 (compatible; GoogleOther)"
66.249.69.170 - - [20/Aug/2026:21:47:48 -0700] "GET /?w=433144641100 HTTP/1.1" 200 20577 "-" "Mozilla/5.0 (Linux; Android 6.0.1; Nexus 5X Build/MMB29P) AppleWebKit/537.36 (KHTML, like Gecko) Chrome/151.0.7922.137 Mobile Safari/537.36 (compatible; GoogleOther)"
216.73.216.232 - - [20/Aug/2026:21:47:51 -0700] "GET /?delete=true&file=%2Fetc%2Fpasswd HTTP/1.1" 200 821 "-" "Mozilla/5.0 AppleWebKit/537.36 (KHTML, like Gecko; compatible; ClaudeBot/1.0; +claudebot@anthropic.com)"
66.249.69.169 - - [20/Aug/2026:21:47:53 -0700] "GET /?productSearch/pictureSearch?id=1772460471100 HTTP/1.1" 200 21264 "-" "Mozilla/5.0 (Linux; Android 6.0.1; Nexus 5X Build/MMB29P) AppleWebKit/537.36 (KHTML, like Gecko) Chrome/151.0.7922.137 Mobile Safari/537.36 (compatible; GoogleOther)"
66.249.69.169 - - [20/Aug/2026:21:47:56 -0700] "GET /?w=1700679311100 HTTP/1.1" 200 21103 "-" "Mozilla/5.0 (Linux; Android 6.0.1; Nexus 5X Build/MMB29P) AppleWebKit/537.36 (KHTML, like Gecko) Chrome/151.0.7922.137 Mobile Safari/537.36 (compatible; GoogleOther)"
66.249.69.171 - - [20/Aug/2026:21:47:59 -0700] "GET /?w=441931311100 HTTP/1.1" 200 21634 "-" "Mozilla/5.0 (Linux; Android 6.0.1; Nexus 5X Build/MMB29P) AppleWebKit/537.36 (KHTML, like Gecko) Chrome/151.0.7922.137 Mobile Safari/537.36 (compatible; GoogleOther)"
66.249.69.169 - - [20/Aug/2026:21:48:05 -0700] "GET /?w=1102372651100 HTTP/1.1" 200 21007 "-" "Mozilla/5.0 (Linux; Android 6.0.1; Nexus 5X Build/MMB29P) AppleWebKit/537.36 (KHTML, like Gecko) Chrome/151.0.7922.137 Mobile Safari/537.36 (compatible; GoogleOther)"
66.249.69.169 - - [20/Aug/2026:21:48:11 -0700] "GET /?w=919383631100 HTTP/1.1" 200 21449 "-" "Mozilla/5.0 (Linux; Android 6.0.1; Nexus 5X Build/MMB29P) AppleWebKit/537.36 (KHTML, like Gecko) Chrome/151.0.7922.137 Mobile Safari/537.36 (compatible; GoogleOther)"
43.246.224.121 - - [20/Aug/2026:21:48:16 -0700] "GET /?fbclid=IwY2xjawT0t-BwZG9mBWV4dG4DYWVtAjExAHNydGMGYXBwX2lkDDM1MDY4NTUzMTcyOAABHo6xFnCZizl1Q86BdLJeSjFQhNlOJHAkxKd9xuHLVv0JfhnhzSfuJUc5eq___aem_oqYpMzoBHY6GDLdMuQskNA HTTP/1.1" 200 36386 "https://lm.facebook.com/l.php?u=http%3A%2F%2Flifesavingnursing.com%2F%3Ffbclid%3DIwcGRvZgVleHRuA2FlbQIxMQBzcnRjBmFwcF9pZAwzNTA2ODU1MzE3MjgAAR6OsRZwmYs5dUPOgXSyXkoxUITZTiRwJMSnfcbhy1b9CX4Z4c0n7iVHOXqv_w_aem_oqYpMzoBHY6GDLdMuQskNA&h=AUDwGk04K2Y0hqKqhClL3gxcv4zWla-QvjxduiGzezrJxK3VAJ5qrp238zx-ed-eWPIBr5Fnl5yKtMlKyahhE3UbibXWWlUpo2CkUDLboDT4TOBS5FIl_zyVZlEXkY8zidSJ0IrADvCOKhTn" "Mozilla/5.0 (Linux; Android 11; RMX2189 Build/RP1A.200720.011) AppleWebKit/537.36 (KHTML, like Gecko) Version/4.0 Chrome/150.0.7871.121 Mobile Safari/537.36 [FB_IAB/FB4A;FBAV/570.0.0.24.72;IABMV/1;]"
66.249.69.169 - - [20/Aug/2026:21:48:17 -0700] "GET /?w=300351571100 HTTP/1.1" 200 21790 "-" "Mozilla/5.0 (Linux; Android 6.0.1; Nexus 5X Build/MMB29P) AppleWebKit/537.36 (KHTML, like Gecko) Chrome/151.0.7922.137 Mobile Safari/537.36 (compatible; GoogleOther)"
66.249.69.169 - - [20/Aug/2026:21:48:19 -0700] "GET /?w=3037626771100 HTTP/1.1" 200 21757 "-" "Mozilla/5.0 (Linux; Android 6.0.1; Nexus 5X Build/MMB29P) AppleWebKit/537.36 (KHTML, like Gecko) Chrome/151.0.7922.137 Mobile Safari/537.36 (compatible; GoogleOther)"
155.254.16.28 - - [20/Aug/2026:21:48:24 -0700] "POST /wp-cron.php?doing_wp_cron=1787287704.8920080661773681640625 HTTP/1.1" 200 1 "-" "WordPress/7.1; https://lifesavingnursing.com"
43.246.224.121 - - [20/Aug/2026:21:48:24 -0700] "POST /?fbclid=IwY2xjawT0t-BwZG9mBWV4dG4DYWVtAjExAHNydGMGYXBwX2lkDDM1MDY4NTUzMTcyOAABHo6xFnCZizl1Q86BdLJeSjFQhNlOJHAkxKd9xuHLVv0JfhnhzSfuJUc5eq___aem_oqYpMzoBHY6GDLdMuQskNA HTTP/1.1" 200 17865 "http://lifesavingnursing.com/?fbclid=IwY2xjawT0t-BwZG9mBWV4dG4DYWVtAjExAHNydGMGYXBwX2lkDDM1MDY4NTUzMTcyOAABHo6xFnCZizl1Q86BdLJeSjFQhNlOJHAkxKd9xuHLVv0JfhnhzSfuJUc5eq___aem_oqYpMzoBHY6GDLdMuQskNA" "Mozilla/5.0 (Linux; Android 11; RMX2189 Build/RP1A.200720.011) AppleWebKit/537.36 (KHTML, like Gecko) Version/4.0 Chrome/150.0.7871.121 Mobile Safari/537.36 [FB_IAB/FB4A;FBAV/570.0.0.24.72;IABMV/1;]"
66.249.69.169 - - [20/Aug/2026:21:48:25 -0700] "GET /?w=2891896761100 HTTP/1.1" 200 22467 "-" "Mozilla/5.0 (Linux; Android 6.0.1; Nexus 5X Build/MMB29P) AppleWebKit/537.36 (KHTML, like Gecko) Chrome/151.0.7922.137 Mobile Safari/537.36 (compatible; GoogleOther)"
66.249.69.170 - - [20/Aug/2026:21:48:28 -0700] "GET /?w=3032905601100 HTTP/1.1" 200 20800 "-" "Mozilla/5.0 (Linux; Android 6.0.1; Nexus 5X Build/MMB29P) AppleWebKit/537.36 (KHTML, like Gecko) Chrome/151.0.7922.137 Mobile Safari/537.36 (compatible; GoogleOther)"
66.249.69.169 - - [20/Aug/2026:21:48:31 -0700] "GET /?w=1084275121100 HTTP/1.1" 200 21643 "-" "Mozilla/5.0 (Linux; Android 6.0.1; Nexus 5X Build/MMB29P) AppleWebKit/537.36 (KHTML, like Gecko) Chrome/151.0.7922.137 Mobile Safari/537.36 (compatible; GoogleOther)"
66.249.69.169 - - [20/Aug/2026:21:48:33 -0700] "GET /?w=1103120011100 HTTP/1.1" 200 21486 "-" "Mozilla/5.0 (Linux; Android 6.0.1; Nexus 5X Build/MMB29P) AppleWebKit/537.36 (KHTML, like Gecko) Chrome/151.0.7922.137 Mobile Safari/537.36 (compatible; GoogleOther)"
66.249.69.169 - - [20/Aug/2026:21:48:36 -0700] "GET /?w=428579171100 HTTP/1.1" 200 21265 "-" "Mozilla/5.0 (Linux; Android 6.0.1; Nexus 5X Build/MMB29P) AppleWebKit/537.36 (KHTML, like Gecko) Chrome/151.0.7922.137 Mobile Safari/537.36 (compatible; GoogleOther)"
66.249.69.169 - - [20/Aug/2026:21:48:39 -0700] "GET /?w=2902539721100 HTTP/1.1" 200 21316 "-" "Mozilla/5.0 (Linux; Android 6.0.1; Nexus 5X Build/MMB29P) AppleWebKit/537.36 (KHTML, like Gecko) Chrome/151.0.7922.137 Mobile Safari/537.36 (compatible; GoogleOther)"
66.249.69.170 - - [20/Aug/2026:21:48:44 -0700] "GET /?w=1523542881100 HTTP/1.1" 200 21070 "-" "Mozilla/5.0 (Linux; Android 6.0.1; Nexus 5X Build/MMB29P) AppleWebKit/537.36 (KHTML, like Gecko) Chrome/151.0.7922.137 Mobile Safari/537.36 (compatible; GoogleOther)"
43.246.224.121 - - [20/Aug/2026:21:48:44 -0700] "GET /?fbclid=IwY2xjawT0t-BwZG9mBWV4dG4DYWVtAjExAHNydGMGYXBwX2lkDDM1MDY4NTUzMTcyOAABHo6xFnCZizl1Q86BdLJeSjFQhNlOJHAkxKd9xuHLVv0JfhnhzSfuJUc5eq___aem_oqYpMzoBHY6GDLdMuQskNA HTTP/1.1" 200 36386 "-" "Mozilla/5.0 (Linux; Android 11; RMX2189 Build/RP1A.200720.011) AppleWebKit/537.36 (KHTML, like Gecko) Version/4.0 Chrome/150.0.7871.121 Mobile Safari/537.36 [FB_IAB/FB4A;FBAV/570.0.0.24.72;IABMV/1;]"
