66.249.69.164 - - [20/Aug/2026:22:22:14 -0700] "GET /?product/review/1999476261100 HTTP/1.1" 200 21412 "-" "Mozilla/5.0 (Linux; Android 6.0.1; Nexus 5X Build/MMB29P) AppleWebKit/537.36 (KHTML, like Gecko) Chrome/151.0.7922.137 Mobile Safari/537.36 (compatible; Googlebot/2.1; +http://www.google.com/bot.html)"
66.249.69.164 - - [20/Aug/2026:22:22:16 -0700] "GET /dp/8a5ff274999026 HTTP/1.1" 200 20558 "-" "Mozilla/5.0 (Linux; Android 6.0.1; Nexus 5X Build/MMB29P) AppleWebKit/537.36 (KHTML, like Gecko) Chrome/151.0.7922.137 Mobile Safari/537.36 (compatible; GoogleOther)"
66.249.69.164 - - [20/Aug/2026:22:22:19 -0700] "GET /dp/80371924583306 HTTP/1.1" 200 22132 "-" "Mozilla/5.0 (Linux; Android 6.0.1; Nexus 5X Build/MMB29P) AppleWebKit/537.36 (KHTML, like Gecko) Chrome/151.0.7922.137 Mobile Safari/537.36 (compatible; GoogleOther)"
66.249.69.164 - - [20/Aug/2026:22:22:24 -0700] "GET /?productSearch/pictureSearch?id=1543384251100 HTTP/1.1" 200 21802 "-" "Mozilla/5.0 (Linux; Android 6.0.1; Nexus 5X Build/MMB29P) AppleWebKit/537.36 (KHTML, like Gecko) Chrome/151.0.7922.137 Mobile Safari/537.36 (compatible; Googlebot/2.1; +http://www.google.com/bot.html)"
66.249.69.164 - - [20/Aug/2026:22:22:25 -0700] "GET /?product/category/view_more/1058572511100 HTTP/1.1" 200 22647 "-" "Mozilla/5.0 (Linux; Android 6.0.1; Nexus 5X Build/MMB29P) AppleWebKit/537.36 (KHTML, like Gecko) Chrome/151.0.7922.137 Mobile Safari/537.36 (compatible; Googlebot/2.1; +http://www.google.com/bot.html)"
66.249.69.164 - - [20/Aug/2026:22:22:26 -0700] "GET /dp/7643c424594083 HTTP/1.1" 200 21476 "-" "Mozilla/5.0 (Linux; Android 6.0.1; Nexus 5X Build/MMB29P) AppleWebKit/537.36 (KHTML, like Gecko) Chrome/151.0.7922.137 Mobile Safari/537.36 (compatible; GoogleOther)"
207.46.13.156 - - [20/Aug/2026:22:22:27 -0700] "GET /?cookie-and-similar-technologies-policy HTTP/2.0" 200 20915 "-" "Mozilla/5.0 AppleWebKit/537.36 (KHTML, like Gecko; compatible; bingbot/2.0; +http://www.bing.com/bingbot.htm) Chrome/116.0.1938.76 Safari/537.36"
207.46.13.156 - - [20/Aug/2026:22:22:28 -0700] "GET /?product/category/view_more/3328382681100 HTTP/2.0" 200 22687 "-" "Mozilla/5.0 AppleWebKit/537.36 (KHTML, like Gecko; compatible; bingbot/2.0; +http://www.bing.com/bingbot.htm) Chrome/116.0.1938.76 Safari/537.36"
66.249.69.165 - - [20/Aug/2026:22:22:29 -0700] "GET /dp/f074d481825781 HTTP/1.1" 200 21610 "-" "Mozilla/5.0 (Linux; Android 6.0.1; Nexus 5X Build/MMB29P) AppleWebKit/537.36 (KHTML, like Gecko) Chrome/151.0.7922.137 Mobile Safari/537.36 (compatible; GoogleOther)"
66.249.69.165 - - [20/Aug/2026:22:22:32 -0700] "GET /dp/784d6444945788 HTTP/1.1" 200 21966 "-" "Mozilla/5.0 (Linux; Android 6.0.1; Nexus 5X Build/MMB29P) AppleWebKit/537.36 (KHTML, like Gecko) Chrome/151.0.7922.137 Mobile Safari/537.36 (compatible; GoogleOther)"
66.249.69.165 - - [20/Aug/2026:22:22:35 -0700] "GET /dp/b29619d938586 HTTP/1.1" 200 20750 "-" "Mozilla/5.0 (Linux; Android 6.0.1; Nexus 5X Build/MMB29P) AppleWebKit/537.36 (KHTML, like Gecko) Chrome/151.0.7922.137 Mobile Safari/537.36 (compatible; GoogleOther)"
66.249.69.164 - - [20/Aug/2026:22:22:36 -0700] "GET /?productSearch/pictureSearch?id=3322869171100 HTTP/1.1" 200 21103 "-" "Mozilla/5.0 (Linux; Android 6.0.1; Nexus 5X Build/MMB29P) AppleWebKit/537.36 (KHTML, like Gecko) Chrome/151.0.7922.137 Mobile Safari/537.36 (compatible; Googlebot/2.1; +http://www.google.com/bot.html)"
66.249.69.165 - - [20/Aug/2026:22:22:38 -0700] "GET /dp/d5335642811314 HTTP/1.1" 200 21560 "-" "Mozilla/5.0 (Linux; Android 6.0.1; Nexus 5X Build/MMB29P) AppleWebKit/537.36 (KHTML, like Gecko) Chrome/151.0.7922.137 Mobile Safari/537.36 (compatible; GoogleOther)"
66.249.69.165 - - [20/Aug/2026:22:22:41 -0700] "GET /dp/60206c44510503 HTTP/1.1" 200 21069 "-" "Mozilla/5.0 (Linux; Android 6.0.1; Nexus 5X Build/MMB29P) AppleWebKit/537.36 (KHTML, like Gecko) Chrome/151.0.7922.137 Mobile Safari/537.36 (compatible; GoogleOther)"
52.167.144.176 - - [20/Aug/2026:22:22:43 -0700] "GET /?nihao-choice HTTP/2.0" 200 21395 "-" "Mozilla/5.0 AppleWebKit/537.36 (KHTML, like Gecko; compatible; bingbot/2.0; +http://www.bing.com/bingbot.htm) Chrome/116.0.1938.76 Safari/537.36"
66.249.69.164 - - [20/Aug/2026:22:22:44 -0700] "GET /?w=3453951271100 HTTP/1.1" 200 21040 "-" "Mozilla/5.0 (Linux; Android 6.0.1; Nexus 5X Build/MMB29P) AppleWebKit/537.36 (KHTML, like Gecko) Chrome/151.0.7922.137 Mobile Safari/537.36 (compatible; Googlebot/2.1; +http://www.google.com/bot.html)"
66.249.69.165 - - [20/Aug/2026:22:22:44 -0700] "GET /dp/2120b7d5038282 HTTP/1.1" 200 21701 "-" "Mozilla/5.0 (Linux; Android 6.0.1; Nexus 5X Build/MMB29P) AppleWebKit/537.36 (KHTML, like Gecko) Chrome/151.0.7922.137 Mobile Safari/537.36 (compatible; GoogleOther)"
66.249.69.164 - - [20/Aug/2026:22:22:47 -0700] "GET /dp/20964cf3029634 HTTP/1.1" 200 21625 "-" "Mozilla/5.0 (Linux; Android 6.0.1; Nexus 5X Build/MMB29P) AppleWebKit/537.36 (KHTML, like Gecko) Chrome/151.0.7922.137 Mobile Safari/537.36 (compatible; GoogleOther)"
66.249.69.165 - - [20/Aug/2026:22:22:47 -0700] "GET /?w=1093835101100 HTTP/1.1" 200 22207 "-" "Mozilla/5.0 (Linux; Android 6.0.1; Nexus 5X Build/MMB29P) AppleWebKit/537.36 (KHTML, like Gecko) Chrome/151.0.7922.137 Mobile Safari/537.36 (compatible; Googlebot/2.1; +http://www.google.com/bot.html)"
45.173.166.208 - - [20/Aug/2026:22:22:49 -0700] "GET /?w=219342591100 HTTP/1.1" 200 6456 "https://lifesavingnursing.com/wp-sitemap-taxonomies-services-category-1.xml" "Mozilla/5.0 (iPhone; CPU iPhone OS 17_5 like Mac OS X) AppleWebKit/605.1.15 (KHTML, like Gecko) Version/17.5 Mobile/15E148 Safari/604.1"
66.249.69.165 - - [20/Aug/2026:22:22:50 -0700] "GET /dp/9043ff23403965 HTTP/1.1" 200 21740 "-" "Mozilla/5.0 (Linux; Android 6.0.1; Nexus 5X Build/MMB29P) AppleWebKit/537.36 (KHTML, like Gecko) Chrome/151.0.7922.137 Mobile Safari/537.36 (compatible; GoogleOther)"
66.249.69.165 - - [20/Aug/2026:22:22:52 -0700] "GET /dp/924f8c13837028 HTTP/1.1" 200 21681 "-" "Mozilla/5.0 (Linux; Android 6.0.1; Nexus 5X Build/MMB29P) AppleWebKit/537.36 (KHTML, like Gecko) Chrome/151.0.7922.137 Mobile Safari/537.36 (compatible; GoogleOther)"
66.249.69.165 - - [20/Aug/2026:22:22:55 -0700] "GET /dp/003730f2521506 HTTP/1.1" 200 20953 "-" "Mozilla/5.0 (Linux; Android 6.0.1; Nexus 5X Build/MMB29P) AppleWebKit/537.36 (KHTML, like Gecko) Chrome/151.0.7922.137 Mobile Safari/537.36 (compatible; GoogleOther)"
66.249.69.165 - - [20/Aug/2026:22:22:58 -0700] "GET /dp/41375843600467 HTTP/1.1" 200 21367 "-" "Mozilla/5.0 (Linux; Android 6.0.1; Nexus 5X Build/MMB29P) AppleWebKit/537.36 (KHTML, like Gecko) Chrome/151.0.7922.137 Mobile Safari/537.36 (compatible; GoogleOther)"
66.249.69.164 - - [20/Aug/2026:22:23:00 -0700] "GET /dp/3c393d04068068 HTTP/1.1" 200 21550 "-" "Mozilla/5.0 (Linux; Android 6.0.1; Nexus 5X Build/MMB29P) AppleWebKit/537.36 (KHTML, like Gecko) Chrome/151.0.7922.137 Mobile Safari/537.36 (compatible; GoogleOther)"
66.249.69.165 - - [20/Aug/2026:22:23:03 -0700] "GET /dp/69322c83184131 HTTP/1.1" 200 21088 "-" "Mozilla/5.0 (Linux; Android 6.0.1; Nexus 5X Build/MMB29P) AppleWebKit/537.36 (KHTML, like Gecko) Chrome/151.0.7922.137 Mobile Safari/537.36 (compatible; GoogleOther)"
66.249.69.164 - - [20/Aug/2026:22:23:06 -0700] "GET /dp/a49c75d4339817 HTTP/1.1" 200 20788 "-" "Mozilla/5.0 (Linux; Android 6.0.1; Nexus 5X Build/MMB29P) AppleWebKit/537.36 (KHTML, like Gecko) Chrome/151.0.7922.137 Mobile Safari/537.36 (compatible; GoogleOther)"
66.249.69.164 - - [20/Aug/2026:22:23:08 -0700] "GET /dp/82326194692738 HTTP/1.1" 200 21476 "-" "Mozilla/5.0 (Linux; Android 6.0.1; Nexus 5X Build/MMB29P) AppleWebKit/537.36 (KHTML, like Gecko) Chrome/151.0.7922.137 Mobile Safari/537.36 (compatible; GoogleOther)"
66.249.69.164 - - [20/Aug/2026:22:23:11 -0700] "GET /?w=1094110171100 HTTP/1.1" 200 21075 "-" "Mozilla/5.0 (Linux; Android 6.0.1; Nexus 5X Build/MMB29P) AppleWebKit/537.36 (KHTML, like Gecko) Chrome/151.0.7922.137 Mobile Safari/537.36 (compatible; Googlebot/2.1; +http://www.google.com/bot.html)"
66.249.69.164 - - [20/Aug/2026:22:23:11 -0700] "GET /dp/b298620501569 HTTP/1.1" 200 21356 "-" "Mozilla/5.0 (Linux; Android 6.0.1; Nexus 5X Build/MMB29P) AppleWebKit/537.36 (KHTML, like Gecko) Chrome/151.0.7922.137 Mobile Safari/537.36 (compatible; GoogleOther)"
66.249.69.164 - - [20/Aug/2026:22:23:14 -0700] "GET /dp/c88992a4436235 HTTP/1.1" 200 20658 "-" "Mozilla/5.0 (Linux; Android 6.0.1; Nexus 5X Build/MMB29P) AppleWebKit/537.36 (KHTML, like Gecko) Chrome/151.0.7922.137 Mobile Safari/537.36 (compatible; GoogleOther)"
40.77.167.121 - - [20/Aug/2026:22:23:16 -0700] "GET /?price HTTP/2.0" 200 20947 "-" "Mozilla/5.0 AppleWebKit/537.36 (KHTML, like Gecko; compatible; bingbot/2.0; +http://www.bing.com/bingbot.htm) Chrome/116.0.1938.76 Safari/537.36"
66.249.69.164 - - [20/Aug/2026:22:23:16 -0700] "GET /dp/40c96613522385 HTTP/1.1" 200 20605 "-" "Mozilla/5.0 (Linux; Android 6.0.1; Nexus 5X Build/MMB29P) AppleWebKit/537.36 (KHTML, like Gecko) Chrome/151.0.7922.137 Mobile Safari/537.36 (compatible; GoogleOther)"
40.77.167.121 - - [20/Aug/2026:22:23:17 -0700] "GET /?w=165923651100 HTTP/2.0" 200 22320 "-" "Mozilla/5.0 AppleWebKit/537.36 (KHTML, like Gecko; compatible; bingbot/2.0; +http://www.bing.com/bingbot.htm) Chrome/116.0.1938.76 Safari/537.36"
66.249.69.164 - - [20/Aug/2026:22:23:17 -0700] "GET /?w=3461436981100 HTTP/1.1" 200 20739 "-" "Mozilla/5.0 (Linux; Android 6.0.1; Nexus 5X Build/MMB29P) AppleWebKit/537.36 (KHTML, like Gecko) Chrome/151.0.7922.137 Mobile Safari/537.36 (compatible; Googlebot/2.1; +http://www.google.com/bot.html)"
66.249.69.164 - - [20/Aug/2026:22:23:19 -0700] "GET /dp/56853891333538 HTTP/1.1" 200 21608 "-" "Mozilla/5.0 (Linux; Android 6.0.1; Nexus 5X Build/MMB29P) AppleWebKit/537.36 (KHTML, like Gecko) Chrome/151.0.7922.137 Mobile Safari/537.36 (compatible; GoogleOther)"
207.46.13.156 - - [20/Aug/2026:22:23:20 -0700] "GET /?fine-jewelry HTTP/2.0" 200 21262 "-" "Mozilla/5.0 AppleWebKit/537.36 (KHTML, like Gecko; compatible; bingbot/2.0; +http://www.bing.com/bingbot.htm) Chrome/116.0.1938.76 Safari/537.36"
207.46.13.156 - - [20/Aug/2026:22:23:21 -0700] "GET /?w=2028777271100 HTTP/2.0" 200 20951 "-" "Mozilla/5.0 AppleWebKit/537.36 (KHTML, like Gecko; compatible; bingbot/2.0; +http://www.bing.com/bingbot.htm) Chrome/116.0.1938.76 Safari/537.36"
66.249.69.164 - - [20/Aug/2026:22:23:21 -0700] "GET /dp/c08f6334245471 HTTP/1.1" 200 21622 "-" "Mozilla/5.0 (Linux; Android 6.0.1; Nexus 5X Build/MMB29P) AppleWebKit/537.36 (KHTML, like Gecko) Chrome/151.0.7922.137 Mobile Safari/537.36 (compatible; GoogleOther)"
66.249.69.165 - - [20/Aug/2026:22:23:24 -0700] "GET /dp/208ae903704812 HTTP/1.1" 200 21894 "-" "Mozilla/5.0 (Linux; Android 6.0.1; Nexus 5X Build/MMB29P) AppleWebKit/537.36 (KHTML, like Gecko) Chrome/151.0.7922.137 Mobile Safari/537.36 (compatible; GoogleOther)"
66.249.69.165 - - [20/Aug/2026:22:23:26 -0700] "GET /dp/f9c83764314651 HTTP/1.1" 200 21140 "-" "Mozilla/5.0 (Linux; Android 6.0.1; Nexus 5X Build/MMB29P) AppleWebKit/537.36 (KHTML, like Gecko) Chrome/151.0.7922.137 Mobile Safari/537.36 (compatible; GoogleOther)"
66.249.69.165 - - [20/Aug/2026:22:23:28 -0700] "GET /?product/category/view_more/3327470971100 HTTP/1.1" 200 21020 "-" "Mozilla/5.0 (Linux; Android 6.0.1; Nexus 5X Build/MMB29P) AppleWebKit/537.36 (KHTML, like Gecko) Chrome/151.0.7922.137 Mobile Safari/537.36 (compatible; Googlebot/2.1; +http://www.google.com/bot.html)"
66.249.69.164 - - [20/Aug/2026:22:23:29 -0700] "GET /dp/dc911414704869 HTTP/1.1" 200 22055 "-" "Mozilla/5.0 (Linux; Android 6.0.1; Nexus 5X Build/MMB29P) AppleWebKit/537.36 (KHTML, like Gecko) Chrome/151.0.7922.137 Mobile Safari/537.36 (compatible; GoogleOther)"
66.249.69.164 - - [20/Aug/2026:22:23:32 -0700] "GET /dp/46c16564414560 HTTP/1.1" 200 21017 "-" "Mozilla/5.0 (Linux; Android 6.0.1; Nexus 5X Build/MMB29P) AppleWebKit/537.36 (KHTML, like Gecko) Chrome/151.0.7922.137 Mobile Safari/537.36 (compatible; GoogleOther)"
66.249.69.164 - - [20/Aug/2026:22:23:34 -0700] "GET /dp/85540393530906 HTTP/1.1" 200 21354 "-" "Mozilla/5.0 (Linux; Android 6.0.1; Nexus 5X Build/MMB29P) AppleWebKit/537.36 (KHTML, like Gecko) Chrome/151.0.7922.137 Mobile Safari/537.36 (compatible; GoogleOther)"
66.249.69.164 - - [20/Aug/2026:22:23:37 -0700] "GET /dp/097f6e64903235 HTTP/1.1" 200 20729 "-" "Mozilla/5.0 (Linux; Android 6.0.1; Nexus 5X Build/MMB29P) AppleWebKit/537.36 (KHTML, like Gecko) Chrome/151.0.7922.137 Mobile Safari/537.36 (compatible; GoogleOther)"
66.249.69.164 - - [20/Aug/2026:22:23:39 -0700] "GET /dp/619baa62030893 HTTP/1.1" 200 21418 "-" "Mozilla/5.0 (Linux; Android 6.0.1; Nexus 5X Build/MMB29P) AppleWebKit/537.36 (KHTML, like Gecko) Chrome/151.0.7922.137 Mobile Safari/537.36 (compatible; GoogleOther)"
66.249.69.164 - - [20/Aug/2026:22:23:42 -0700] "GET /?w=2468365081100 HTTP/1.1" 200 21581 "-" "Mozilla/5.0 (Linux; Android 6.0.1; Nexus 5X Build/MMB29P) AppleWebKit/537.36 (KHTML, like Gecko) Chrome/151.0.7922.137 Mobile Safari/537.36 (compatible; Googlebot/2.1; +http://www.google.com/bot.html)"
66.249.69.165 - - [20/Aug/2026:22:23:43 -0700] "GET /dp/2cd39f32406968 HTTP/1.1" 200 21507 "-" "Mozilla/5.0 (Linux; Android 6.0.1; Nexus 5X Build/MMB29P) AppleWebKit/537.36 (KHTML, like Gecko) Chrome/151.0.7922.137 Mobile Safari/537.36 (compatible; GoogleOther)"
66.249.69.165 - - [20/Aug/2026:22:23:46 -0700] "GET /dp/8605f623242816 HTTP/1.1" 200 21616 "-" "Mozilla/5.0 (Linux; Android 6.0.1; Nexus 5X Build/MMB29P) AppleWebKit/537.36 (KHTML, like Gecko) Chrome/151.0.7922.137 Mobile Safari/537.36 (compatible; GoogleOther)"
207.46.13.156 - - [20/Aug/2026:22:23:48 -0700] "GET /?credit HTTP/2.0" 200 20812 "-" "Mozilla/5.0 AppleWebKit/537.36 (KHTML, like Gecko; compatible; bingbot/2.0; +http://www.bing.com/bingbot.htm) Chrome/116.0.1938.76 Safari/537.36"
66.249.69.165 - - [20/Aug/2026:22:23:48 -0700] "GET /dp/d156a273015674 HTTP/1.1" 200 20941 "-" "Mozilla/5.0 (Linux; Android 6.0.1; Nexus 5X Build/MMB29P) AppleWebKit/537.36 (KHTML, like Gecko) Chrome/151.0.7922.137 Mobile Safari/537.36 (compatible; GoogleOther)"
66.249.69.165 - - [20/Aug/2026:22:23:51 -0700] "GET /dp/380b1762927603 HTTP/1.1" 200 20662 "-" "Mozilla/5.0 (Linux; Android 6.0.1; Nexus 5X Build/MMB29P) AppleWebKit/537.36 (KHTML, like Gecko) Chrome/151.0.7922.137 Mobile Safari/537.36 (compatible; GoogleOther)"
66.249.69.164 - - [20/Aug/2026:22:23:54 -0700] "GET /dp/dae59294477931 HTTP/1.1" 200 21314 "-" "Mozilla/5.0 (Linux; Android 6.0.1; Nexus 5X Build/MMB29P) AppleWebKit/537.36 (KHTML, like Gecko) Chrome/151.0.7922.137 Mobile Safari/537.36 (compatible; GoogleOther)"
66.249.69.165 - - [20/Aug/2026:22:23:55 -0700] "GET /?productSearch/pictureSearch?id=3207696151100 HTTP/1.1" 200 21343 "-" "Mozilla/5.0 (Linux; Android 6.0.1; Nexus 5X Build/MMB29P) AppleWebKit/537.36 (KHTML, like Gecko) Chrome/151.0.7922.137 Mobile Safari/537.36 (compatible; Googlebot/2.1; +http://www.google.com/bot.html)"
66.249.69.164 - - [20/Aug/2026:22:23:56 -0700] "GET /dp/05461d51897718 HTTP/1.1" 200 20846 "-" "Mozilla/5.0 (Linux; Android 6.0.1; Nexus 5X Build/MMB29P) AppleWebKit/537.36 (KHTML, like Gecko) Chrome/151.0.7922.137 Mobile Safari/537.36 (compatible; GoogleOther)"
66.249.69.166 - - [20/Aug/2026:22:23:57 -0700] "GET /dp/a49c75d4339817 HTTP/1.1" 200 20761 "-" "Mozilla/5.0 (Linux; Android 6.0.1; Nexus 5X Build/MMB29P) AppleWebKit/537.36 (KHTML, like Gecko) Chrome/151.0.7922.137 Mobile Safari/537.36 (compatible; Googlebot/2.1; +http://www.google.com/bot.html)"
207.46.13.156 - - [20/Aug/2026:22:23:58 -0700] "GET /?w=523948881100 HTTP/2.0" 200 21374 "-" "Mozilla/5.0 AppleWebKit/537.36 (KHTML, like Gecko; compatible; bingbot/2.0; +http://www.bing.com/bingbot.htm) Chrome/116.0.1938.76 Safari/537.36"
66.249.69.166 - - [20/Aug/2026:22:23:59 -0700] "GET /dp/144972d2372252 HTTP/1.1" 200 21992 "-" "Mozilla/5.0 (Linux; Android 6.0.1; Nexus 5X Build/MMB29P) AppleWebKit/537.36 (KHTML, like Gecko) Chrome/151.0.7922.137 Mobile Safari/537.36 (compatible; GoogleOther)"
66.249.69.166 - - [20/Aug/2026:22:24:01 -0700] "GET /?w=3452399461100 HTTP/1.1" 200 21662 "-" "Mozilla/5.0 (Linux; Android 6.0.1; Nexus 5X Build/MMB29P) AppleWebKit/537.36 (KHTML, like Gecko) Chrome/151.0.7922.137 Mobile Safari/537.36 (compatible; Googlebot/2.1; +http://www.google.com/bot.html)"
66.249.69.165 - - [20/Aug/2026:22:24:01 -0700] "GET /dp/df238384410062 HTTP/1.1" 200 20702 "-" "Mozilla/5.0 (Linux; Android 6.0.1; Nexus 5X Build/MMB29P) AppleWebKit/537.36 (KHTML, like Gecko) Chrome/151.0.7922.137 Mobile Safari/537.36 (compatible; GoogleOther)"
66.249.69.165 - - [20/Aug/2026:22:24:04 -0700] "GET /dp/6ff6edb3770225 HTTP/1.1" 200 21469 "-" "Mozilla/5.0 (Linux; Android 6.0.1; Nexus 5X Build/MMB29P) AppleWebKit/537.36 (KHTML, like Gecko) Chrome/151.0.7922.137 Mobile Safari/537.36 (compatible; GoogleOther)"
66.249.69.165 - - [20/Aug/2026:22:24:11 -0700] "GET /dp/44064944453531 HTTP/1.1" 200 21383 "-" "Mozilla/5.0 (Linux; Android 6.0.1; Nexus 5X Build/MMB29P) AppleWebKit/537.36 (KHTML, like Gecko) Chrome/151.0.7922.137 Mobile Safari/537.36 (compatible; GoogleOther)"
66.249.69.165 - - [20/Aug/2026:22:24:13 -0700] "GET /dp/652eedd4073597 HTTP/1.1" 200 21367 "-" "Mozilla/5.0 (Linux; Android 6.0.1; Nexus 5X Build/MMB29P) AppleWebKit/537.36 (KHTML, like Gecko) Chrome/151.0.7922.137 Mobile Safari/537.36 (compatible; GoogleOther)"
66.249.69.164 - - [20/Aug/2026:22:24:15 -0700] "GET /?w=2472750631100 HTTP/1.1" 200 21873 "-" "Mozilla/5.0 (Linux; Android 6.0.1; Nexus 5X Build/MMB29P) AppleWebKit/537.36 (KHTML, like Gecko) Chrome/151.0.7922.137 Mobile Safari/537.36 (compatible; Googlebot/2.1; +http://www.google.com/bot.html)"
66.249.69.164 - - [20/Aug/2026:22:24:16 -0700] "GET /dp/96640744241937 HTTP/1.1" 200 22112 "-" "Mozilla/5.0 (Linux; Android 6.0.1; Nexus 5X Build/MMB29P) AppleWebKit/537.36 (KHTML, like Gecko) Chrome/151.0.7922.137 Mobile Safari/537.36 (compatible; GoogleOther)"
66.249.69.164 - - [20/Aug/2026:22:24:19 -0700] "GET /dp/1854878842479 HTTP/1.1" 200 21582 "-" "Mozilla/5.0 (Linux; Android 6.0.1; Nexus 5X Build/MMB29P) AppleWebKit/537.36 (KHTML, like Gecko) Chrome/151.0.7922.137 Mobile Safari/537.36 (compatible; GoogleOther)"
66.249.69.164 - - [20/Aug/2026:22:24:21 -0700] "GET /dp/37900cd1647268 HTTP/1.1" 200 20628 "-" "Mozilla/5.0 (Linux; Android 6.0.1; Nexus 5X Build/MMB29P) AppleWebKit/537.36 (KHTML, like Gecko) Chrome/151.0.7922.137 Mobile Safari/537.36 (compatible; GoogleOther)"
66.249.69.164 - - [20/Aug/2026:22:24:22 -0700] "GET /?w=2468531161100 HTTP/1.1" 200 21223 "-" "Mozilla/5.0 (Linux; Android 6.0.1; Nexus 5X Build/MMB29P) AppleWebKit/537.36 (KHTML, like Gecko) Chrome/151.0.7922.137 Mobile Safari/537.36 (compatible; Googlebot/2.1; +http://www.google.com/bot.html)"
66.249.69.164 - - [20/Aug/2026:22:24:24 -0700] "GET /dp/aa113734615127 HTTP/1.1" 200 24449 "-" "Mozilla/5.0 (Linux; Android 6.0.1; Nexus 5X Build/MMB29P) AppleWebKit/537.36 (KHTML, like Gecko) Chrome/151.0.7922.137 Mobile Safari/537.36 (compatible; GoogleOther)"
66.249.69.164 - - [20/Aug/2026:22:24:27 -0700] "GET /dp/1e0e991826423 HTTP/1.1" 200 21473 "-" "Mozilla/5.0 (Linux; Android 6.0.1; Nexus 5X Build/MMB29P) AppleWebKit/537.36 (KHTML, like Gecko) Chrome/151.0.7922.137 Mobile Safari/537.36 (compatible; GoogleOther)"
157.55.39.200 - - [20/Aug/2026:22:24:28 -0700] "GET /?checkout/cart HTTP/2.0" 200 21640 "-" "Mozilla/5.0 AppleWebKit/537.36 (KHTML, like Gecko; compatible; bingbot/2.0; +http://www.bing.com/bingbot.htm) Chrome/116.0.1938.76 Safari/537.36"
66.249.69.164 - - [20/Aug/2026:22:24:29 -0700] "GET /dp/f2e73054352261 HTTP/1.1" 200 20753 "-" "Mozilla/5.0 (Linux; Android 6.0.1; Nexus 5X Build/MMB29P) AppleWebKit/537.36 (KHTML, like Gecko) Chrome/151.0.7922.137 Mobile Safari/537.36 (compatible; GoogleOther)"
66.249.69.164 - - [20/Aug/2026:22:24:32 -0700] "GET /?w=1112102171100 HTTP/1.1" 200 22052 "-" "Mozilla/5.0 (Linux; Android 6.0.1; Nexus 5X Build/MMB29P) AppleWebKit/537.36 (KHTML, like Gecko) Chrome/151.0.7922.137 Mobile Safari/537.36 (compatible; Googlebot/2.1; +http://www.google.com/bot.html)"
66.249.69.164 - - [20/Aug/2026:22:24:32 -0700] "GET /?w=843773981100 HTTP/1.1" 200 20814 "-" "Mozilla/5.0 (Linux; Android 6.0.1; Nexus 5X Build/MMB29P) AppleWebKit/537.36 (KHTML, like Gecko) Chrome/151.0.7922.137 Mobile Safari/537.36 (compatible; Googlebot/2.1; +http://www.google.com/bot.html)"
66.249.69.164 - - [20/Aug/2026:22:24:33 -0700] "GET /dp/161be451812410 HTTP/1.1" 200 21137 "-" "Mozilla/5.0 (Linux; Android 6.0.1; Nexus 5X Build/MMB29P) AppleWebKit/537.36 (KHTML, like Gecko) Chrome/151.0.7922.137 Mobile Safari/537.36 (compatible; GoogleOther)"
66.249.69.164 - - [20/Aug/2026:22:24:36 -0700] "GET /dp/83e10a01535462 HTTP/1.1" 200 21822 "-" "Mozilla/5.0 (Linux; Android 6.0.1; Nexus 5X Build/MMB29P) AppleWebKit/537.36 (KHTML, like Gecko) Chrome/151.0.7922.137 Mobile Safari/537.36 (compatible; GoogleOther)"
66.249.69.164 - - [20/Aug/2026:22:24:38 -0700] "GET /?w=1098533781100 HTTP/1.1" 200 21564 "-" "Mozilla/5.0 (Linux; Android 6.0.1; Nexus 5X Build/MMB29P) AppleWebKit/537.36 (KHTML, like Gecko) Chrome/151.0.7922.137 Mobile Safari/537.36 (compatible; Googlebot/2.1; +http://www.google.com/bot.html)"
66.249.69.164 - - [20/Aug/2026:22:24:38 -0700] "GET /dp/aef11404201729 HTTP/1.1" 200 21322 "-" "Mozilla/5.0 (Linux; Android 6.0.1; Nexus 5X Build/MMB29P) AppleWebKit/537.36 (KHTML, like Gecko) Chrome/151.0.7922.137 Mobile Safari/537.36 (compatible; GoogleOther)"
66.249.69.164 - - [20/Aug/2026:22:24:41 -0700] "GET /dp/4d326dc1625113 HTTP/1.1" 200 20592 "-" "Mozilla/5.0 (Linux; Android 6.0.1; Nexus 5X Build/MMB29P) AppleWebKit/537.36 (KHTML, like Gecko) Chrome/151.0.7922.137 Mobile Safari/537.36 (compatible; GoogleOther)"
66.249.69.165 - - [20/Aug/2026:22:24:43 -0700] "GET /dp/5bd629b5064360 HTTP/1.1" 200 21199 "-" "Mozilla/5.0 (Linux; Android 6.0.1; Nexus 5X Build/MMB29P) AppleWebKit/537.36 (KHTML, like Gecko) Chrome/151.0.7922.137 Mobile Safari/537.36 (compatible; GoogleOther)"
66.249.69.165 - - [20/Aug/2026:22:24:44 -0700] "GET /?w=346902411100 HTTP/1.1" 200 21374 "-" "Mozilla/5.0 (Linux; Android 6.0.1; Nexus 5X Build/MMB29P) AppleWebKit/537.36 (KHTML, like Gecko) Chrome/151.0.7922.137 Mobile Safari/537.36 (compatible; Googlebot/2.1; +http://www.google.com/bot.html)"
66.249.69.165 - - [20/Aug/2026:22:24:46 -0700] "GET /dp/447fe6c1570989 HTTP/1.1" 200 20736 "-" "Mozilla/5.0 (Linux; Android 6.0.1; Nexus 5X Build/MMB29P) AppleWebKit/537.36 (KHTML, like Gecko) Chrome/151.0.7922.137 Mobile Safari/537.36 (compatible; GoogleOther)"
66.249.69.164 - - [20/Aug/2026:22:24:49 -0700] "GET /dp/4f99621934621 HTTP/1.1" 200 21919 "-" "Mozilla/5.0 (Linux; Android 6.0.1; Nexus 5X Build/MMB29P) AppleWebKit/537.36 (KHTML, like Gecko) Chrome/151.0.7922.137 Mobile Safari/537.36 (compatible; GoogleOther)"
66.249.69.164 - - [20/Aug/2026:22:24:51 -0700] "GET /dp/708f0734269417 HTTP/1.1" 200 22680 "-" "Mozilla/5.0 (Linux; Android 6.0.1; Nexus 5X Build/MMB29P) AppleWebKit/537.36 (KHTML, like Gecko) Chrome/151.0.7922.137 Mobile Safari/537.36 (compatible; GoogleOther)"
66.249.69.165 - - [20/Aug/2026:22:24:54 -0700] "GET /?w=1107650881100 HTTP/1.1" 200 20812 "-" "Mozilla/5.0 (Linux; Android 6.0.1; Nexus 5X Build/MMB29P) AppleWebKit/537.36 (KHTML, like Gecko) Chrome/151.0.7922.137 Mobile Safari/537.36 (compatible; Googlebot/2.1; +http://www.google.com/bot.html)"
66.249.69.164 - - [20/Aug/2026:22:24:54 -0700] "GET /dp/3b16c233651313 HTTP/1.1" 200 21385 "-" "Mozilla/5.0 (Linux; Android 6.0.1; Nexus 5X Build/MMB29P) AppleWebKit/537.36 (KHTML, like Gecko) Chrome/151.0.7922.137 Mobile Safari/537.36 (compatible; GoogleOther)"
66.249.69.164 - - [20/Aug/2026:22:24:56 -0700] "GET /dp/5535f641916702 HTTP/1.1" 200 21145 "-" "Mozilla/5.0 (Linux; Android 6.0.1; Nexus 5X Build/MMB29P) AppleWebKit/537.36 (KHTML, like Gecko) Chrome/151.0.7922.137 Mobile Safari/537.36 (compatible; GoogleOther)"
66.249.69.165 - - [20/Aug/2026:22:24:59 -0700] "GET /dp/0629757129789 HTTP/1.1" 200 21683 "-" "Mozilla/5.0 (Linux; Android 6.0.1; Nexus 5X Build/MMB29P) AppleWebKit/537.36 (KHTML, like Gecko) Chrome/151.0.7922.137 Mobile Safari/537.36 (compatible; GoogleOther)"
66.249.69.164 - - [20/Aug/2026:22:25:02 -0700] "GET /dp/887983d1459390 HTTP/1.1" 200 21343 "-" "Mozilla/5.0 (Linux; Android 6.0.1; Nexus 5X Build/MMB29P) AppleWebKit/537.36 (KHTML, like Gecko) Chrome/151.0.7922.137 Mobile Safari/537.36 (compatible; GoogleOther)"
66.249.69.164 - - [20/Aug/2026:22:25:04 -0700] "GET /dp/0b208121172087 HTTP/1.1" 200 21422 "-" "Mozilla/5.0 (Linux; Android 6.0.1; Nexus 5X Build/MMB29P) AppleWebKit/537.36 (KHTML, like Gecko) Chrome/151.0.7922.137 Mobile Safari/537.36 (compatible; GoogleOther)"
66.249.69.164 - - [20/Aug/2026:22:25:07 -0700] "GET /?w=3528943311100 HTTP/1.1" 200 21518 "-" "Mozilla/5.0 (Linux; Android 6.0.1; Nexus 5X Build/MMB29P) AppleWebKit/537.36 (KHTML, like Gecko) Chrome/151.0.7922.137 Mobile Safari/537.36 (compatible; Googlebot/2.1; +http://www.google.com/bot.html)"
66.249.69.164 - - [20/Aug/2026:22:25:07 -0700] "GET /dp/944c9034440043 HTTP/1.1" 200 21468 "-" "Mozilla/5.0 (Linux; Android 6.0.1; Nexus 5X Build/MMB29P) AppleWebKit/537.36 (KHTML, like Gecko) Chrome/151.0.7922.137 Mobile Safari/537.36 (compatible; GoogleOther)"
66.249.69.164 - - [20/Aug/2026:22:25:10 -0700] "GET /dp/350aed24393939 HTTP/1.1" 200 21262 "-" "Mozilla/5.0 (Linux; Android 6.0.1; Nexus 5X Build/MMB29P) AppleWebKit/537.36 (KHTML, like Gecko) Chrome/151.0.7922.137 Mobile Safari/537.36 (compatible; GoogleOther)"
66.249.69.164 - - [20/Aug/2026:22:25:12 -0700] "GET /dp/8aca3f04563584 HTTP/1.1" 200 20747 "-" "Mozilla/5.0 (Linux; Android 6.0.1; Nexus 5X Build/MMB29P) AppleWebKit/537.36 (KHTML, like Gecko) Chrome/151.0.7922.137 Mobile Safari/537.36 (compatible; GoogleOther)"
66.249.69.164 - - [20/Aug/2026:22:25:15 -0700] "GET /dp/314d7e64298531 HTTP/1.1" 200 20466 "-" "Mozilla/5.0 (Linux; Android 6.0.1; Nexus 5X Build/MMB29P) AppleWebKit/537.36 (KHTML, like Gecko) Chrome/151.0.7922.137 Mobile Safari/537.36 (compatible; GoogleOther)"
66.249.69.164 - - [20/Aug/2026:22:25:18 -0700] "GET /dp/4e036411278620 HTTP/1.1" 200 21024 "-" "Mozilla/5.0 (Linux; Android 6.0.1; Nexus 5X Build/MMB29P) AppleWebKit/537.36 (KHTML, like Gecko) Chrome/151.0.7922.137 Mobile Safari/537.36 (compatible; GoogleOther)"
66.249.69.164 - - [20/Aug/2026:22:25:21 -0700] "GET /dp/086e6944877765 HTTP/1.1" 200 21001 "-" "Mozilla/5.0 (Linux; Android 6.0.1; Nexus 5X Build/MMB29P) AppleWebKit/537.36 (KHTML, like Gecko) Chrome/151.0.7922.137 Mobile Safari/537.36 (compatible; GoogleOther)"
66.249.69.164 - - [20/Aug/2026:22:25:23 -0700] "GET /?w=3521587351100 HTTP/1.1" 200 20917 "-" "Mozilla/5.0 (Linux; Android 6.0.1; Nexus 5X Build/MMB29P) AppleWebKit/537.36 (KHTML, like Gecko) Chrome/151.0.7922.137 Mobile Safari/537.36 (compatible; Googlebot/2.1; +http://www.google.com/bot.html)"
66.249.69.164 - - [20/Aug/2026:22:25:23 -0700] "GET /dp/b9a85243616526 HTTP/1.1" 200 21872 "-" "Mozilla/5.0 (Linux; Android 6.0.1; Nexus 5X Build/MMB29P) AppleWebKit/537.36 (KHTML, like Gecko) Chrome/151.0.7922.137 Mobile Safari/537.36 (compatible; GoogleOther)"
66.249.69.165 - - [20/Aug/2026:22:25:26 -0700] "GET /dp/77fe0601486657 HTTP/1.1" 200 21471 "-" "Mozilla/5.0 (Linux; Android 6.0.1; Nexus 5X Build/MMB29P) AppleWebKit/537.36 (KHTML, like Gecko) Chrome/151.0.7922.137 Mobile Safari/537.36 (compatible; GoogleOther)"
66.249.69.164 - - [20/Aug/2026:22:25:29 -0700] "GET /dp/dc8d4003574011 HTTP/1.1" 200 21435 "-" "Mozilla/5.0 (Linux; Android 6.0.1; Nexus 5X Build/MMB29P) AppleWebKit/537.36 (KHTML, like Gecko) Chrome/151.0.7922.137 Mobile Safari/537.36 (compatible; GoogleOther)"
66.249.69.165 - - [20/Aug/2026:22:25:35 -0700] "GET /?w=349928181100 HTTP/1.1" 200 21803 "-" "Mozilla/5.0 (Linux; Android 6.0.1; Nexus 5X Build/MMB29P) AppleWebKit/537.36 (KHTML, like Gecko) Chrome/151.0.7922.137 Mobile Safari/537.36 (compatible; Googlebot/2.1; +http://www.google.com/bot.html)"
66.249.69.164 - - [20/Aug/2026:22:25:35 -0700] "GET /?w=3537560441100 HTTP/1.1" 200 21817 "-" "Mozilla/5.0 (Linux; Android 6.0.1; Nexus 5X Build/MMB29P) AppleWebKit/537.36 (KHTML, like Gecko) Chrome/151.0.7922.137 Mobile Safari/537.36 (compatible; Googlebot/2.1; +http://www.google.com/bot.html)"
66.249.69.165 - - [20/Aug/2026:22:25:36 -0700] "GET /dp/28801972219358 HTTP/1.1" 200 20825 "-" "Mozilla/5.0 (Linux; Android 6.0.1; Nexus 5X Build/MMB29P) AppleWebKit/537.36 (KHTML, like Gecko) Chrome/151.0.7922.137 Mobile Safari/537.36 (compatible; GoogleOther)"
66.249.69.165 - - [20/Aug/2026:22:25:39 -0700] "GET /dp/70cd41f4087262 HTTP/1.1" 200 21418 "-" "Mozilla/5.0 (Linux; Android 6.0.1; Nexus 5X Build/MMB29P) AppleWebKit/537.36 (KHTML, like Gecko) Chrome/151.0.7922.137 Mobile Safari/537.36 (compatible; GoogleOther)"
66.249.69.164 - - [20/Aug/2026:22:25:42 -0700] "GET /dp/36c8717135073 HTTP/1.1" 200 21729 "-" "Mozilla/5.0 (Linux; Android 6.0.1; Nexus 5X Build/MMB29P) AppleWebKit/537.36 (KHTML, like Gecko) Chrome/151.0.7922.137 Mobile Safari/537.36 (compatible; GoogleOther)"
66.249.69.165 - - [20/Aug/2026:22:25:44 -0700] "GET /?w=3544739941100 HTTP/1.1" 200 21449 "-" "Mozilla/5.0 (Linux; Android 6.0.1; Nexus 5X Build/MMB29P) AppleWebKit/537.36 (KHTML, like Gecko) Chrome/151.0.7922.137 Mobile Safari/537.36 (compatible; Googlebot/2.1; +http://www.google.com/bot.html)"
66.249.69.165 - - [20/Aug/2026:22:25:45 -0700] "GET /dp/9b003b54840690 HTTP/1.1" 200 21499 "-" "Mozilla/5.0 (Linux; Android 6.0.1; Nexus 5X Build/MMB29P) AppleWebKit/537.36 (KHTML, like Gecko) Chrome/151.0.7922.137 Mobile Safari/537.36 (compatible; GoogleOther)"
66.249.69.166 - - [20/Aug/2026:22:25:47 -0700] "GET /dp/353ad911684306 HTTP/1.1" 200 21664 "-" "Mozilla/5.0 (Linux; Android 6.0.1; Nexus 5X Build/MMB29P) AppleWebKit/537.36 (KHTML, like Gecko) Chrome/151.0.7922.137 Mobile Safari/537.36 (compatible; GoogleOther)"
66.249.69.166 - - [20/Aug/2026:22:25:50 -0700] "GET /dp/9d961132376108 HTTP/1.1" 200 21476 "-" "Mozilla/5.0 (Linux; Android 6.0.1; Nexus 5X Build/MMB29P) AppleWebKit/537.36 (KHTML, like Gecko) Chrome/151.0.7922.137 Mobile Safari/537.36 (compatible; GoogleOther)"
66.249.69.166 - - [20/Aug/2026:22:25:53 -0700] "GET /dp/0837d482305669 HTTP/1.1" 200 21825 "-" "Mozilla/5.0 (Linux; Android 6.0.1; Nexus 5X Build/MMB29P) AppleWebKit/537.36 (KHTML, like Gecko) Chrome/151.0.7922.137 Mobile Safari/537.36 (compatible; GoogleOther)"
66.249.69.166 - - [20/Aug/2026:22:25:56 -0700] "GET /dp/b1316951462075 HTTP/1.1" 200 21755 "-" "Mozilla/5.0 (Linux; Android 6.0.1; Nexus 5X Build/MMB29P) AppleWebKit/537.36 (KHTML, like Gecko) Chrome/151.0.7922.137 Mobile Safari/537.36 (compatible; GoogleOther)"
66.249.69.165 - - [20/Aug/2026:22:26:01 -0700] "GET /dp/3328167683961 HTTP/1.1" 200 22182 "-" "Mozilla/5.0 (Linux; Android 6.0.1; Nexus 5X Build/MMB29P) AppleWebKit/537.36 (KHTML, like Gecko) Chrome/151.0.7922.137 Mobile Safari/537.36 (compatible; GoogleOther)"
66.249.69.164 - - [20/Aug/2026:22:26:04 -0700] "GET /dp/22d77522561286 HTTP/1.1" 200 20941 "-" "Mozilla/5.0 (Linux; Android 6.0.1; Nexus 5X Build/MMB29P) AppleWebKit/537.36 (KHTML, like Gecko) Chrome/151.0.7922.137 Mobile Safari/537.36 (compatible; GoogleOther)"
66.249.69.165 - - [20/Aug/2026:22:26:07 -0700] "GET /dp/42f60f5821194 HTTP/1.1" 200 20706 "-" "Mozilla/5.0 (Linux; Android 6.0.1; Nexus 5X Build/MMB29P) AppleWebKit/537.36 (KHTML, like Gecko) Chrome/151.0.7922.137 Mobile Safari/537.36 (compatible; GoogleOther)"
66.249.69.164 - - [20/Aug/2026:22:26:08 -0700] "GET /?w=3496786071100 HTTP/1.1" 200 20984 "-" "Mozilla/5.0 (Linux; Android 6.0.1; Nexus 5X Build/MMB29P) AppleWebKit/537.36 (KHTML, like Gecko) Chrome/151.0.7922.137 Mobile Safari/537.36 (compatible; Googlebot/2.1; +http://www.google.com/bot.html)"
66.249.69.165 - - [20/Aug/2026:22:26:10 -0700] "GET /dp/829a7361540234 HTTP/1.1" 200 21672 "-" "Mozilla/5.0 (Linux; Android 6.0.1; Nexus 5X Build/MMB29P) AppleWebKit/537.36 (KHTML, like Gecko) Chrome/151.0.7922.137 Mobile Safari/537.36 (compatible; GoogleOther)"
66.249.69.164 - - [20/Aug/2026:22:26:12 -0700] "GET /?w=350021601100 HTTP/1.1" 200 21093 "-" "Mozilla/5.0 (Linux; Android 6.0.1; Nexus 5X Build/MMB29P) AppleWebKit/537.36 (KHTML, like Gecko) Chrome/151.0.7922.137 Mobile Safari/537.36 (compatible; Googlebot/2.1; +http://www.google.com/bot.html)"
66.249.69.164 - - [20/Aug/2026:22:26:13 -0700] "GET /dp/1c70149991510 HTTP/1.1" 200 21743 "-" "Mozilla/5.0 (Linux; Android 6.0.1; Nexus 5X Build/MMB29P) AppleWebKit/537.36 (KHTML, like Gecko) Chrome/151.0.7922.137 Mobile Safari/537.36 (compatible; GoogleOther)"
66.249.69.164 - - [20/Aug/2026:22:26:16 -0700] "GET /dp/41227f668617 HTTP/1.1" 200 21569 "-" "Mozilla/5.0 (Linux; Android 6.0.1; Nexus 5X Build/MMB29P) AppleWebKit/537.36 (KHTML, like Gecko) Chrome/151.0.7922.137 Mobile Safari/537.36 (compatible; GoogleOther)"
66.249.69.164 - - [20/Aug/2026:22:26:21 -0700] "GET /dp/453709a296196 HTTP/1.1" 200 21505 "-" "Mozilla/5.0 (Linux; Android 6.0.1; Nexus 5X Build/MMB29P) AppleWebKit/537.36 (KHTML, like Gecko) Chrome/151.0.7922.137 Mobile Safari/537.36 (compatible; GoogleOther)"
66.249.69.164 - - [20/Aug/2026:22:26:23 -0700] "GET /?w=3490867741100 HTTP/1.1" 200 20811 "-" "Mozilla/5.0 (Linux; Android 6.0.1; Nexus 5X Build/MMB29P) AppleWebKit/537.36 (KHTML, like Gecko) Chrome/151.0.7922.137 Mobile Safari/537.36 (compatible; Googlebot/2.1; +http://www.google.com/bot.html)"
66.249.69.164 - - [20/Aug/2026:22:26:26 -0700] "GET /dp/84518393528204 HTTP/1.1" 200 22057 "-" "Mozilla/5.0 (Linux; Android 6.0.1; Nexus 5X Build/MMB29P) AppleWebKit/537.36 (KHTML, like Gecko) Chrome/151.0.7922.137 Mobile Safari/537.36 (compatible; GoogleOther)"
66.249.69.165 - - [20/Aug/2026:22:26:30 -0700] "GET /dp/3bc6bb03429044 HTTP/1.1" 200 20949 "-" "Mozilla/5.0 (Linux; Android 6.0.1; Nexus 5X Build/MMB29P) AppleWebKit/537.36 (KHTML, like Gecko) Chrome/151.0.7922.137 Mobile Safari/537.36 (compatible; GoogleOther)"
66.249.69.165 - - [20/Aug/2026:22:26:34 -0700] "GET /dp/03736131279130 HTTP/1.1" 200 21682 "-" "Mozilla/5.0 (Linux; Android 6.0.1; Nexus 5X Build/MMB29P) AppleWebKit/537.36 (KHTML, like Gecko) Chrome/151.0.7922.137 Mobile Safari/537.36 (compatible; GoogleOther)"
66.249.69.165 - - [20/Aug/2026:22:26:38 -0700] "GET /dp/04792853137555 HTTP/1.1" 200 21660 "-" "Mozilla/5.0 (Linux; Android 6.0.1; Nexus 5X Build/MMB29P) AppleWebKit/537.36 (KHTML, like Gecko) Chrome/151.0.7922.137 Mobile Safari/537.36 (compatible; GoogleOther)"
66.249.69.164 - - [20/Aug/2026:22:26:42 -0700] "GET /dp/55bd34f4533694 HTTP/1.1" 200 22228 "-" "Mozilla/5.0 (Linux; Android 6.0.1; Nexus 5X Build/MMB29P) AppleWebKit/537.36 (KHTML, like Gecko) Chrome/151.0.7922.137 Mobile Safari/537.36 (compatible; GoogleOther)"
66.249.69.164 - - [20/Aug/2026:22:26:44 -0700] "GET /?w=3370741731100 HTTP/1.1" 200 22108 "-" "Mozilla/5.0 (Linux; Android 6.0.1; Nexus 5X Build/MMB29P) AppleWebKit/537.36 (KHTML, like Gecko) Chrome/151.0.7922.137 Mobile Safari/537.36 (compatible; Googlebot/2.1; +http://www.google.com/bot.html)"
66.249.69.165 - - [20/Aug/2026:22:26:46 -0700] "GET /dp/01dfc104125485 HTTP/1.1" 200 22612 "-" "Mozilla/5.0 (Linux; Android 6.0.1; Nexus 5X Build/MMB29P) AppleWebKit/537.36 (KHTML, like Gecko) Chrome/151.0.7922.137 Mobile Safari/537.36 (compatible; GoogleOther)"
66.249.69.165 - - [20/Aug/2026:22:26:49 -0700] "GET /dp/952974a4810479 HTTP/1.1" 200 21510 "-" "Mozilla/5.0 (Linux; Android 6.0.1; Nexus 5X Build/MMB29P) AppleWebKit/537.36 (KHTML, like Gecko) Chrome/151.0.7922.137 Mobile Safari/537.36 (compatible; GoogleOther)"
66.249.69.165 - - [20/Aug/2026:22:26:53 -0700] "GET /dp/16120002008508 HTTP/1.1" 200 20996 "-" "Mozilla/5.0 (Linux; Android 6.0.1; Nexus 5X Build/MMB29P) AppleWebKit/537.36 (KHTML, like Gecko) Chrome/151.0.7922.137 Mobile Safari/537.36 (compatible; GoogleOther)"
66.249.69.165 - - [20/Aug/2026:22:26:55 -0700] "GET /?w=3532238961100 HTTP/1.1" 200 20979 "-" "Mozilla/5.0 (Linux; Android 6.0.1; Nexus 5X Build/MMB29P) AppleWebKit/537.36 (KHTML, like Gecko) Chrome/151.0.7922.137 Mobile Safari/537.36 (compatible; Googlebot/2.1; +http://www.google.com/bot.html)"
66.249.69.165 - - [20/Aug/2026:22:26:56 -0700] "GET /dp/3d4e8901404182 HTTP/1.1" 200 21830 "-" "Mozilla/5.0 (Linux; Android 6.0.1; Nexus 5X Build/MMB29P) AppleWebKit/537.36 (KHTML, like Gecko) Chrome/151.0.7922.137 Mobile Safari/537.36 (compatible; GoogleOther)"
66.249.69.164 - - [20/Aug/2026:22:26:57 -0700] "GET /?w=348390211100 HTTP/1.1" 200 23230 "-" "Mozilla/5.0 (Linux; Android 6.0.1; Nexus 5X Build/MMB29P) AppleWebKit/537.36 (KHTML, like Gecko) Chrome/151.0.7922.137 Mobile Safari/537.36 (compatible; Googlebot/2.1; +http://www.google.com/bot.html)"
66.249.69.164 - - [20/Aug/2026:22:26:59 -0700] "GET /dp/8413f032680317 HTTP/1.1" 200 20919 "-" "Mozilla/5.0 (Linux; Android 6.0.1; Nexus 5X Build/MMB29P) AppleWebKit/537.36 (KHTML, like Gecko) Chrome/151.0.7922.137 Mobile Safari/537.36 (compatible; GoogleOther)"
66.249.69.164 - - [20/Aug/2026:22:27:02 -0700] "GET /dp/a52873d3337544 HTTP/1.1" 200 22150 "-" "Mozilla/5.0 (Linux; Android 6.0.1; Nexus 5X Build/MMB29P) AppleWebKit/537.36 (KHTML, like Gecko) Chrome/151.0.7922.137 Mobile Safari/537.36 (compatible; GoogleOther)"
66.249.69.164 - - [20/Aug/2026:22:27:05 -0700] "GET /dp/a35ac081997216 HTTP/1.1" 200 21226 "-" "Mozilla/5.0 (Linux; Android 6.0.1; Nexus 5X Build/MMB29P) AppleWebKit/537.36 (KHTML, like Gecko) Chrome/151.0.7922.137 Mobile Safari/537.36 (compatible; GoogleOther)"
66.249.69.164 - - [20/Aug/2026:22:27:08 -0700] "GET /dp/9a24a5e553588 HTTP/1.1" 200 21502 "-" "Mozilla/5.0 (Linux; Android 6.0.1; Nexus 5X Build/MMB29P) AppleWebKit/537.36 (KHTML, like Gecko) Chrome/151.0.7922.137 Mobile Safari/537.36 (compatible; GoogleOther)"
66.249.69.165 - - [20/Aug/2026:22:27:11 -0700] "GET /dp/fd474024481677 HTTP/1.1" 200 21911 "-" "Mozilla/5.0 (Linux; Android 6.0.1; Nexus 5X Build/MMB29P) AppleWebKit/537.36 (KHTML, like Gecko) Chrome/151.0.7922.137 Mobile Safari/537.36 (compatible; GoogleOther)"
66.249.69.164 - - [20/Aug/2026:22:27:13 -0700] "GET /?w=3528292831100 HTTP/1.1" 200 22011 "-" "Mozilla/5.0 (Linux; Android 6.0.1; Nexus 5X Build/MMB29P) AppleWebKit/537.36 (KHTML, like Gecko) Chrome/151.0.7922.137 Mobile Safari/537.36 (compatible; Googlebot/2.1; +http://www.google.com/bot.html)"
66.249.69.164 - - [20/Aug/2026:22:27:14 -0700] "GET /dp/1787b553185886 HTTP/1.1" 200 22085 "-" "Mozilla/5.0 (Linux; Android 6.0.1; Nexus 5X Build/MMB29P) AppleWebKit/537.36 (KHTML, like Gecko) Chrome/151.0.7922.137 Mobile Safari/537.36 (compatible; GoogleOther)"
66.249.69.164 - - [20/Aug/2026:22:27:17 -0700] "GET /dp/8f45c663786845 HTTP/1.1" 200 20693 "-" "Mozilla/5.0 (Linux; Android 6.0.1; Nexus 5X Build/MMB29P) AppleWebKit/537.36 (KHTML, like Gecko) Chrome/151.0.7922.137 Mobile Safari/537.36 (compatible; GoogleOther)"
66.249.69.164 - - [20/Aug/2026:22:27:19 -0700] "GET /dp/35c6d902036655 HTTP/1.1" 200 20933 "-" "Mozilla/5.0 (Linux; Android 6.0.1; Nexus 5X Build/MMB29P) AppleWebKit/537.36 (KHTML, like Gecko) Chrome/151.0.7922.137 Mobile Safari/537.36 (compatible; GoogleOther)"
66.249.69.164 - - [20/Aug/2026:22:27:22 -0700] "GET /dp/1137d2c3266762 HTTP/1.1" 200 21634 "-" "Mozilla/5.0 (Linux; Android 6.0.1; Nexus 5X Build/MMB29P) AppleWebKit/537.36 (KHTML, like Gecko) Chrome/151.0.7922.137 Mobile Safari/537.36 (compatible; GoogleOther)"
66.249.69.164 - - [20/Aug/2026:22:27:25 -0700] "GET /dp/c7316043979731 HTTP/1.1" 200 21413 "-" "Mozilla/5.0 (Linux; Android 6.0.1; Nexus 5X Build/MMB29P) AppleWebKit/537.36 (KHTML, like Gecko) Chrome/151.0.7922.137 Mobile Safari/537.36 (compatible; GoogleOther)"
66.249.69.164 - - [20/Aug/2026:22:27:27 -0700] "GET /dp/9e510263132411 HTTP/1.1" 200 21421 "-" "Mozilla/5.0 (Linux; Android 6.0.1; Nexus 5X Build/MMB29P) AppleWebKit/537.36 (KHTML, like Gecko) Chrome/151.0.7922.137 Mobile Safari/537.36 (compatible; GoogleOther)"
66.249.69.165 - - [20/Aug/2026:22:27:30 -0700] "GET /dp/18b7b831701459 HTTP/1.1" 200 21540 "-" "Mozilla/5.0 (Linux; Android 6.0.1; Nexus 5X Build/MMB29P) AppleWebKit/537.36 (KHTML, like Gecko) Chrome/151.0.7922.137 Mobile Safari/537.36 (compatible; GoogleOther)"
66.249.69.164 - - [20/Aug/2026:22:27:33 -0700] "GET /dp/723589e3665435 HTTP/1.1" 200 22275 "-" "Mozilla/5.0 (Linux; Android 6.0.1; Nexus 5X Build/MMB29P) AppleWebKit/537.36 (KHTML, like Gecko) Chrome/151.0.7922.137 Mobile Safari/537.36 (compatible; GoogleOther)"
66.249.69.165 - - [20/Aug/2026:22:27:34 -0700] "GET /?w=3365323371100 HTTP/1.1" 200 21118 "-" "Mozilla/5.0 (Linux; Android 6.0.1; Nexus 5X Build/MMB29P) AppleWebKit/537.36 (KHTML, like Gecko) Chrome/151.0.7922.137 Mobile Safari/537.36 (compatible; Googlebot/2.1; +http://www.google.com/bot.html)"
66.249.69.164 - - [20/Aug/2026:22:27:35 -0700] "GET /dp/914a5ff1884755 HTTP/1.1" 200 21748 "-" "Mozilla/5.0 (Linux; Android 6.0.1; Nexus 5X Build/MMB29P) AppleWebKit/537.36 (KHTML, like Gecko) Chrome/151.0.7922.137 Mobile Safari/537.36 (compatible; GoogleOther)"
66.249.69.165 - - [20/Aug/2026:22:27:38 -0700] "GET /dp/821f99d4461412 HTTP/1.1" 200 22352 "-" "Mozilla/5.0 (Linux; Android 6.0.1; Nexus 5X Build/MMB29P) AppleWebKit/537.36 (KHTML, like Gecko) Chrome/151.0.7922.137 Mobile Safari/537.36 (compatible; GoogleOther)"
66.249.69.165 - - [20/Aug/2026:22:27:40 -0700] "GET /dp/1e08f743591283 HTTP/1.1" 200 20975 "-" "Mozilla/5.0 (Linux; Android 6.0.1; Nexus 5X Build/MMB29P) AppleWebKit/537.36 (KHTML, like Gecko) Chrome/151.0.7922.137 Mobile Safari/537.36 (compatible; GoogleOther)"
66.249.69.165 - - [20/Aug/2026:22:27:41 -0700] "GET /?w=350732631100 HTTP/1.1" 200 21889 "-" "Mozilla/5.0 (Linux; Android 6.0.1; Nexus 5X Build/MMB29P) AppleWebKit/537.36 (KHTML, like Gecko) Chrome/151.0.7922.137 Mobile Safari/537.36 (compatible; Googlebot/2.1; +http://www.google.com/bot.html)"
66.249.69.164 - - [20/Aug/2026:22:27:43 -0700] "GET /dp/99e6f054527658 HTTP/1.1" 200 21361 "-" "Mozilla/5.0 (Linux; Android 6.0.1; Nexus 5X Build/MMB29P) AppleWebKit/537.36 (KHTML, like Gecko) Chrome/151.0.7922.137 Mobile Safari/537.36 (compatible; GoogleOther)"
66.249.69.165 - - [20/Aug/2026:22:27:46 -0700] "GET /dp/59590661915896 HTTP/1.1" 200 22021 "-" "Mozilla/5.0 (Linux; Android 6.0.1; Nexus 5X Build/MMB29P) AppleWebKit/537.36 (KHTML, like Gecko) Chrome/151.0.7922.137 Mobile Safari/537.36 (compatible; GoogleOther)"
66.249.69.164 - - [20/Aug/2026:22:27:48 -0700] "GET /dp/0de84834232498 HTTP/1.1" 200 22390 "-" "Mozilla/5.0 (Linux; Android 6.0.1; Nexus 5X Build/MMB29P) AppleWebKit/537.36 (KHTML, like Gecko) Chrome/151.0.7922.137 Mobile Safari/537.36 (compatible; GoogleOther)"
66.249.69.164 - - [20/Aug/2026:22:27:49 -0700] "GET /?w=3520424791100 HTTP/1.1" 200 21790 "-" "Mozilla/5.0 (Linux; Android 6.0.1; Nexus 5X Build/MMB29P) AppleWebKit/537.36 (KHTML, like Gecko) Chrome/151.0.7922.137 Mobile Safari/537.36 (compatible; Googlebot/2.1; +http://www.google.com/bot.html)"
66.249.69.166 - - [20/Aug/2026:22:27:51 -0700] "GET /dp/76a90f44215983 HTTP/1.1" 200 21433 "-" "Mozilla/5.0 (Linux; Android 6.0.1; Nexus 5X Build/MMB29P) AppleWebKit/537.36 (KHTML, like Gecko) Chrome/151.0.7922.137 Mobile Safari/537.36 (compatible; GoogleOther)"
66.249.69.165 - - [20/Aug/2026:22:27:54 -0700] "GET /dp/4345ad13474674 HTTP/1.1" 200 21750 "-" "Mozilla/5.0 (Linux; Android 6.0.1; Nexus 5X Build/MMB29P) AppleWebKit/537.36 (KHTML, like Gecko) Chrome/151.0.7922.137 Mobile Safari/537.36 (compatible; GoogleOther)"
66.249.69.164 - - [20/Aug/2026:22:27:57 -0700] "GET /dp/634d8214960166 HTTP/1.1" 200 21269 "-" "Mozilla/5.0 (Linux; Android 6.0.1; Nexus 5X Build/MMB29P) AppleWebKit/537.36 (KHTML, like Gecko) Chrome/151.0.7922.137 Mobile Safari/537.36 (compatible; GoogleOther)"
66.249.69.165 - - [20/Aug/2026:22:27:59 -0700] "GET /dp/6e50518139255 HTTP/1.1" 200 20776 "-" "Mozilla/5.0 (Linux; Android 6.0.1; Nexus 5X Build/MMB29P) AppleWebKit/537.36 (KHTML, like Gecko) Chrome/151.0.7922.137 Mobile Safari/537.36 (compatible; GoogleOther)"
66.249.69.164 - - [20/Aug/2026:22:28:02 -0700] "GET /dp/e491eb14348968 HTTP/1.1" 200 22547 "-" "Mozilla/5.0 (Linux; Android 6.0.1; Nexus 5X Build/MMB29P) AppleWebKit/537.36 (KHTML, like Gecko) Chrome/151.0.7922.137 Mobile Safari/537.36 (compatible; GoogleOther)"
66.249.69.165 - - [20/Aug/2026:22:28:05 -0700] "GET /dp/d36151c4043712 HTTP/1.1" 200 20766 "-" "Mozilla/5.0 (Linux; Android 6.0.1; Nexus 5X Build/MMB29P) AppleWebKit/537.36 (KHTML, like Gecko) Chrome/151.0.7922.137 Mobile Safari/537.36 (compatible; GoogleOther)"
66.249.69.164 - - [20/Aug/2026:22:28:08 -0700] "GET /dp/0fb57681215999 HTTP/1.1" 200 21891 "-" "Mozilla/5.0 (Linux; Android 6.0.1; Nexus 5X Build/MMB29P) AppleWebKit/537.36 (KHTML, like Gecko) Chrome/151.0.7922.137 Mobile Safari/537.36 (compatible; GoogleOther)"
66.249.69.164 - - [20/Aug/2026:22:28:11 -0700] "GET /?product/review/680010451100 HTTP/1.1" 200 21746 "-" "Mozilla/5.0 (Linux; Android 6.0.1; Nexus 5X Build/MMB29P) AppleWebKit/537.36 (KHTML, like Gecko) Chrome/151.0.7922.137 Mobile Safari/537.36 (compatible; Googlebot/2.1; +http://www.google.com/bot.html)"
66.249.69.164 - - [20/Aug/2026:22:28:12 -0700] "GET /dp/795802e3139855 HTTP/1.1" 200 20991 "-" "Mozilla/5.0 (Linux; Android 6.0.1; Nexus 5X Build/MMB29P) AppleWebKit/537.36 (KHTML, like Gecko) Chrome/151.0.7922.137 Mobile Safari/537.36 (compatible; GoogleOther)"
66.249.69.164 - - [20/Aug/2026:22:28:15 -0700] "GET /dp/b25799476910 HTTP/1.1" 200 21610 "-" "Mozilla/5.0 (Linux; Android 6.0.1; Nexus 5X Build/MMB29P) AppleWebKit/537.36 (KHTML, like Gecko) Chrome/151.0.7922.137 Mobile Safari/537.36 (compatible; GoogleOther)"
66.249.69.164 - - [20/Aug/2026:22:28:17 -0700] "GET /dp/209cb544346302 HTTP/1.1" 200 20817 "-" "Mozilla/5.0 (Linux; Android 6.0.1; Nexus 5X Build/MMB29P) AppleWebKit/537.36 (KHTML, like Gecko) Chrome/151.0.7922.137 Mobile Safari/537.36 (compatible; GoogleOther)"
66.249.69.164 - - [20/Aug/2026:22:28:20 -0700] "GET /dp/bf3858a534150 HTTP/1.1" 200 21437 "-" "Mozilla/5.0 (Linux; Android 6.0.1; Nexus 5X Build/MMB29P) AppleWebKit/537.36 (KHTML, like Gecko) Chrome/151.0.7922.137 Mobile Safari/537.36 (compatible; GoogleOther)"
66.249.69.164 - - [20/Aug/2026:22:28:27 -0700] "GET /dp/3799af41421355 HTTP/1.1" 200 20942 "-" "Mozilla/5.0 (Linux; Android 6.0.1; Nexus 5X Build/MMB29P) AppleWebKit/537.36 (KHTML, like Gecko) Chrome/151.0.7922.137 Mobile Safari/537.36 (compatible; GoogleOther)"
66.249.69.164 - - [20/Aug/2026:22:28:28 -0700] "GET /?w=1102253281100 HTTP/1.1" 200 21617 "-" "Mozilla/5.0 (Linux; Android 6.0.1; Nexus 5X Build/MMB29P) AppleWebKit/537.36 (KHTML, like Gecko) Chrome/151.0.7922.137 Mobile Safari/537.36 (compatible; Googlebot/2.1; +http://www.google.com/bot.html)"
66.249.69.164 - - [20/Aug/2026:22:28:30 -0700] "GET /dp/0967a673247462 HTTP/1.1" 200 21286 "-" "Mozilla/5.0 (Linux; Android 6.0.1; Nexus 5X Build/MMB29P) AppleWebKit/537.36 (KHTML, like Gecko) Chrome/151.0.7922.137 Mobile Safari/537.36 (compatible; GoogleOther)"
66.249.69.164 - - [20/Aug/2026:22:28:32 -0700] "GET /dp/9f864fd351908 HTTP/1.1" 200 21090 "-" "Mozilla/5.0 (Linux; Android 6.0.1; Nexus 5X Build/MMB29P) AppleWebKit/537.36 (KHTML, like Gecko) Chrome/151.0.7922.137 Mobile Safari/537.36 (compatible; GoogleOther)"
66.249.69.165 - - [20/Aug/2026:22:28:35 -0700] "GET /dp/903bb752055020 HTTP/1.1" 200 21993 "-" "Mozilla/5.0 (Linux; Android 6.0.1; Nexus 5X Build/MMB29P) AppleWebKit/537.36 (KHTML, like Gecko) Chrome/151.0.7922.137 Mobile Safari/537.36 (compatible; GoogleOther)"
66.249.69.165 - - [20/Aug/2026:22:28:38 -0700] "GET /dp/b991aa24087482 HTTP/1.1" 200 20996 "-" "Mozilla/5.0 (Linux; Android 6.0.1; Nexus 5X Build/MMB29P) AppleWebKit/537.36 (KHTML, like Gecko) Chrome/151.0.7922.137 Mobile Safari/537.36 (compatible; GoogleOther)"
66.249.69.165 - - [20/Aug/2026:22:28:40 -0700] "GET /?w=1111702541100 HTTP/1.1" 200 21820 "-" "Mozilla/5.0 (Linux; Android 6.0.1; Nexus 5X Build/MMB29P) AppleWebKit/537.36 (KHTML, like Gecko) Chrome/151.0.7922.137 Mobile Safari/537.36 (compatible; Googlebot/2.1; +http://www.google.com/bot.html)"
66.249.69.164 - - [20/Aug/2026:22:28:41 -0700] "GET /dp/724b6812223552 HTTP/1.1" 200 21722 "-" "Mozilla/5.0 (Linux; Android 6.0.1; Nexus 5X Build/MMB29P) AppleWebKit/537.36 (KHTML, like Gecko) Chrome/151.0.7922.137 Mobile Safari/537.36 (compatible; GoogleOther)"
66.249.69.164 - - [20/Aug/2026:22:28:43 -0700] "GET /dp/3d7d16d3444129 HTTP/1.1" 200 21723 "-" "Mozilla/5.0 (Linux; Android 6.0.1; Nexus 5X Build/MMB29P) AppleWebKit/537.36 (KHTML, like Gecko) Chrome/151.0.7922.137 Mobile Safari/537.36 (compatible; GoogleOther)"
66.249.69.165 - - [20/Aug/2026:22:28:46 -0700] "GET /dp/041f7e01343162 HTTP/1.1" 200 21033 "-" "Mozilla/5.0 (Linux; Android 6.0.1; Nexus 5X Build/MMB29P) AppleWebKit/537.36 (KHTML, like Gecko) Chrome/151.0.7922.137 Mobile Safari/537.36 (compatible; GoogleOther)"
66.249.69.165 - - [20/Aug/2026:22:28:49 -0700] "GET /dp/70275e2638854 HTTP/1.1" 200 21664 "-" "Mozilla/5.0 (Linux; Android 6.0.1; Nexus 5X Build/MMB29P) AppleWebKit/537.36 (KHTML, like Gecko) Chrome/151.0.7922.137 Mobile Safari/537.36 (compatible; GoogleOther)"
66.249.69.164 - - [20/Aug/2026:22:28:52 -0700] "GET /dp/4468c3f2180144 HTTP/1.1" 200 22112 "-" "Mozilla/5.0 (Linux; Android 6.0.1; Nexus 5X Build/MMB29P) AppleWebKit/537.36 (KHTML, like Gecko) Chrome/151.0.7922.137 Mobile Safari/537.36 (compatible; GoogleOther)"
66.249.69.164 - - [20/Aug/2026:22:28:52 -0700] "GET /?w=1112851261100 HTTP/1.1" 200 21637 "-" "Mozilla/5.0 (Linux; Android 6.0.1; Nexus 5X Build/MMB29P) AppleWebKit/537.36 (KHTML, like Gecko) Chrome/151.0.7922.137 Mobile Safari/537.36 (compatible; Googlebot/2.1; +http://www.google.com/bot.html)"
66.249.69.165 - - [20/Aug/2026:22:28:54 -0700] "GET /dp/e71d3713045883 HTTP/1.1" 200 21948 "-" "Mozilla/5.0 (Linux; Android 6.0.1; Nexus 5X Build/MMB29P) AppleWebKit/537.36 (KHTML, like Gecko) Chrome/151.0.7922.137 Mobile Safari/537.36 (compatible; GoogleOther)"
66.249.69.165 - - [20/Aug/2026:22:28:57 -0700] "GET /dp/3279655800232 HTTP/1.1" 200 22178 "-" "Mozilla/5.0 (Linux; Android 6.0.1; Nexus 5X Build/MMB29P) AppleWebKit/537.36 (KHTML, like Gecko) Chrome/151.0.7922.137 Mobile Safari/537.36 (compatible; GoogleOther)"
