Yanz Mini Shell
[_]
[-]
[X]
[
HomeShell 1
] [
HomeShell 2
] [
Upload
] [
Command Shell
] [
Scripting
] [
About
]
[ Directory ] =>
/
home
lifesavingnursin
public_html
Action
[*]
New File
[*]
New Folder
Sensitive File
[*]
/etc/passwd
[*]
/etc/shadow
[*]
/etc/resolv.conf
[
Delete
] [
Edit
] [
Rename
] [
Back
]
161.123.208.59 - - [20/Aug/2026:09:07:01 -0700] "GET /3585-rank213 HTTP/1.1" 200 148144 "-" "Mozilla/5.0 (compatible; Yahoo! Slurp; http://help.yahoo.com/help/us/ysearch/slurp)"
72.46.157.10 - - [20/Aug/2026:09:07:16 -0700] "GET /?w=2947723861100 HTTP/1.1" 200 131 "https://lifesavingnursing.com/wp-sitemap-taxonomies-resources-tag-1.xml" "Mozilla/5.0 (Linux; Android 13; M2102J25) AppleWebKit/537.36 (KHTML, like Gecko) Chrome/140.0.5816.19 Mobile Safari/537.36 MicroMessenger/8.0.32(0x18001B3F) NetType/WIFI Language/zh_CN"
66.249.69.165 - - [20/Aug/2026:09:26:00 -0700] "GET /?w=349808811100 HTTP/1.1" 200 16582 "-" "Mozilla/5.0 (Linux; Android 6.0.1; Nexus 5X Build/MMB29P) AppleWebKit/537.36 (KHTML, like Gecko) Chrome/151.0.7922.137 Mobile Safari/537.36 (compatible; Googlebot/2.1; +http://www.google.com/bot.html)"
40.77.167.241 - - [20/Aug/2026:09:26:15 -0700] "GET /item/419203/ HTTP/2.0" 200 5 "-" "Mozilla/5.0 AppleWebKit/537.36 (KHTML, like Gecko; compatible; bingbot/2.0; +http://www.bing.com/bingbot.htm) Chrome/116.0.1938.76 Safari/537.36"
46.184.246.141 - - [20/Aug/2026:09:29:38 -0700] "GET /?w=2889500711100 HTTP/1.1" 200 131 "https://lifesavingnursing.com/wp-sitemap-taxonomies-resources-tag-1.xml" "Mozilla/5.0 (Linux; Android 15; V2185) AppleWebKit/537.36 (KHTML, like Gecko) Chrome/151.0.5901.5 Mobile Safari/537.36"
136.115.222.216 - - [20/Aug/2026:09:30:40 -0700] "GET / HTTP/1.1" 200 12488 "-" "Mozilla/5.0 (Windows NT 6.3; Win64; x64) AppleWebKit/537.36 (KHTML, like Gecko) Chrome/37.0.2049.0 Safari/537.36"
154.57.193.25 - - [20/Aug/2026:09:34:42 -0700] "GET / HTTP/2.0" 200 136 "-" "Mozilla/5.0 (Linux; Android 10; K) AppleWebKit/537.36 (KHTML, like Gecko) Chrome/151.0.0.0 Mobile Safari/537.36"
154.57.193.25 - - [20/Aug/2026:09:34:44 -0700] "GET /favicon.ico HTTP/2.0" 200 5 "https://lifesavingnursing.com/" "Mozilla/5.0 (Linux; Android 10; K) AppleWebKit/537.36 (KHTML, like Gecko) Chrome/151.0.0.0 Mobile Safari/537.36"
154.57.193.25 - - [20/Aug/2026:09:34:45 -0700] "GET /apple-touch-icon.png HTTP/2.0" 200 235 "-" "DuckDuckGo/5 (com.duckduckgo.mobile.android; Android API 35)"
154.57.193.25 - - [20/Aug/2026:09:34:45 -0700] "GET /favicon.ico HTTP/2.0" 200 1 "-" "DuckDuckGo/5 (com.duckduckgo.mobile.android; Android API 35)"
66.249.69.166 - - [20/Aug/2026:09:38:17 -0700] "GET /?w=347148071100 HTTP/1.1" 200 16837 "-" "Mozilla/5.0 (Linux; Android 6.0.1; Nexus 5X Build/MMB29P) AppleWebKit/537.36 (KHTML, like Gecko) Chrome/151.0.7922.137 Mobile Safari/537.36 (compatible; Googlebot/2.1; +http://www.google.com/bot.html)"
155.254.16.28 - - [20/Aug/2026:09:41:13 -0700] "POST /wp-cron.php?doing_wp_cron=1787244073.2917840480804443359375 HTTP/1.1" 200 1 "-" "WordPress/7.1; https://lifesavingnursing.com"
197.188.227.96 - - [20/Aug/2026:09:41:11 -0700] "GET /?w=299292811100 HTTP/1.1" 200 131 "https://lifesavingnursing.com/wp-sitemap-taxonomies-services-category-1.xml" "Mozilla/5.0 (iPhone; CPU iPhone OS 18_1 like Mac OS X) AppleWebKit/605.1.15 (KHTML, like Gecko) Version/18.1 Mobile/15E148 Safari/604.1"
66.249.69.164 - - [20/Aug/2026:09:44:52 -0700] "GET /?w=349583911100 HTTP/1.1" 200 16663 "-" "Mozilla/5.0 (Linux; Android 6.0.1; Nexus 5X Build/MMB29P) AppleWebKit/537.36 (KHTML, like Gecko) Chrome/151.0.7922.137 Mobile Safari/537.36 (compatible; Googlebot/2.1; +http://www.google.com/bot.html)"
178.153.246.87 - - [20/Aug/2026:09:49:36 -0700] "GET /?w=2910726081100 HTTP/1.1" 200 131 "https://lifesavingnursing.com/wp-sitemap-taxonomies-services-category-1.xml" "Mozilla/5.0 (iPhone; CPU iPhone OS 16_2 like Mac OS X) AppleWebKit/605.1.15 (KHTML, like Gecko) Version/16.2 Mobile/15E148 Safari/604.1"
66.249.69.166 - - [20/Aug/2026:09:51:17 -0700] "GET /?product/category/view_more/2583378941100 HTTP/1.1" 200 16603 "-" "Mozilla/5.0 (Linux; Android 6.0.1; Nexus 5X Build/MMB29P) AppleWebKit/537.36 (KHTML, like Gecko) Chrome/151.0.7922.137 Mobile Safari/537.36 (compatible; Googlebot/2.1; +http://www.google.com/bot.html)"
220.181.108.157 - - [20/Aug/2026:09:51:54 -0700] "GET /tag/tips/ HTTP/2.0" 200 225 "-" "Mozilla/5.0 (compatible; Baiduspider/2.0; +http://www.baidu.com/search/spider.html)"
116.179.32.202 - - [20/Aug/2026:09:51:54 -0700] "GET /2019/06/26/aron-kleins-captivating-images-of-the-bulgarian-demon-chasers/ HTTP/2.0" 200 262 "-" "Mozilla/5.0 (compatible; Baiduspider/2.0; +http://www.baidu.com/search/spider.html)"
67.209.139.225 - - [20/Aug/2026:09:52:27 -0700] "GET /?w=2903949671100 HTTP/1.1" 200 131 "https://lifesavingnursing.com/wp-sitemap-taxonomies-resources-tag-1.xml" "Mozilla/5.0 (Linux; Android 13; OPPO PCLM0) AppleWebKit/537.36 (KHTML, like Gecko) Chrome/142.0.5613.96 Mobile Safari/537.36"
66.249.69.164 - - [20/Aug/2026:09:58:26 -0700] "GET /?img_6d0bcc8d162b7afaac8d8cc1c7cfd033/favicon HTTP/1.1" 200 560 "-" "Googlebot-Image/1.0"
40.77.167.1 - - [20/Aug/2026:10:02:27 -0700] "GET /item/1379207/ HTTP/2.0" 200 5 "-" "Mozilla/5.0 AppleWebKit/537.36 (KHTML, like Gecko; compatible; bingbot/2.0; +http://www.bing.com/bingbot.htm) Chrome/116.0.1938.76 Safari/537.36"
66.249.69.164 - - [20/Aug/2026:10:13:44 -0700] "GET /?w=349481841100 HTTP/1.1" 200 16902 "-" "Mozilla/5.0 (Linux; Android 6.0.1; Nexus 5X Build/MMB29P) AppleWebKit/537.36 (KHTML, like Gecko) Chrome/151.0.7922.137 Mobile Safari/537.36 (compatible; Googlebot/2.1; +http://www.google.com/bot.html)"
52.167.144.206 - - [20/Aug/2026:10:19:29 -0700] "GET /item/79690/ HTTP/2.0" 200 131 "-" "Mozilla/5.0 AppleWebKit/537.36 (KHTML, like Gecko; compatible; bingbot/2.0; +http://www.bing.com/bingbot.htm) Chrome/116.0.1938.76 Safari/537.36"
188.236.189.154 - - [20/Aug/2026:10:20:39 -0700] "GET /?w=285897421100 HTTP/1.1" 200 131 "https://lifesavingnursing.com/wp-sitemap-taxonomies-resources-tag-1.xml" "Mozilla/5.0 (iPhone; CPU iPhone OS 17_0 like Mac OS X) AppleWebKit/605.1.15 (KHTML, like Gecko) Version/17.0 Mobile/15E148 Safari/604.1 MicroMessenger/8.0.31(0x18001B3F) NetType/WIFI Language/zh_CN"
66.249.69.166 - - [20/Aug/2026:10:22:44 -0700] "GET /?w=2704435691100 HTTP/1.1" 200 17363 "-" "Mozilla/5.0 (Linux; Android 6.0.1; Nexus 5X Build/MMB29P) AppleWebKit/537.36 (KHTML, like Gecko) Chrome/151.0.7922.137 Mobile Safari/537.36 (compatible; Googlebot/2.1; +http://www.google.com/bot.html)"
66.249.69.165 - - [20/Aug/2026:10:24:19 -0700] "GET /?w=350334731100 HTTP/1.1" 200 17231 "-" "Mozilla/5.0 (Linux; Android 6.0.1; Nexus 5X Build/MMB29P) AppleWebKit/537.36 (KHTML, like Gecko) Chrome/151.0.7922.137 Mobile Safari/537.36 (compatible; Googlebot/2.1; +http://www.google.com/bot.html)"
66.249.69.164 - - [20/Aug/2026:10:25:34 -0700] "GET /?w=2702089811100 HTTP/1.1" 200 16993 "-" "Mozilla/5.0 (Linux; Android 6.0.1; Nexus 5X Build/MMB29P) AppleWebKit/537.36 (KHTML, like Gecko) Chrome/151.0.7922.137 Mobile Safari/537.36 (compatible; Googlebot/2.1; +http://www.google.com/bot.html)"
187.153.122.21 - - [20/Aug/2026:10:29:08 -0700] "GET /?w=2925870501100 HTTP/1.1" 200 131 "https://lifesavingnursing.com/wp-sitemap-taxonomies-resources-tag-1.xml" "Mozilla/5.0 (Linux; Android 14; OPPO PCLM0) AppleWebKit/537.36 (KHTML, like Gecko) Chrome/149.0.5048.110 Mobile Safari/537.36"
66.249.69.164 - - [20/Aug/2026:10:29:50 -0700] "GET /?shop/sold?id=top3329380891100 HTTP/1.1" 200 17209 "-" "Mozilla/5.0 (Linux; Android 6.0.1; Nexus 5X Build/MMB29P) AppleWebKit/537.36 (KHTML, like Gecko) Chrome/151.0.7922.137 Mobile Safari/537.36 (compatible; Googlebot/2.1; +http://www.google.com/bot.html)"
176.105.222.177 - - [20/Aug/2026:10:32:01 -0700] "GET /?w=2902458411100 HTTP/1.1" 200 131 "https://lifesavingnursing.com/wp-sitemap-taxonomies-resources-tag-1.xml" "Mozilla/5.0 (Linux; Android 15; M2102J20) AppleWebKit/537.36 (KHTML, like Gecko) Chrome/142.0.5680.137 Mobile Safari/537.36"
66.249.69.164 - - [20/Aug/2026:10:34:01 -0700] "GET /?w=1415321001100 HTTP/1.1" 200 16959 "-" "Mozilla/5.0 (Linux; Android 6.0.1; Nexus 5X Build/MMB29P) AppleWebKit/537.36 (KHTML, like Gecko) Chrome/151.0.7922.137 Mobile Safari/537.36 (compatible; GoogleOther)"
66.249.69.165 - - [20/Aug/2026:10:35:34 -0700] "GET /freeshipping HTTP/1.1" 200 16911 "-" "Mozilla/5.0 (Linux; Android 6.0.1; Nexus 5X Build/MMB29P) AppleWebKit/537.36 (KHTML, like Gecko) Chrome/151.0.7922.137 Mobile Safari/537.36 (compatible; GoogleOther)"
66.249.69.165 - - [20/Aug/2026:10:37:18 -0700] "GET /bags HTTP/1.1" 200 17118 "-" "Mozilla/5.0 (Linux; Android 6.0.1; Nexus 5X Build/MMB29P) AppleWebKit/537.36 (KHTML, like Gecko) Chrome/151.0.7922.137 Mobile Safari/537.36 (compatible; GoogleOther)"
66.249.69.165 - - [20/Aug/2026:10:37:27 -0700] "GET /?w=2613557061100 HTTP/1.1" 200 17171 "-" "Mozilla/5.0 (Linux; Android 6.0.1; Nexus 5X Build/MMB29P) AppleWebKit/537.36 (KHTML, like Gecko) Chrome/151.0.7922.137 Mobile Safari/537.36 (compatible; Googlebot/2.1; +http://www.google.com/bot.html)"
66.249.69.164 - - [20/Aug/2026:10:37:55 -0700] "GET /?w=350526761100 HTTP/1.1" 200 16876 "-" "Mozilla/5.0 (Linux; Android 6.0.1; Nexus 5X Build/MMB29P) AppleWebKit/537.36 (KHTML, like Gecko) Chrome/151.0.7922.137 Mobile Safari/537.36 (compatible; Googlebot/2.1; +http://www.google.com/bot.html)"
66.249.69.164 - - [20/Aug/2026:10:37:56 -0700] "GET /testimonials HTTP/1.1" 200 17271 "-" "Mozilla/5.0 (Linux; Android 6.0.1; Nexus 5X Build/MMB29P) AppleWebKit/537.36 (KHTML, like Gecko) Chrome/151.0.7922.137 Mobile Safari/537.36 (compatible; GoogleOther)"
66.249.69.166 - - [20/Aug/2026:10:38:00 -0700] "GET /?css_6d0bcc8d162b7afaac8d8cc1c7cfd033/common HTTP/1.1" 200 28405 "https://lifesavingnursing.com/testimonials" "Mozilla/5.0 (Linux; Android 6.0.1; Nexus 5X Build/MMB29P) AppleWebKit/537.36 (KHTML, like Gecko) Chrome/151.0.7922.137 Mobile Safari/537.36 (compatible; GoogleOther)"
40.77.167.0 - - [20/Aug/2026:10:39:10 -0700] "GET /item/616338/ HTTP/2.0" 200 5 "-" "Mozilla/5.0 AppleWebKit/537.36 (KHTML, like Gecko; compatible; bingbot/2.0; +http://www.bing.com/bingbot.htm) Chrome/116.0.1938.76 Safari/537.36"
66.249.69.164 - - [20/Aug/2026:10:40:55 -0700] "GET /?w=1406698681100 HTTP/1.1" 200 16559 "-" "Mozilla/5.0 (Linux; Android 6.0.1; Nexus 5X Build/MMB29P) AppleWebKit/537.36 (KHTML, like Gecko) Chrome/151.0.7922.137 Mobile Safari/537.36 (compatible; GoogleOther)"
66.249.69.166 - - [20/Aug/2026:10:41:03 -0700] "GET /privacy-policy HTTP/1.1" 200 17566 "-" "Mozilla/5.0 (Linux; Android 6.0.1; Nexus 5X Build/MMB29P) AppleWebKit/537.36 (KHTML, like Gecko) Chrome/151.0.7922.137 Mobile Safari/537.36 (compatible; GoogleOther)"
66.249.69.164 - - [20/Aug/2026:10:41:06 -0700] "GET /?css_6d0bcc8d162b7afaac8d8cc1c7cfd033/common HTTP/1.1" 200 28405 "https://lifesavingnursing.com/privacy-policy" "Mozilla/5.0 (Linux; Android 6.0.1; Nexus 5X Build/MMB29P) AppleWebKit/537.36 (KHTML, like Gecko) Chrome/151.0.7922.137 Mobile Safari/537.36 (compatible; GoogleOther)"
155.254.16.28 - - [20/Aug/2026:10:41:09 -0700] "POST /wp-cron.php?doing_wp_cron=1787247669.6069450378417968750000 HTTP/1.1" 200 1 "-" "WordPress/7.1; https://lifesavingnursing.com"
66.249.69.165 - - [20/Aug/2026:10:41:09 -0700] "GET /cdn-cgi/scripts/5c5dd728/cloudflare-static/email-decode.min.js HTTP/1.1" 200 131 "https://lifesavingnursing.com/privacy-policy" "Mozilla/5.0 (Linux; Android 6.0.1; Nexus 5X Build/MMB29P) AppleWebKit/537.36 (KHTML, like Gecko) Chrome/151.0.7922.137 Mobile Safari/537.36 (compatible; GoogleOther)"
66.249.69.164 - - [20/Aug/2026:10:48:20 -0700] "GET /?w=2685448941100 HTTP/1.1" 200 17494 "-" "Mozilla/5.0 (Linux; Android 6.0.1; Nexus 5X Build/MMB29P) AppleWebKit/537.36 (KHTML, like Gecko) Chrome/151.0.7922.137 Mobile Safari/537.36 (compatible; Googlebot/2.1; +http://www.google.com/bot.html)"
66.249.69.164 - - [20/Aug/2026:10:51:40 -0700] "GET /?w=2600244711100 HTTP/1.1" 200 17330 "-" "Mozilla/5.0 (Linux; Android 6.0.1; Nexus 5X Build/MMB29P) AppleWebKit/537.36 (KHTML, like Gecko) Chrome/151.0.7922.137 Mobile Safari/537.36 (compatible; GoogleOther)"
66.249.69.165 - - [20/Aug/2026:10:51:42 -0700] "GET /inventario-en-mexico HTTP/1.1" 200 16963 "-" "Mozilla/5.0 (Linux; Android 6.0.1; Nexus 5X Build/MMB29P) AppleWebKit/537.36 (KHTML, like Gecko) Chrome/151.0.7922.137 Mobile Safari/537.36 (compatible; GoogleOther)"
201.207.90.58 - - [20/Aug/2026:10:51:47 -0700] "GET /?w=2863664891100 HTTP/1.1" 200 131 "https://lifesavingnursing.com/wp-sitemap-taxonomies-services-category-1.xml" "Mozilla/5.0 (iPhone; CPU iPhone OS 18_2 like Mac OS X) AppleWebKit/605.1.15 (KHTML, like Gecko) Version/18.2 Mobile/15E148 Safari/604.1 MicroMessenger/8.0.48(0x18001B3F) NetType/WIFI Language/zh_CN"
66.249.69.165 - - [20/Aug/2026:10:53:14 -0700] "GET /?w=610379681100 HTTP/1.1" 200 16804 "-" "Mozilla/5.0 (Linux; Android 6.0.1; Nexus 5X Build/MMB29P) AppleWebKit/537.36 (KHTML, like Gecko) Chrome/151.0.7922.137 Mobile Safari/537.36 (compatible; GoogleOther)"
66.249.69.164 - - [20/Aug/2026:10:53:27 -0700] "GET /?beginnersGuide HTTP/1.1" 200 16246 "-" "Mozilla/5.0 (Linux; Android 6.0.1; Nexus 5X Build/MMB29P) AppleWebKit/537.36 (KHTML, like Gecko) Chrome/151.0.7922.137 Mobile Safari/537.36 (compatible; GoogleOther)"
66.249.69.164 - - [20/Aug/2026:10:53:55 -0700] "GET /?w=2701520641100 HTTP/1.1" 200 17313 "-" "Mozilla/5.0 (Linux; Android 6.0.1; Nexus 5X Build/MMB29P) AppleWebKit/537.36 (KHTML, like Gecko) Chrome/151.0.7922.137 Mobile Safari/537.36 (compatible; Googlebot/2.1; +http://www.google.com/bot.html)"
66.249.69.164 - - [20/Aug/2026:10:54:33 -0700] "GET /?w=350256881100 HTTP/1.1" 200 16370 "-" "Mozilla/5.0 (Linux; Android 6.0.1; Nexus 5X Build/MMB29P) AppleWebKit/537.36 (KHTML, like Gecko) Chrome/151.0.7922.137 Mobile Safari/537.36 (compatible; Googlebot/2.1; +http://www.google.com/bot.html)"
66.249.69.164 - - [20/Aug/2026:10:54:46 -0700] "GET /?w=599131221100 HTTP/1.1" 200 17153 "-" "Mozilla/5.0 (Linux; Android 6.0.1; Nexus 5X Build/MMB29P) AppleWebKit/537.36 (KHTML, like Gecko) Chrome/151.0.7922.137 Mobile Safari/537.36 (compatible; GoogleOther)"
66.249.69.164 - - [20/Aug/2026:10:54:56 -0700] "GET /?css_6d0bcc8d162b7afaac8d8cc1c7cfd033/common HTTP/1.1" 200 28405 "https://lifesavingnursing.com/?w=599131221100" "Mozilla/5.0 (Linux; Android 6.0.1; Nexus 5X Build/MMB29P) AppleWebKit/537.36 (KHTML, like Gecko) Chrome/151.0.7922.137 Mobile Safari/537.36 (compatible; GoogleOther)"
66.249.69.166 - - [20/Aug/2026:10:55:03 -0700] "GET /?w=2614826881100 HTTP/1.1" 200 16960 "-" "Mozilla/5.0 (Linux; Android 6.0.1; Nexus 5X Build/MMB29P) AppleWebKit/537.36 (KHTML, like Gecko) Chrome/151.0.7922.137 Mobile Safari/537.36 (compatible; Googlebot/2.1; +http://www.google.com/bot.html)"
66.249.69.166 - - [20/Aug/2026:10:55:04 -0700] "GET /?w=585545531100 HTTP/1.1" 200 16677 "-" "Mozilla/5.0 (Linux; Android 6.0.1; Nexus 5X Build/MMB29P) AppleWebKit/537.36 (KHTML, like Gecko) Chrome/151.0.7922.137 Mobile Safari/537.36 (compatible; GoogleOther)"
66.249.69.164 - - [20/Aug/2026:10:55:15 -0700] "GET /?accessories HTTP/1.1" 200 17406 "-" "Mozilla/5.0 (Linux; Android 6.0.1; Nexus 5X Build/MMB29P) AppleWebKit/537.36 (KHTML, like Gecko) Chrome/151.0.7922.137 Mobile Safari/537.36 (compatible; GoogleOther)"
66.249.69.165 - - [20/Aug/2026:10:56:18 -0700] "GET /productSearch/pictureSearch?id=2546974551100 HTTP/1.1" 200 17008 "-" "Mozilla/5.0 (Linux; Android 6.0.1; Nexus 5X Build/MMB29P) AppleWebKit/537.36 (KHTML, like Gecko) Chrome/151.0.7922.137 Mobile Safari/537.36 (compatible; GoogleOther)"
66.249.69.164 - - [20/Aug/2026:10:56:32 -0700] "GET /?w=2695410281100 HTTP/1.1" 200 17166 "-" "Mozilla/5.0 (Linux; Android 6.0.1; Nexus 5X Build/MMB29P) AppleWebKit/537.36 (KHTML, like Gecko) Chrome/151.0.7922.137 Mobile Safari/537.36 (compatible; Googlebot/2.1; +http://www.google.com/bot.html)"
66.249.69.164 - - [20/Aug/2026:10:56:32 -0700] "GET /?shop/sold?id=top3448091761100 HTTP/1.1" 200 17236 "-" "Mozilla/5.0 (Linux; Android 6.0.1; Nexus 5X Build/MMB29P) AppleWebKit/537.36 (KHTML, like Gecko) Chrome/151.0.7922.137 Mobile Safari/537.36 (compatible; Googlebot/2.1; +http://www.google.com/bot.html)"
66.249.69.165 - - [20/Aug/2026:10:57:42 -0700] "GET /?w=600098291100 HTTP/1.1" 200 17307 "-" "Mozilla/5.0 (Linux; Android 6.0.1; Nexus 5X Build/MMB29P) AppleWebKit/537.36 (KHTML, like Gecko) Chrome/151.0.7922.137 Mobile Safari/537.36 (compatible; GoogleOther)"
66.249.69.164 - - [20/Aug/2026:10:57:47 -0700] "GET /?w=2604285991100 HTTP/1.1" 200 16493 "-" "Mozilla/5.0 (Linux; Android 6.0.1; Nexus 5X Build/MMB29P) AppleWebKit/537.36 (KHTML, like Gecko) Chrome/151.0.7922.137 Mobile Safari/537.36 (compatible; Googlebot/2.1; +http://www.google.com/bot.html)"
66.249.69.164 - - [20/Aug/2026:10:57:49 -0700] "GET /?w=603053131100 HTTP/1.1" 200 16957 "-" "Mozilla/5.0 (Linux; Android 6.0.1; Nexus 5X Build/MMB29P) AppleWebKit/537.36 (KHTML, like Gecko) Chrome/151.0.7922.137 Mobile Safari/537.36 (compatible; GoogleOther)"
66.249.69.164 - - [20/Aug/2026:10:57:57 -0700] "GET /?w=347509641100 HTTP/1.1" 200 17366 "-" "Mozilla/5.0 (Linux; Android 6.0.1; Nexus 5X Build/MMB29P) AppleWebKit/537.36 (KHTML, like Gecko) Chrome/151.0.7922.137 Mobile Safari/537.36 (compatible; GoogleOther)"
66.249.69.166 - - [20/Aug/2026:10:58:53 -0700] "GET /?w=2693635301100 HTTP/1.1" 200 16880 "-" "Mozilla/5.0 (Linux; Android 6.0.1; Nexus 5X Build/MMB29P) AppleWebKit/537.36 (KHTML, like Gecko) Chrome/151.0.7922.137 Mobile Safari/537.36 (compatible; Googlebot/2.1; +http://www.google.com/bot.html)"
66.249.69.165 - - [20/Aug/2026:11:00:06 -0700] "GET /?w=2685986971100 HTTP/1.1" 200 17111 "-" "Mozilla/5.0 (Linux; Android 6.0.1; Nexus 5X Build/MMB29P) AppleWebKit/537.36 (KHTML, like Gecko) Chrome/151.0.7922.137 Mobile Safari/537.36 (compatible; Googlebot/2.1; +http://www.google.com/bot.html)"
66.249.69.164 - - [20/Aug/2026:11:00:22 -0700] "GET /?w=597823341100 HTTP/1.1" 200 16498 "-" "Mozilla/5.0 (Linux; Android 6.0.1; Nexus 5X Build/MMB29P) AppleWebKit/537.36 (KHTML, like Gecko) Chrome/151.0.7922.137 Mobile Safari/537.36 (compatible; GoogleOther)"
66.249.69.164 - - [20/Aug/2026:11:00:34 -0700] "GET /?w=349753451100 HTTP/1.1" 200 16877 "-" "Mozilla/5.0 (Linux; Android 6.0.1; Nexus 5X Build/MMB29P) AppleWebKit/537.36 (KHTML, like Gecko) Chrome/151.0.7922.137 Mobile Safari/537.36 (compatible; Googlebot/2.1; +http://www.google.com/bot.html)"
66.249.69.164 - - [20/Aug/2026:11:00:53 -0700] "GET /?w=2613757741100 HTTP/1.1" 200 17089 "-" "Mozilla/5.0 (Linux; Android 6.0.1; Nexus 5X Build/MMB29P) AppleWebKit/537.36 (KHTML, like Gecko) Chrome/151.0.7922.137 Mobile Safari/537.36 (compatible; Googlebot/2.1; +http://www.google.com/bot.html)"
66.249.69.164 - - [20/Aug/2026:11:00:54 -0700] "GET /how-to-register HTTP/1.1" 200 17370 "-" "Mozilla/5.0 (Linux; Android 6.0.1; Nexus 5X Build/MMB29P) AppleWebKit/537.36 (KHTML, like Gecko) Chrome/151.0.7922.137 Mobile Safari/537.36 (compatible; GoogleOther)"
66.249.69.165 - - [20/Aug/2026:11:01:32 -0700] "GET /cdn-cgi/l/email-protection HTTP/1.1" 200 131 "-" "Mozilla/5.0 (Linux; Android 6.0.1; Nexus 5X Build/MMB29P) AppleWebKit/537.36 (KHTML, like Gecko) Chrome/151.0.7922.137 Mobile Safari/537.36 (compatible; GoogleOther)"
66.249.69.165 - - [20/Aug/2026:11:02:17 -0700] "GET /?w=2611660981100 HTTP/1.1" 200 17372 "-" "Mozilla/5.0 (Linux; Android 6.0.1; Nexus 5X Build/MMB29P) AppleWebKit/537.36 (KHTML, like Gecko) Chrome/151.0.7922.137 Mobile Safari/537.36 (compatible; Googlebot/2.1; +http://www.google.com/bot.html)"
66.249.69.164 - - [20/Aug/2026:11:02:41 -0700] "GET /?w=347687831100 HTTP/1.1" 200 17741 "-" "Mozilla/5.0 (Linux; Android 6.0.1; Nexus 5X Build/MMB29P) AppleWebKit/537.36 (KHTML, like Gecko) Chrome/151.0.7922.137 Mobile Safari/537.36 (compatible; Googlebot/2.1; +http://www.google.com/bot.html)"
66.249.69.165 - - [20/Aug/2026:11:03:34 -0700] "GET /?productSearch/pictureSearch?id=2578777141100 HTTP/1.1" 200 17697 "-" "Mozilla/5.0 (Linux; Android 6.0.1; Nexus 5X Build/MMB29P) AppleWebKit/537.36 (KHTML, like Gecko) Chrome/151.0.7922.137 Mobile Safari/537.36 (compatible; Googlebot/2.1; +http://www.google.com/bot.html)"
66.249.69.166 - - [20/Aug/2026:11:03:57 -0700] "GET /?w=598572431100 HTTP/1.1" 200 16859 "-" "Mozilla/5.0 (Linux; Android 6.0.1; Nexus 5X Build/MMB29P) AppleWebKit/537.36 (KHTML, like Gecko) Chrome/151.0.7922.137 Mobile Safari/537.36 (compatible; GoogleOther)"
66.249.69.164 - - [20/Aug/2026:11:04:45 -0700] "GET /?w=347011401100 HTTP/1.1" 200 16514 "-" "Mozilla/5.0 (Linux; Android 6.0.1; Nexus 5X Build/MMB29P) AppleWebKit/537.36 (KHTML, like Gecko) Chrome/151.0.7922.137 Mobile Safari/537.36 (compatible; Googlebot/2.1; +http://www.google.com/bot.html)"
66.249.69.165 - - [20/Aug/2026:11:05:34 -0700] "GET /?w=348935161100 HTTP/1.1" 200 17200 "-" "Mozilla/5.0 (Linux; Android 6.0.1; Nexus 5X Build/MMB29P) AppleWebKit/537.36 (KHTML, like Gecko) Chrome/151.0.7922.137 Mobile Safari/537.36 (compatible; GoogleOther)"
66.249.69.164 - - [20/Aug/2026:11:05:38 -0700] "GET /faqs HTTP/1.1" 200 16882 "-" "Mozilla/5.0 (Linux; Android 6.0.1; Nexus 5X Build/MMB29P) AppleWebKit/537.36 (KHTML, like Gecko) Chrome/151.0.7922.137 Mobile Safari/537.36 (compatible; GoogleOther)"
66.249.69.164 - - [20/Aug/2026:11:05:46 -0700] "GET /?product/review/2471716091100 HTTP/1.1" 200 17237 "-" "Mozilla/5.0 (Linux; Android 6.0.1; Nexus 5X Build/MMB29P) AppleWebKit/537.36 (KHTML, like Gecko) Chrome/151.0.7922.137 Mobile Safari/537.36 (compatible; Googlebot/2.1; +http://www.google.com/bot.html)"
66.249.69.165 - - [20/Aug/2026:11:07:00 -0700] "GET /?w=598145121100 HTTP/1.1" 200 16796 "-" "Mozilla/5.0 (Linux; Android 6.0.1; Nexus 5X Build/MMB29P) AppleWebKit/537.36 (KHTML, like Gecko) Chrome/151.0.7922.137 Mobile Safari/537.36 (compatible; GoogleOther)"
66.249.69.165 - - [20/Aug/2026:11:07:18 -0700] "GET /?w=350756851100 HTTP/1.1" 200 16710 "-" "Mozilla/5.0 (Linux; Android 6.0.1; Nexus 5X Build/MMB29P) AppleWebKit/537.36 (KHTML, like Gecko) Chrome/151.0.7922.137 Mobile Safari/537.36 (compatible; Googlebot/2.1; +http://www.google.com/bot.html)"
66.249.69.164 - - [20/Aug/2026:11:07:25 -0700] "GET /?w=596610611100 HTTP/1.1" 200 16683 "-" "Mozilla/5.0 (Linux; Android 6.0.1; Nexus 5X Build/MMB29P) AppleWebKit/537.36 (KHTML, like Gecko) Chrome/151.0.7922.137 Mobile Safari/537.36 (compatible; GoogleOther)"
66.249.69.164 - - [20/Aug/2026:11:08:22 -0700] "GET /?w=346976801100 HTTP/1.1" 200 18021 "-" "Mozilla/5.0 (Linux; Android 6.0.1; Nexus 5X Build/MMB29P) AppleWebKit/537.36 (KHTML, like Gecko) Chrome/151.0.7922.137 Mobile Safari/537.36 (compatible; Googlebot/2.1; +http://www.google.com/bot.html)"
66.249.69.165 - - [20/Aug/2026:11:09:58 -0700] "GET /?product/category/view_more/2580842761100 HTTP/1.1" 200 16937 "-" "Mozilla/5.0 (Linux; Android 6.0.1; Nexus 5X Build/MMB29P) AppleWebKit/537.36 (KHTML, like Gecko) Chrome/151.0.7922.137 Mobile Safari/537.36 (compatible; Googlebot/2.1; +http://www.google.com/bot.html)"
66.249.69.164 - - [20/Aug/2026:11:10:04 -0700] "GET /?w=585910561100 HTTP/1.1" 200 17249 "-" "Mozilla/5.0 (Linux; Android 6.0.1; Nexus 5X Build/MMB29P) AppleWebKit/537.36 (KHTML, like Gecko) Chrome/151.0.7922.137 Mobile Safari/537.36 (compatible; GoogleOther)"
66.249.69.164 - - [20/Aug/2026:11:10:51 -0700] "GET /productSearch/pictureSearch?id=2839097161100 HTTP/1.1" 200 17767 "-" "Mozilla/5.0 (Linux; Android 6.0.1; Nexus 5X Build/MMB29P) AppleWebKit/537.36 (KHTML, like Gecko) Chrome/151.0.7922.137 Mobile Safari/537.36 (compatible; GoogleOther)"
102.203.84.194 - - [20/Aug/2026:11:11:09 -0700] "GET /?w=2896038381100 HTTP/1.1" 200 131 "https://lifesavingnursing.com/wp-sitemap-taxonomies-services-category-1.xml" "Mozilla/5.0 (Linux; Android 14; OPPO PCLM3) AppleWebKit/537.36 (KHTML, like Gecko) Chrome/141.0.5496.1 Mobile Safari/537.36 MicroMessenger/8.0.35(0x18001B3F) NetType/WIFI Language/zh_CN"
66.249.69.164 - - [20/Aug/2026:11:11:15 -0700] "GET /?w=347054651100 HTTP/1.1" 200 17001 "-" "Mozilla/5.0 (Linux; Android 6.0.1; Nexus 5X Build/MMB29P) AppleWebKit/537.36 (KHTML, like Gecko) Chrome/151.0.7922.137 Mobile Safari/537.36 (compatible; Googlebot/2.1; +http://www.google.com/bot.html)"
66.249.69.166 - - [20/Aug/2026:11:12:06 -0700] "GET /?w=350815671100 HTTP/1.1" 200 17291 "-" "Mozilla/5.0 (Linux; Android 6.0.1; Nexus 5X Build/MMB29P) AppleWebKit/537.36 (KHTML, like Gecko) Chrome/151.0.7922.137 Mobile Safari/537.36 (compatible; Googlebot/2.1; +http://www.google.com/bot.html)"
66.249.69.164 - - [20/Aug/2026:11:12:54 -0700] "GET /?w=349172171100 HTTP/1.1" 200 16546 "-" "Mozilla/5.0 (Linux; Android 6.0.1; Nexus 5X Build/MMB29P) AppleWebKit/537.36 (KHTML, like Gecko) Chrome/151.0.7922.137 Mobile Safari/537.36 (compatible; Googlebot/2.1; +http://www.google.com/bot.html)"
66.249.69.166 - - [20/Aug/2026:11:13:08 -0700] "GET /productSearch/pictureSearch?id=1059612241100 HTTP/1.1" 200 16388 "-" "Mozilla/5.0 (Linux; Android 6.0.1; Nexus 5X Build/MMB29P) AppleWebKit/537.36 (KHTML, like Gecko) Chrome/151.0.7922.137 Mobile Safari/537.36 (compatible; GoogleOther)"
66.249.69.164 - - [20/Aug/2026:11:14:32 -0700] "GET /?w=347914461100 HTTP/1.1" 200 17202 "-" "Mozilla/5.0 (Linux; Android 6.0.1; Nexus 5X Build/MMB29P) AppleWebKit/537.36 (KHTML, like Gecko) Chrome/151.0.7922.137 Mobile Safari/537.36 (compatible; Googlebot/2.1; +http://www.google.com/bot.html)"
66.249.69.164 - - [20/Aug/2026:11:15:43 -0700] "GET /?w=350030251100 HTTP/1.1" 200 16803 "-" "Mozilla/5.0 (Linux; Android 6.0.1; Nexus 5X Build/MMB29P) AppleWebKit/537.36 (KHTML, like Gecko) Chrome/151.0.7922.137 Mobile Safari/537.36 (compatible; Googlebot/2.1; +http://www.google.com/bot.html)"
66.249.69.165 - - [20/Aug/2026:11:16:07 -0700] "GET /?w=594794111100 HTTP/1.1" 200 17497 "-" "Mozilla/5.0 (Linux; Android 6.0.1; Nexus 5X Build/MMB29P) AppleWebKit/537.36 (KHTML, like Gecko) Chrome/151.0.7922.137 Mobile Safari/537.36 (compatible; GoogleOther)"
66.249.69.165 - - [20/Aug/2026:11:16:11 -0700] "GET /?w=593719781100 HTTP/1.1" 200 17343 "-" "Mozilla/5.0 (Linux; Android 6.0.1; Nexus 5X Build/MMB29P) AppleWebKit/537.36 (KHTML, like Gecko) Chrome/151.0.7922.137 Mobile Safari/537.36 (compatible; GoogleOther)"
66.249.69.164 - - [20/Aug/2026:11:16:49 -0700] "GET /best-deal HTTP/1.1" 200 16374 "-" "Mozilla/5.0 (Linux; Android 6.0.1; Nexus 5X Build/MMB29P) AppleWebKit/537.36 (KHTML, like Gecko) Chrome/151.0.7922.137 Mobile Safari/537.36 (compatible; GoogleOther)"
66.249.69.164 - - [20/Aug/2026:11:17:06 -0700] "GET /?w=348916131100 HTTP/1.1" 200 16843 "-" "Mozilla/5.0 (Linux; Android 6.0.1; Nexus 5X Build/MMB29P) AppleWebKit/537.36 (KHTML, like Gecko) Chrome/151.0.7922.137 Mobile Safari/537.36 (compatible; Googlebot/2.1; +http://www.google.com/bot.html)"
66.249.69.164 - - [20/Aug/2026:11:17:43 -0700] "GET /?w=602167371100 HTTP/1.1" 200 17288 "-" "Mozilla/5.0 (Linux; Android 6.0.1; Nexus 5X Build/MMB29P) AppleWebKit/537.36 (KHTML, like Gecko) Chrome/151.0.7922.137 Mobile Safari/537.36 (compatible; GoogleOther)"
66.249.69.164 - - [20/Aug/2026:11:17:46 -0700] "GET /?w=1406882061100 HTTP/1.1" 200 16642 "-" "Mozilla/5.0 (Linux; Android 6.0.1; Nexus 5X Build/MMB29P) AppleWebKit/537.36 (KHTML, like Gecko) Chrome/151.0.7922.137 Mobile Safari/537.36 (compatible; GoogleOther)"
40.77.167.1 - - [20/Aug/2026:11:17:46 -0700] "GET /landholding66/tanouta.base.shop HTTP/2.0" 200 5 "-" "Mozilla/5.0 AppleWebKit/537.36 (KHTML, like Gecko; compatible; bingbot/2.0; +http://www.bing.com/bingbot.htm) Chrome/116.0.1938.76 Safari/537.36"
66.249.69.164 - - [20/Aug/2026:11:17:53 -0700] "GET /?product/review/2469179911100 HTTP/1.1" 200 17393 "-" "Mozilla/5.0 (Linux; Android 6.0.1; Nexus 5X Build/MMB29P) AppleWebKit/537.36 (KHTML, like Gecko) Chrome/151.0.7922.137 Mobile Safari/537.36 (compatible; Googlebot/2.1; +http://www.google.com/bot.html)"
66.249.69.166 - - [20/Aug/2026:11:18:18 -0700] "GET /?w=347288201100 HTTP/1.1" 200 16835 "-" "Mozilla/5.0 (Linux; Android 6.0.1; Nexus 5X Build/MMB29P) AppleWebKit/537.36 (KHTML, like Gecko) Chrome/151.0.7922.137 Mobile Safari/537.36 (compatible; Googlebot/2.1; +http://www.google.com/bot.html)"
191.254.206.142 - - [20/Aug/2026:11:18:52 -0700] "GET /resources-item/type-2-diabetes-drugs-a-review/ HTTP/2.0" 200 131 "-" "Mozilla/5.0 (Macintosh; Intel Mac OS X 10_15_7) AppleWebKit/537.36 (KHTML, like Gecko) Chrome/133.0.0.0 Safari/537.36"
66.249.69.166 - - [20/Aug/2026:11:19:22 -0700] "GET /?w=349784591100 HTTP/1.1" 200 17197 "-" "Mozilla/5.0 (Linux; Android 6.0.1; Nexus 5X Build/MMB29P) AppleWebKit/537.36 (KHTML, like Gecko) Chrome/151.0.7922.137 Mobile Safari/537.36 (compatible; Googlebot/2.1; +http://www.google.com/bot.html)"
66.249.69.165 - - [20/Aug/2026:11:20:23 -0700] "GET /?testimonials HTTP/1.1" 200 17271 "-" "Mozilla/5.0 (Linux; Android 6.0.1; Nexus 5X Build/MMB29P) AppleWebKit/537.36 (KHTML, like Gecko) Chrome/151.0.7922.137 Mobile Safari/537.36 (compatible; Googlebot/2.1; +http://www.google.com/bot.html)"
66.249.69.164 - - [20/Aug/2026:11:21:23 -0700] "GET /?w=610725681100 HTTP/1.1" 200 16957 "-" "Mozilla/5.0 (Linux; Android 6.0.1; Nexus 5X Build/MMB29P) AppleWebKit/537.36 (KHTML, like Gecko) Chrome/151.0.7922.137 Mobile Safari/537.36 (compatible; GoogleOther)"
66.249.69.164 - - [20/Aug/2026:11:22:10 -0700] "GET /?w=348544181100 HTTP/1.1" 200 16938 "-" "Mozilla/5.0 (Linux; Android 6.0.1; Nexus 5X Build/MMB29P) AppleWebKit/537.36 (KHTML, like Gecko) Chrome/151.0.7922.137 Mobile Safari/537.36 (compatible; Googlebot/2.1; +http://www.google.com/bot.html)"
66.249.69.164 - - [20/Aug/2026:11:22:46 -0700] "GET /?w=347184401100 HTTP/1.1" 200 16361 "-" "Mozilla/5.0 (Linux; Android 6.0.1; Nexus 5X Build/MMB29P) AppleWebKit/537.36 (KHTML, like Gecko) Chrome/151.0.7922.137 Mobile Safari/537.36 (compatible; Googlebot/2.1; +http://www.google.com/bot.html)"
66.249.69.164 - - [20/Aug/2026:11:23:23 -0700] "GET /?w=348436921100 HTTP/1.1" 200 16723 "-" "Mozilla/5.0 (Linux; Android 6.0.1; Nexus 5X Build/MMB29P) AppleWebKit/537.36 (KHTML, like Gecko) Chrome/151.0.7922.137 Mobile Safari/537.36 (compatible; Googlebot/2.1; +http://www.google.com/bot.html)"
66.249.69.164 - - [20/Aug/2026:11:23:53 -0700] "GET /?w=589021101100 HTTP/1.1" 200 16710 "-" "Mozilla/5.0 (Linux; Android 6.0.1; Nexus 5X Build/MMB29P) AppleWebKit/537.36 (KHTML, like Gecko) Chrome/151.0.7922.137 Mobile Safari/537.36 (compatible; GoogleOther)"
137.59.218.138 - - [20/Aug/2026:11:23:56 -0700] "GET / HTTP/2.0" 301 1 "https://www.google.com/" "Mozilla/5.0 (Linux; Android 10; K) AppleWebKit/537.36 (KHTML, like Gecko) Chrome/149.0.0.0 Mobile Safari/537.36 OPR/100.0.0.0"
66.249.69.164 - - [20/Aug/2026:11:24:27 -0700] "GET /?productSearch/pictureSearch?id=796538061100 HTTP/1.1" 200 16636 "-" "Mozilla/5.0 (Linux; Android 6.0.1; Nexus 5X Build/MMB29P) AppleWebKit/537.36 (KHTML, like Gecko) Chrome/151.0.7922.137 Mobile Safari/537.36 (compatible; Googlebot/2.1; +http://www.google.com/bot.html)"
66.249.69.164 - - [20/Aug/2026:11:25:50 -0700] "GET /price HTTP/1.1" 200 16507 "-" "Mozilla/5.0 (Linux; Android 6.0.1; Nexus 5X Build/MMB29P) AppleWebKit/537.36 (KHTML, like Gecko) Chrome/151.0.7922.137 Mobile Safari/537.36 (compatible; GoogleOther)"
66.249.69.164 - - [20/Aug/2026:11:25:59 -0700] "GET /?w=349760371100 HTTP/1.1" 200 17156 "-" "Mozilla/5.0 (Linux; Android 6.0.1; Nexus 5X Build/MMB29P) AppleWebKit/537.36 (KHTML, like Gecko) Chrome/151.0.7922.137 Mobile Safari/537.36 (compatible; Googlebot/2.1; +http://www.google.com/bot.html)"
137.59.218.138 - - [20/Aug/2026:11:26:17 -0700] "GET / HTTP/2.0" 200 136 "-" "Mozilla/5.0 (Linux; Android 10; K) AppleWebKit/537.36 (KHTML, like Gecko) Chrome/149.0.0.0 Mobile Safari/537.36 OPR/100.0.0.0"
66.249.69.164 - - [20/Aug/2026:11:26:21 -0700] "GET /?w=347874671100 HTTP/1.1" 200 17031 "-" "Mozilla/5.0 (Linux; Android 6.0.1; Nexus 5X Build/MMB29P) AppleWebKit/537.36 (KHTML, like Gecko) Chrome/151.0.7922.137 Mobile Safari/537.36 (compatible; Googlebot/2.1; +http://www.google.com/bot.html)"
66.249.69.164 - - [20/Aug/2026:11:26:46 -0700] "GET /?w=348910941100 HTTP/1.1" 200 17300 "-" "Mozilla/5.0 (Linux; Android 6.0.1; Nexus 5X Build/MMB29P) AppleWebKit/537.36 (KHTML, like Gecko) Chrome/151.0.7922.137 Mobile Safari/537.36 (compatible; Googlebot/2.1; +http://www.google.com/bot.html)"
66.249.69.164 - - [20/Aug/2026:11:26:53 -0700] "GET /how-to-order HTTP/1.1" 200 16251 "-" "Mozilla/5.0 (Linux; Android 6.0.1; Nexus 5X Build/MMB29P) AppleWebKit/537.36 (KHTML, like Gecko) Chrome/151.0.7922.137 Mobile Safari/537.36 (compatible; GoogleOther)"
66.249.69.164 - - [20/Aug/2026:11:26:56 -0700] "GET /?w=603452761100 HTTP/1.1" 200 16702 "-" "Mozilla/5.0 (Linux; Android 6.0.1; Nexus 5X Build/MMB29P) AppleWebKit/537.36 (KHTML, like Gecko) Chrome/151.0.7922.137 Mobile Safari/537.36 (compatible; GoogleOther)"
66.249.69.166 - - [20/Aug/2026:11:27:01 -0700] "GET /?css_6d0bcc8d162b7afaac8d8cc1c7cfd033/common HTTP/1.1" 200 28405 "https://lifesavingnursing.com/?w=603452761100" "Mozilla/5.0 (Linux; Android 6.0.1; Nexus 5X Build/MMB29P) AppleWebKit/537.36 (KHTML, like Gecko) Chrome/151.0.7922.137 Mobile Safari/537.36 (compatible; GoogleOther)"
40.77.167.41 - - [20/Aug/2026:11:27:19 -0700] "GET /item/792569/ HTTP/2.0" 200 131 "-" "Mozilla/5.0 AppleWebKit/537.36 (KHTML, like Gecko; compatible; bingbot/2.0; +http://www.bing.com/bingbot.htm) Chrome/116.0.1938.76 Safari/537.36"
66.249.69.164 - - [20/Aug/2026:11:28:13 -0700] "GET /?w=347924841100 HTTP/1.1" 200 17416 "-" "Mozilla/5.0 (Linux; Android 6.0.1; Nexus 5X Build/MMB29P) AppleWebKit/537.36 (KHTML, like Gecko) Chrome/151.0.7922.137 Mobile Safari/537.36 (compatible; Googlebot/2.1; +http://www.google.com/bot.html)"
66.249.69.164 - - [20/Aug/2026:11:28:26 -0700] "GET /?w=2568497481100 HTTP/1.1" 200 17275 "-" "Mozilla/5.0 (Linux; Android 6.0.1; Nexus 5X Build/MMB29P) AppleWebKit/537.36 (KHTML, like Gecko) Chrome/151.0.7922.137 Mobile Safari/537.36 (compatible; Googlebot/2.1; +http://www.google.com/bot.html)"
66.249.69.164 - - [20/Aug/2026:11:28:27 -0700] "GET /?w=350756851100 HTTP/1.1" 200 16707 "-" "Mozilla/5.0 (Linux; Android 6.0.1; Nexus 5X Build/MMB29P) AppleWebKit/537.36 (KHTML, like Gecko) Chrome/151.0.7922.137 Mobile Safari/537.36 (compatible; GoogleOther)"
66.249.69.165 - - [20/Aug/2026:11:29:12 -0700] "GET /?w=348795031100 HTTP/1.1" 200 16382 "-" "Mozilla/5.0 (Linux; Android 6.0.1; Nexus 5X Build/MMB29P) AppleWebKit/537.36 (KHTML, like Gecko) Chrome/151.0.7922.137 Mobile Safari/537.36 (compatible; Googlebot/2.1; +http://www.google.com/bot.html)"
66.249.69.165 - - [20/Aug/2026:11:29:17 -0700] "GET /?w=350810481100 HTTP/1.1" 200 16360 "-" "Mozilla/5.0 (Linux; Android 6.0.1; Nexus 5X Build/MMB29P) AppleWebKit/537.36 (KHTML, like Gecko) Chrome/151.0.7922.137 Mobile Safari/537.36 (compatible; GoogleOther)"
66.249.69.164 - - [20/Aug/2026:11:29:58 -0700] "GET /?w=2275842031100 HTTP/1.1" 200 16829 "-" "Mozilla/5.0 (Linux; Android 6.0.1; Nexus 5X Build/MMB29P) AppleWebKit/537.36 (KHTML, like Gecko) Chrome/151.0.7922.137 Mobile Safari/537.36 (compatible; GoogleOther)"
66.249.69.164 - - [20/Aug/2026:11:30:00 -0700] "GET /?w=348082271100 HTTP/1.1" 200 16782 "-" "Mozilla/5.0 (Linux; Android 6.0.1; Nexus 5X Build/MMB29P) AppleWebKit/537.36 (KHTML, like Gecko) Chrome/151.0.7922.137 Mobile Safari/537.36 (compatible; Googlebot/2.1; +http://www.google.com/bot.html)"
66.249.69.164 - - [20/Aug/2026:11:30:17 -0700] "GET /?w=1414520011100 HTTP/1.1" 200 16261 "-" "Mozilla/5.0 (Linux; Android 6.0.1; Nexus 5X Build/MMB29P) AppleWebKit/537.36 (KHTML, like Gecko) Chrome/151.0.7922.137 Mobile Safari/537.36 (compatible; GoogleOther)"
66.249.69.164 - - [20/Aug/2026:11:30:56 -0700] "GET /?w=350810481100 HTTP/1.1" 200 16358 "-" "Mozilla/5.0 (Linux; Android 6.0.1; Nexus 5X Build/MMB29P) AppleWebKit/537.36 (KHTML, like Gecko) Chrome/151.0.7922.137 Mobile Safari/537.36 (compatible; Googlebot/2.1; +http://www.google.com/bot.html)"
143.105.145.51 - - [20/Aug/2026:11:31:15 -0700] "GET /?w=2845581201100 HTTP/1.1" 200 131 "https://lifesavingnursing.com/wp-sitemap-taxonomies-resources-tag-1.xml" "Mozilla/5.0 (Linux; Android 15; V2185) AppleWebKit/537.36 (KHTML, like Gecko) Chrome/149.0.5718.43 Mobile Safari/537.36 MicroMessenger/8.0.39(0x18001B3F) NetType/WIFI Language/zh_CN"
66.249.69.164 - - [20/Aug/2026:11:31:55 -0700] "GET /?w=594615921100 HTTP/1.1" 200 16855 "-" "Mozilla/5.0 (Linux; Android 6.0.1; Nexus 5X Build/MMB29P) AppleWebKit/537.36 (KHTML, like Gecko) Chrome/151.0.7922.137 Mobile Safari/537.36 (compatible; GoogleOther)"
66.249.69.164 - - [20/Aug/2026:11:31:59 -0700] "GET /?w=349198121100 HTTP/1.1" 200 16651 "-" "Mozilla/5.0 (Linux; Android 6.0.1; Nexus 5X Build/MMB29P) AppleWebKit/537.36 (KHTML, like Gecko) Chrome/151.0.7922.137 Mobile Safari/537.36 (compatible; Googlebot/2.1; +http://www.google.com/bot.html)"
66.249.69.164 - - [20/Aug/2026:11:32:11 -0700] "GET /?discount-and-coupons HTTP/1.1" 200 16638 "-" "Mozilla/5.0 (Linux; Android 6.0.1; Nexus 5X Build/MMB29P) AppleWebKit/537.36 (KHTML, like Gecko) Chrome/151.0.7922.137 Mobile Safari/537.36 (compatible; GoogleOther)"
66.249.69.164 - - [20/Aug/2026:11:32:58 -0700] "GET /?w=349390151100 HTTP/1.1" 200 16881 "-" "Mozilla/5.0 (Linux; Android 6.0.1; Nexus 5X Build/MMB29P) AppleWebKit/537.36 (KHTML, like Gecko) Chrome/151.0.7922.137 Mobile Safari/537.36 (compatible; Googlebot/2.1; +http://www.google.com/bot.html)"
66.249.69.164 - - [20/Aug/2026:11:33:02 -0700] "GET /?w=597413331100 HTTP/1.1" 200 16651 "-" "Mozilla/5.0 (Linux; Android 6.0.1; Nexus 5X Build/MMB29P) AppleWebKit/537.36 (KHTML, like Gecko) Chrome/151.0.7922.137 Mobile Safari/537.36 (compatible; GoogleOther)"
66.249.69.165 - - [20/Aug/2026:11:33:52 -0700] "GET /?w=350845081100 HTTP/1.1" 200 16495 "-" "Mozilla/5.0 (Linux; Android 6.0.1; Nexus 5X Build/MMB29P) AppleWebKit/537.36 (KHTML, like Gecko) Chrome/151.0.7922.137 Mobile Safari/537.36 (compatible; Googlebot/2.1; +http://www.google.com/bot.html)"
66.249.69.164 - - [20/Aug/2026:11:34:32 -0700] "GET /?w=348959381100 HTTP/1.1" 200 16612 "-" "Mozilla/5.0 (Linux; Android 6.0.1; Nexus 5X Build/MMB29P) AppleWebKit/537.36 (KHTML, like Gecko) Chrome/151.0.7922.137 Mobile Safari/537.36 (compatible; GoogleOther)"
66.249.69.166 - - [20/Aug/2026:11:34:35 -0700] "GET /?w=348327931100 HTTP/1.1" 200 16821 "-" "Mozilla/5.0 (Linux; Android 6.0.1; Nexus 5X Build/MMB29P) AppleWebKit/537.36 (KHTML, like Gecko) Chrome/151.0.7922.137 Mobile Safari/537.36 (compatible; GoogleOther)"
66.249.69.164 - - [20/Aug/2026:11:34:48 -0700] "GET /?w=347452551100 HTTP/1.1" 200 18113 "-" "Mozilla/5.0 (Linux; Android 6.0.1; Nexus 5X Build/MMB29P) AppleWebKit/537.36 (KHTML, like Gecko) Chrome/151.0.7922.137 Mobile Safari/537.36 (compatible; Googlebot/2.1; +http://www.google.com/bot.html)"
40.81.67.100 - - [20/Aug/2026:11:35:36 -0700] "GET / HTTP/2.0" 200 136 "-" "Mozilla/5.0 AppleWebKit/537.36 (KHTML, like Gecko); compatible; ChatGPT-User/1.0; +https://openai.com/bot"
66.249.69.165 - - [20/Aug/2026:11:35:56 -0700] "GET /?w=349658301100 HTTP/1.1" 200 16698 "-" "Mozilla/5.0 (Linux; Android 6.0.1; Nexus 5X Build/MMB29P) AppleWebKit/537.36 (KHTML, like Gecko) Chrome/151.0.7922.137 Mobile Safari/537.36 (compatible; Googlebot/2.1; +http://www.google.com/bot.html)"
66.249.69.166 - - [20/Aug/2026:11:36:06 -0700] "GET /the-latest-updates HTTP/1.1" 200 16962 "-" "Mozilla/5.0 (Linux; Android 6.0.1; Nexus 5X Build/MMB29P) AppleWebKit/537.36 (KHTML, like Gecko) Chrome/151.0.7922.137 Mobile Safari/537.36 (compatible; GoogleOther)"
66.249.69.165 - - [20/Aug/2026:11:36:38 -0700] "GET /?w=348708531100 HTTP/1.1" 200 16354 "-" "Mozilla/5.0 (Linux; Android 6.0.1; Nexus 5X Build/MMB29P) AppleWebKit/537.36 (KHTML, like Gecko) Chrome/151.0.7922.137 Mobile Safari/537.36 (compatible; Googlebot/2.1; +http://www.google.com/bot.html)"
66.249.69.166 - - [20/Aug/2026:11:37:10 -0700] "GET /?w=610346811100 HTTP/1.1" 200 17246 "-" "Mozilla/5.0 (Linux; Android 6.0.1; Nexus 5X Build/MMB29P) AppleWebKit/537.36 (KHTML, like Gecko) Chrome/151.0.7922.137 Mobile Safari/537.36 (compatible; GoogleOther)"
66.249.69.164 - - [20/Aug/2026:11:37:37 -0700] "GET /?w=347914461100 HTTP/1.1" 200 17203 "-" "Mozilla/5.0 (Linux; Android 6.0.1; Nexus 5X Build/MMB29P) AppleWebKit/537.36 (KHTML, like Gecko) Chrome/151.0.7922.137 Mobile Safari/537.36 (compatible; GoogleOther)"
66.249.69.164 - - [20/Aug/2026:11:37:53 -0700] "GET /?w=348878071100 HTTP/1.1" 200 16850 "-" "Mozilla/5.0 (Linux; Android 6.0.1; Nexus 5X Build/MMB29P) AppleWebKit/537.36 (KHTML, like Gecko) Chrome/151.0.7922.137 Mobile Safari/537.36 (compatible; Googlebot/2.1; +http://www.google.com/bot.html)"
66.249.69.165 - - [20/Aug/2026:11:38:22 -0700] "GET /?w=592820181100 HTTP/1.1" 200 16878 "-" "Mozilla/5.0 (Linux; Android 6.0.1; Nexus 5X Build/MMB29P) AppleWebKit/537.36 (KHTML, like Gecko) Chrome/151.0.7922.137 Mobile Safari/537.36 (compatible; GoogleOther)"
66.249.69.164 - - [20/Aug/2026:11:38:47 -0700] "GET /?w=2012767851100 HTTP/1.1" 200 16795 "-" "Mozilla/5.0 (Linux; Android 6.0.1; Nexus 5X Build/MMB29P) AppleWebKit/537.36 (KHTML, like Gecko) Chrome/151.0.7922.137 Mobile Safari/537.36 (compatible; Googlebot/2.1; +http://www.google.com/bot.html)"
66.249.69.165 - - [20/Aug/2026:11:39:09 -0700] "GET /about-us HTTP/1.1" 200 17426 "-" "Mozilla/5.0 (Linux; Android 6.0.1; Nexus 5X Build/MMB29P) AppleWebKit/537.36 (KHTML, like Gecko) Chrome/151.0.7922.137 Mobile Safari/537.36 (compatible; GoogleOther)"
66.249.69.164 - - [20/Aug/2026:11:39:43 -0700] "GET /?w=350839891100 HTTP/1.1" 200 17034 "-" "Mozilla/5.0 (Linux; Android 6.0.1; Nexus 5X Build/MMB29P) AppleWebKit/537.36 (KHTML, like Gecko) Chrome/151.0.7922.137 Mobile Safari/537.36 (compatible; Googlebot/2.1; +http://www.google.com/bot.html)"
66.249.69.164 - - [20/Aug/2026:11:39:54 -0700] "GET / HTTP/1.1" 200 16085 "-" "Mozilla/5.0 (Linux; Android 6.0.1; Nexus 5X Build/MMB29P) AppleWebKit/537.36 (KHTML, like Gecko) Chrome/151.0.7922.137 Mobile Safari/537.36 (compatible; Googlebot/2.1; +http://www.google.com/bot.html)"
66.249.69.166 - - [20/Aug/2026:11:40:12 -0700] "GET /?w=350334731100 HTTP/1.1" 200 17232 "-" "Mozilla/5.0 (Linux; Android 6.0.1; Nexus 5X Build/MMB29P) AppleWebKit/537.36 (KHTML, like Gecko) Chrome/151.0.7922.137 Mobile Safari/537.36 (compatible; GoogleOther)"
66.249.69.164 - - [20/Aug/2026:11:40:46 -0700] "GET /?w=350531951100 HTTP/1.1" 200 17207 "-" "Mozilla/5.0 (Linux; Android 6.0.1; Nexus 5X Build/MMB29P) AppleWebKit/537.36 (KHTML, like Gecko) Chrome/151.0.7922.137 Mobile Safari/537.36 (compatible; Googlebot/2.1; +http://www.google.com/bot.html)"
66.249.69.166 - - [20/Aug/2026:11:41:29 -0700] "GET /?product/category/view_more/2580624781100 HTTP/1.1" 200 17622 "-" "Mozilla/5.0 (Linux; Android 6.0.1; Nexus 5X Build/MMB29P) AppleWebKit/537.36 (KHTML, like Gecko) Chrome/151.0.7922.137 Mobile Safari/537.36 (compatible; Googlebot/2.1; +http://www.google.com/bot.html)"
66.249.69.165 - - [20/Aug/2026:11:42:05 -0700] "GET /?w=590804731100 HTTP/1.1" 200 16804 "-" "Mozilla/5.0 (Linux; Android 6.0.1; Nexus 5X Build/MMB29P) AppleWebKit/537.36 (KHTML, like Gecko) Chrome/151.0.7922.137 Mobile Safari/537.36 (compatible; GoogleOther)"
155.254.16.28 - - [20/Aug/2026:11:42:27 -0700] "POST /wp-cron.php?doing_wp_cron=1787251347.0121660232543945312500 HTTP/1.1" 200 1 "-" "WordPress/7.1; https://lifesavingnursing.com"
186.42.1.163 - - [20/Aug/2026:11:42:26 -0700] "GET /?w=2831694491100 HTTP/1.1" 200 131 "https://lifesavingnursing.com/wp-sitemap-taxonomies-resources-tag-1.xml" "Mozilla/5.0 (iPhone; CPU iPhone OS 16_2 like Mac OS X) AppleWebKit/605.1.15 (KHTML, like Gecko) Version/16.2 Mobile/15E148 Safari/604.1 MicroMessenger/8.0.37(0x18001B3F) NetType/WIFI Language/zh_CN"
66.249.69.164 - - [20/Aug/2026:11:42:31 -0700] "GET /?w=348959381100 HTTP/1.1" 200 16610 "-" "Mozilla/5.0 (Linux; Android 6.0.1; Nexus 5X Build/MMB29P) AppleWebKit/537.36 (KHTML, like Gecko) Chrome/151.0.7922.137 Mobile Safari/537.36 (compatible; Googlebot/2.1; +http://www.google.com/bot.html)"
66.249.69.166 - - [20/Aug/2026:11:43:13 -0700] "GET /?shop/sold?id=top1093056601100 HTTP/1.1" 200 16669 "-" "Mozilla/5.0 (Linux; Android 6.0.1; Nexus 5X Build/MMB29P) AppleWebKit/537.36 (KHTML, like Gecko) Chrome/151.0.7922.137 Mobile Safari/537.36 (compatible; Googlebot/2.1; +http://www.google.com/bot.html)"
66.249.69.164 - - [20/Aug/2026:11:43:44 -0700] "GET /?w=349784591100 HTTP/1.1" 200 17191 "-" "Mozilla/5.0 (Linux; Android 6.0.1; Nexus 5X Build/MMB29P) AppleWebKit/537.36 (KHTML, like Gecko) Chrome/151.0.7922.137 Mobile Safari/537.36 (compatible; GoogleOther)"
66.249.69.165 - - [20/Aug/2026:11:44:25 -0700] "GET /?productSearch/pictureSearch?id=2283900371100 HTTP/1.1" 200 16694 "-" "Mozilla/5.0 (Linux; Android 6.0.1; Nexus 5X Build/MMB29P) AppleWebKit/537.36 (KHTML, like Gecko) Chrome/151.0.7922.137 Mobile Safari/537.36 (compatible; Googlebot/2.1; +http://www.google.com/bot.html)"
114.119.151.81 - - [20/Aug/2026:11:44:54 -0700] "GET /robots.txt HTTP/1.1" 200 74 "https://lifesavingnursing.com/robots.txt" "Mozilla/5.0 (compatible;PetalBot;+https://webmaster.petalsearch.com/site/petalbot)"
66.249.69.164 - - [20/Aug/2026:11:45:32 -0700] "GET /?w=349236181100 HTTP/1.1" 200 16836 "-" "Mozilla/5.0 (Linux; Android 6.0.1; Nexus 5X Build/MMB29P) AppleWebKit/537.36 (KHTML, like Gecko) Chrome/151.0.7922.137 Mobile Safari/537.36 (compatible; Googlebot/2.1; +http://www.google.com/bot.html)"
66.249.69.164 - - [20/Aug/2026:11:46:02 -0700] "GET /?w=2588895911100 HTTP/1.1" 200 16792 "-" "Mozilla/5.0 (Linux; Android 6.0.1; Nexus 5X Build/MMB29P) AppleWebKit/537.36 (KHTML, like Gecko) Chrome/151.0.7922.137 Mobile Safari/537.36 (compatible; GoogleOther)"
66.249.69.164 - - [20/Aug/2026:11:46:23 -0700] "GET /?product/review/2468961931100 HTTP/1.1" 200 16840 "-" "Mozilla/5.0 (Linux; Android 6.0.1; Nexus 5X Build/MMB29P) AppleWebKit/537.36 (KHTML, like Gecko) Chrome/151.0.7922.137 Mobile Safari/537.36 (compatible; Googlebot/2.1; +http://www.google.com/bot.html)"
66.249.69.164 - - [20/Aug/2026:11:47:10 -0700] "GET /?productSearch/pictureSearch?id=2576022981100 HTTP/1.1" 200 17547 "-" "Mozilla/5.0 (Linux; Android 6.0.1; Nexus 5X Build/MMB29P) AppleWebKit/537.36 (KHTML, like Gecko) Chrome/151.0.7922.137 Mobile Safari/537.36 (compatible; Googlebot/2.1; +http://www.google.com/bot.html)"
216.73.217.80 - - [20/Aug/2026:11:47:30 -0700] "GET /robots.txt HTTP/2.0" 200 74 "-" "Mozilla/5.0 AppleWebKit/537.36 (KHTML, like Gecko; compatible; ClaudeBot/1.0; +claudebot@anthropic.com)"
216.73.217.80 - - [20/Aug/2026:11:47:30 -0700] "GET /sitemap.xml HTTP/2.0" 200 2058 "-" "Mozilla/5.0 AppleWebKit/537.36 (KHTML, like Gecko; compatible; ClaudeBot/1.0; +claudebot@anthropic.com)"
66.249.69.164 - - [20/Aug/2026:11:47:42 -0700] "GET /?w=349222341100 HTTP/1.1" 200 17343 "-" "Mozilla/5.0 (Linux; Android 6.0.1; Nexus 5X Build/MMB29P) AppleWebKit/537.36 (KHTML, like Gecko) Chrome/151.0.7922.137 Mobile Safari/537.36 (compatible; GoogleOther)"
66.249.69.164 - - [20/Aug/2026:11:48:10 -0700] "GET /?product/review/2472164161100 HTTP/1.1" 200 17024 "-" "Mozilla/5.0 (Linux; Android 6.0.1; Nexus 5X Build/MMB29P) AppleWebKit/537.36 (KHTML, like Gecko) Chrome/151.0.7922.137 Mobile Safari/537.36 (compatible; Googlebot/2.1; +http://www.google.com/bot.html)"
66.249.69.166 - - [20/Aug/2026:11:48:58 -0700] "GET /?productSearch/pictureSearch?id=799740291100 HTTP/1.1" 200 16954 "-" "Mozilla/5.0 (Linux; Android 6.0.1; Nexus 5X Build/MMB29P) AppleWebKit/537.36 (KHTML, like Gecko) Chrome/151.0.7922.137 Mobile Safari/537.36 (compatible; Googlebot/2.1; +http://www.google.com/bot.html)"
66.249.69.164 - - [20/Aug/2026:11:49:46 -0700] "GET /?w=350891791100 HTTP/1.1" 200 17044 "-" "Mozilla/5.0 (Linux; Android 6.0.1; Nexus 5X Build/MMB29P) AppleWebKit/537.36 (KHTML, like Gecko) Chrome/151.0.7922.137 Mobile Safari/537.36 (compatible; Googlebot/2.1; +http://www.google.com/bot.html)"
190.133.47.205 - - [20/Aug/2026:11:50:58 -0700] "GET /?w=2804073311100 HTTP/1.1" 200 131 "https://lifesavingnursing.com/wp-sitemap-taxonomies-resources-tag-1.xml" "Mozilla/5.0 (Linux; Android 13; OPPO PCLM1) AppleWebKit/537.36 (KHTML, like Gecko) Chrome/141.0.5774.34 Mobile Safari/537.36 MicroMessenger/8.0.44(0x18001B3F) NetType/WIFI Language/zh_CN"
66.249.69.166 - - [20/Aug/2026:11:51:02 -0700] "GET /?w=350435071100 HTTP/1.1" 200 16328 "-" "Mozilla/5.0 (Linux; Android 6.0.1; Nexus 5X Build/MMB29P) AppleWebKit/537.36 (KHTML, like Gecko) Chrome/151.0.7922.137 Mobile Safari/537.36 (compatible; Googlebot/2.1; +http://www.google.com/bot.html)"
66.249.69.164 - - [20/Aug/2026:11:51:07 -0700] "GET /?w=347111741100 HTTP/1.1" 200 17403 "-" "Mozilla/5.0 (Linux; Android 6.0.1; Nexus 5X Build/MMB29P) AppleWebKit/537.36 (KHTML, like Gecko) Chrome/151.0.7922.137 Mobile Safari/537.36 (compatible; GoogleOther)"
66.249.69.164 - - [20/Aug/2026:11:51:15 -0700] "GET /?shop/sold?id=top1096847031100 HTTP/1.1" 200 17382 "-" "Mozilla/5.0 (Linux; Android 6.0.1; Nexus 5X Build/MMB29P) AppleWebKit/537.36 (KHTML, like Gecko) Chrome/151.0.7922.137 Mobile Safari/537.36 (compatible; Googlebot/2.1; +http://www.google.com/bot.html)"
66.249.69.164 - - [20/Aug/2026:11:51:29 -0700] "GET /?productSearch/pictureSearch?id=2286081901100 HTTP/1.1" 200 16369 "-" "Mozilla/5.0 (Linux; Android 6.0.1; Nexus 5X Build/MMB29P) AppleWebKit/537.36 (KHTML, like Gecko) Chrome/151.0.7922.137 Mobile Safari/537.36 (compatible; Googlebot/2.1; +http://www.google.com/bot.html)"
66.249.69.166 - - [20/Aug/2026:11:52:10 -0700] "GET /?w=2269930621100 HTTP/1.1" 200 16526 "-" "Mozilla/5.0 (Linux; Android 6.0.1; Nexus 5X Build/MMB29P) AppleWebKit/537.36 (KHTML, like Gecko) Chrome/151.0.7922.137 Mobile Safari/537.36 (compatible; Googlebot/2.1; +http://www.google.com/bot.html)"
66.249.69.165 - - [20/Aug/2026:11:52:21 -0700] "GET /return-and-refund HTTP/1.1" 200 16768 "-" "Mozilla/5.0 (Linux; Android 6.0.1; Nexus 5X Build/MMB29P) AppleWebKit/537.36 (KHTML, like Gecko) Chrome/151.0.7922.137 Mobile Safari/537.36 (compatible; Googlebot/2.1; +http://www.google.com/bot.html)"
