66.249.69.164 - - [20/Aug/2026:18:03:03 -0700] "GET /?w=3503600541100 HTTP/1.1" 200 17492 "-" "Mozilla/5.0 (Linux; Android 6.0.1; Nexus 5X Build/MMB29P) AppleWebKit/537.36 (KHTML, like Gecko) Chrome/151.0.7922.137 Mobile Safari/537.36 (compatible; GoogleOther)"
66.249.69.164 - - [20/Aug/2026:18:03:12 -0700] "GET /?product/review/948124121100 HTTP/1.1" 200 16814 "-" "Mozilla/5.0 (Linux; Android 6.0.1; Nexus 5X Build/MMB29P) AppleWebKit/537.36 (KHTML, like Gecko) Chrome/151.0.7922.137 Mobile Safari/537.36 (compatible; Googlebot/2.1; +http://www.google.com/bot.html)"
66.249.69.164 - - [20/Aug/2026:18:03:35 -0700] "GET /?w=1110802941100 HTTP/1.1" 200 16898 "-" "Mozilla/5.0 (Linux; Android 6.0.1; Nexus 5X Build/MMB29P) AppleWebKit/537.36 (KHTML, like Gecko) Chrome/151.0.7922.137 Mobile Safari/537.36 (compatible; GoogleOther)"
66.249.69.166 - - [20/Aug/2026:18:04:01 -0700] "GET /?product/category/view_more/1234606931100 HTTP/1.1" 200 16679 "-" "Mozilla/5.0 (Linux; Android 6.0.1; Nexus 5X Build/MMB29P) AppleWebKit/537.36 (KHTML, like Gecko) Chrome/151.0.7922.137 Mobile Safari/537.36 (compatible; Googlebot/2.1; +http://www.google.com/bot.html)"
66.249.69.165 - - [20/Aug/2026:18:04:08 -0700] "GET /?w=2594847111100 HTTP/1.1" 200 17161 "-" "Mozilla/5.0 (Linux; Android 6.0.1; Nexus 5X Build/MMB29P) AppleWebKit/537.36 (KHTML, like Gecko) Chrome/151.0.7922.137 Mobile Safari/537.36 (compatible; GoogleOther)"
66.249.69.164 - - [20/Aug/2026:18:04:14 -0700] "GET /?w=2009266331100 HTTP/1.1" 200 17256 "-" "Mozilla/5.0 (Linux; Android 6.0.1; Nexus 5X Build/MMB29P) AppleWebKit/537.36 (KHTML, like Gecko) Chrome/151.0.7922.137 Mobile Safari/537.36 (compatible; GoogleOther)"
66.249.69.164 - - [20/Aug/2026:18:04:17 -0700] "GET /?product/review/1251593801100 HTTP/1.1" 200 16665 "-" "Mozilla/5.0 (Linux; Android 6.0.1; Nexus 5X Build/MMB29P) AppleWebKit/537.36 (KHTML, like Gecko) Chrome/151.0.7922.137 Mobile Safari/537.36 (compatible; GoogleOther)"
66.249.69.164 - - [20/Aug/2026:18:04:40 -0700] "GET /?w=1639978801100 HTTP/1.1" 200 16501 "-" "Mozilla/5.0 (Linux; Android 6.0.1; Nexus 5X Build/MMB29P) AppleWebKit/537.36 (KHTML, like Gecko) Chrome/151.0.7922.137 Mobile Safari/537.36 (compatible; GoogleOther)"
66.249.69.164 - - [20/Aug/2026:18:04:48 -0700] "GET /?w=1103905431100 HTTP/1.1" 200 16527 "-" "Mozilla/5.0 (Linux; Android 6.0.1; Nexus 5X Build/MMB29P) AppleWebKit/537.36 (KHTML, like Gecko) Chrome/151.0.7922.137 Mobile Safari/537.36 (compatible; GoogleOther)"
66.249.69.164 - - [20/Aug/2026:18:05:08 -0700] "GET /?w=1103905431100 HTTP/1.1" 200 16529 "-" "Mozilla/5.0 (Linux; Android 6.0.1; Nexus 5X Build/MMB29P) AppleWebKit/537.36 (KHTML, like Gecko) Chrome/151.0.7922.137 Mobile Safari/537.36 (compatible; Googlebot/2.1; +http://www.google.com/bot.html)"
66.249.69.165 - - [20/Aug/2026:18:05:13 -0700] "GET /?productSearch/pictureSearch?id=2733326691100 HTTP/1.1" 200 17542 "-" "Mozilla/5.0 (Linux; Android 6.0.1; Nexus 5X Build/MMB29P) AppleWebKit/537.36 (KHTML, like Gecko) Chrome/151.0.7922.137 Mobile Safari/537.36 (compatible; Googlebot/2.1; +http://www.google.com/bot.html)"
66.249.69.164 - - [20/Aug/2026:18:05:14 -0700] "GET /?productSearch/pictureSearch?id=3036796371100 HTTP/1.1" 200 17194 "-" "Mozilla/5.0 (Linux; Android 6.0.1; Nexus 5X Build/MMB29P) AppleWebKit/537.36 (KHTML, like Gecko) Chrome/151.0.7922.137 Mobile Safari/537.36 (compatible; GoogleOther)"
126.209.53.148 - - [20/Aug/2026:18:05:26 -0700] "GET /?w=2392364451100 HTTP/1.1" 200 6464 "https://lifesavingnursing.com/wp-sitemap-taxonomies-services-category-1.xml" "Mozilla/5.0 (iPhone; CPU iPhone OS 16_2 like Mac OS X) AppleWebKit/605.1.15 (KHTML, like Gecko) Version/16.2 Mobile/15E148 Safari/604.1"
66.249.69.164 - - [20/Aug/2026:18:05:45 -0700] "GET /?w=2013904461100 HTTP/1.1" 200 16263 "-" "Mozilla/5.0 (Linux; Android 6.0.1; Nexus 5X Build/MMB29P) AppleWebKit/537.36 (KHTML, like Gecko) Chrome/151.0.7922.137 Mobile Safari/537.36 (compatible; GoogleOther)"
66.249.69.164 - - [20/Aug/2026:18:05:59 -0700] "GET /?w=3336859681100 HTTP/1.1" 200 17773 "-" "Mozilla/5.0 (Linux; Android 6.0.1; Nexus 5X Build/MMB29P) AppleWebKit/537.36 (KHTML, like Gecko) Chrome/151.0.7922.137 Mobile Safari/537.36 (compatible; Googlebot/2.1; +http://www.google.com/bot.html)"
66.249.69.166 - - [20/Aug/2026:18:06:03 -0700] "GET /?w=3534152341100 HTTP/1.1" 200 17022 "-" "Mozilla/5.0 (Linux; Android 6.0.1; Nexus 5X Build/MMB29P) AppleWebKit/537.36 (KHTML, like Gecko) Chrome/151.0.7922.137 Mobile Safari/537.36 (compatible; GoogleOther)"
66.249.69.165 - - [20/Aug/2026:18:06:04 -0700] "GET /?w=3229743271100 HTTP/1.1" 200 17062 "-" "Mozilla/5.0 (Linux; Android 6.0.1; Nexus 5X Build/MMB29P) AppleWebKit/537.36 (KHTML, like Gecko) Chrome/151.0.7922.137 Mobile Safari/537.36 (compatible; Googlebot/2.1; +http://www.google.com/bot.html)"
66.249.69.164 - - [20/Aug/2026:18:06:08 -0700] "GET /?w=3484376781100 HTTP/1.1" 200 17806 "-" "Mozilla/5.0 (Linux; Android 6.0.1; Nexus 5X Build/MMB29P) AppleWebKit/537.36 (KHTML, like Gecko) Chrome/151.0.7922.137 Mobile Safari/537.36 (compatible; GoogleOther)"
66.249.69.165 - - [20/Aug/2026:18:06:11 -0700] "GET /?css_6d0bcc8d162b7afaac8d8cc1c7cfd033/common HTTP/1.1" 200 28405 "https://lifesavingnursing.com/?w=3534152341100" "Mozilla/5.0 (Linux; Android 6.0.1; Nexus 5X Build/MMB29P) AppleWebKit/537.36 (KHTML, like Gecko) Chrome/151.0.7922.137 Mobile Safari/537.36 (compatible; GoogleOther)"
66.249.69.164 - - [20/Aug/2026:18:06:17 -0700] "GET /?w=1107585141100 HTTP/1.1" 200 17039 "-" "Mozilla/5.0 (Linux; Android 6.0.1; Nexus 5X Build/MMB29P) AppleWebKit/537.36 (KHTML, like Gecko) Chrome/151.0.7922.137 Mobile Safari/537.36 (compatible; GoogleOther)"
66.249.69.164 - - [20/Aug/2026:18:06:37 -0700] "GET /?w=3529969201100 HTTP/1.1" 200 17551 "-" "Mozilla/5.0 (Linux; Android 6.0.1; Nexus 5X Build/MMB29P) AppleWebKit/537.36 (KHTML, like Gecko) Chrome/151.0.7922.137 Mobile Safari/537.36 (compatible; GoogleOther)"
66.249.69.164 - - [20/Aug/2026:18:06:49 -0700] "GET /?productSearch/pictureSearch?id=125739211100 HTTP/1.1" 200 16492 "-" "Mozilla/5.0 (Linux; Android 6.0.1; Nexus 5X Build/MMB29P) AppleWebKit/537.36 (KHTML, like Gecko) Chrome/151.0.7922.137 Mobile Safari/537.36 (compatible; GoogleOther)"
66.249.69.165 - - [20/Aug/2026:18:07:22 -0700] "GET /?w=350990401100 HTTP/1.1" 200 17022 "-" "Mozilla/5.0 (Linux; Android 6.0.1; Nexus 5X Build/MMB29P) AppleWebKit/537.36 (KHTML, like Gecko) Chrome/151.0.7922.137 Mobile Safari/537.36 (compatible; GoogleOther)"
66.249.69.164 - - [20/Aug/2026:18:07:30 -0700] "GET /?w=1104180501100 HTTP/1.1" 200 16282 "-" "Mozilla/5.0 (Linux; Android 6.0.1; Nexus 5X Build/MMB29P) AppleWebKit/537.36 (KHTML, like Gecko) Chrome/151.0.7922.137 Mobile Safari/537.36 (compatible; GoogleOther)"
66.249.69.164 - - [20/Aug/2026:18:07:44 -0700] "GET /?w=3230364341100 HTTP/1.1" 200 16593 "-" "Mozilla/5.0 (Linux; Android 6.0.1; Nexus 5X Build/MMB29P) AppleWebKit/537.36 (KHTML, like Gecko) Chrome/151.0.7922.137 Mobile Safari/537.36 (compatible; Googlebot/2.1; +http://www.google.com/bot.html)"
66.249.69.164 - - [20/Aug/2026:18:07:54 -0700] "GET /?w=1110917121100 HTTP/1.1" 200 17221 "-" "Mozilla/5.0 (Linux; Android 6.0.1; Nexus 5X Build/MMB29P) AppleWebKit/537.36 (KHTML, like Gecko) Chrome/151.0.7922.137 Mobile Safari/537.36 (compatible; GoogleOther)"
66.249.69.164 - - [20/Aug/2026:18:07:57 -0700] "GET /?w=3349281081100 HTTP/1.1" 200 17487 "-" "Mozilla/5.0 (Linux; Android 6.0.1; Nexus 5X Build/MMB29P) AppleWebKit/537.36 (KHTML, like Gecko) Chrome/151.0.7922.137 Mobile Safari/537.36 (compatible; GoogleOther)"
66.249.69.165 - - [20/Aug/2026:18:08:25 -0700] "GET /?w=2556110681100 HTTP/1.1" 200 16879 "-" "Mozilla/5.0 (Linux; Android 6.0.1; Nexus 5X Build/MMB29P) AppleWebKit/537.36 (KHTML, like Gecko) Chrome/151.0.7922.137 Mobile Safari/537.36 (compatible; GoogleOther)"
66.249.69.165 - - [20/Aug/2026:18:08:28 -0700] "GET /?productSearch/pictureSearch?id=2540274261100 HTTP/1.1" 200 17073 "-" "Mozilla/5.0 (Linux; Android 6.0.1; Nexus 5X Build/MMB29P) AppleWebKit/537.36 (KHTML, like Gecko) Chrome/151.0.7922.137 Mobile Safari/537.36 (compatible; GoogleOther)"
66.249.69.164 - - [20/Aug/2026:18:08:58 -0700] "GET /?w=3230793381100 HTTP/1.1" 200 17218 "-" "Mozilla/5.0 (Linux; Android 6.0.1; Nexus 5X Build/MMB29P) AppleWebKit/537.36 (KHTML, like Gecko) Chrome/151.0.7922.137 Mobile Safari/537.36 (compatible; Googlebot/2.1; +http://www.google.com/bot.html)"
66.249.69.164 - - [20/Aug/2026:18:08:59 -0700] "GET /?w=2027958981100 HTTP/1.1" 200 16670 "-" "Mozilla/5.0 (Linux; Android 6.0.1; Nexus 5X Build/MMB29P) AppleWebKit/537.36 (KHTML, like Gecko) Chrome/151.0.7922.137 Mobile Safari/537.36 (compatible; GoogleOther)"
66.249.69.165 - - [20/Aug/2026:18:09:31 -0700] "GET /?productSearch/pictureSearch?id=1246900311100 HTTP/1.1" 200 16745 "-" "Mozilla/5.0 (Linux; Android 6.0.1; Nexus 5X Build/MMB29P) AppleWebKit/537.36 (KHTML, like Gecko) Chrome/151.0.7922.137 Mobile Safari/537.36 (compatible; GoogleOther)"
66.249.69.165 - - [20/Aug/2026:18:09:40 -0700] "GET /?w=1099855501100 HTTP/1.1" 200 16760 "-" "Mozilla/5.0 (Linux; Android 6.0.1; Nexus 5X Build/MMB29P) AppleWebKit/537.36 (KHTML, like Gecko) Chrome/151.0.7922.137 Mobile Safari/537.36 (compatible; GoogleOther)"
66.249.69.166 - - [20/Aug/2026:18:10:04 -0700] "GET /?w=1091722771100 HTTP/1.1" 200 16905 "-" "Mozilla/5.0 (Linux; Android 6.0.1; Nexus 5X Build/MMB29P) AppleWebKit/537.36 (KHTML, like Gecko) Chrome/151.0.7922.137 Mobile Safari/537.36 (compatible; GoogleOther)"
66.249.69.164 - - [20/Aug/2026:18:10:14 -0700] "GET /?w=3342587711100 HTTP/1.1" 200 17156 "-" "Mozilla/5.0 (Linux; Android 6.0.1; Nexus 5X Build/MMB29P) AppleWebKit/537.36 (KHTML, like Gecko) Chrome/151.0.7922.137 Mobile Safari/537.36 (compatible; GoogleOther)"
66.249.69.164 - - [20/Aug/2026:18:10:36 -0700] "GET /?w=2021525111100 HTTP/1.1" 200 16460 "-" "Mozilla/5.0 (Linux; Android 6.0.1; Nexus 5X Build/MMB29P) AppleWebKit/537.36 (KHTML, like Gecko) Chrome/151.0.7922.137 Mobile Safari/537.36 (compatible; GoogleOther)"
66.249.69.164 - - [20/Aug/2026:18:10:38 -0700] "GET /?w=3230802031100 HTTP/1.1" 200 17090 "-" "Mozilla/5.0 (Linux; Android 6.0.1; Nexus 5X Build/MMB29P) AppleWebKit/537.36 (KHTML, like Gecko) Chrome/151.0.7922.137 Mobile Safari/537.36 (compatible; Googlebot/2.1; +http://www.google.com/bot.html)"
66.249.69.165 - - [20/Aug/2026:18:11:09 -0700] "GET /?w=843775711100 HTTP/1.1" 200 17279 "-" "Mozilla/5.0 (Linux; Android 6.0.1; Nexus 5X Build/MMB29P) AppleWebKit/537.36 (KHTML, like Gecko) Chrome/151.0.7922.137 Mobile Safari/537.36 (compatible; GoogleOther)"
66.249.69.165 - - [20/Aug/2026:18:11:29 -0700] "GET /?w=2468531161100 HTTP/1.1" 200 17546 "-" "Mozilla/5.0 (Linux; Android 6.0.1; Nexus 5X Build/MMB29P) AppleWebKit/537.36 (KHTML, like Gecko) Chrome/151.0.7922.137 Mobile Safari/537.36 (compatible; GoogleOther)"
66.249.69.164 - - [20/Aug/2026:18:11:41 -0700] "GET /?w=347402381100 HTTP/1.1" 200 16517 "-" "Mozilla/5.0 (Linux; Android 6.0.1; Nexus 5X Build/MMB29P) AppleWebKit/537.36 (KHTML, like Gecko) Chrome/151.0.7922.137 Mobile Safari/537.36 (compatible; GoogleOther)"
66.249.69.166 - - [20/Aug/2026:18:12:02 -0700] "GET /?w=2022047571100 HTTP/1.1" 200 16948 "-" "Mozilla/5.0 (Linux; Android 6.0.1; Nexus 5X Build/MMB29P) AppleWebKit/537.36 (KHTML, like Gecko) Chrome/151.0.7922.137 Mobile Safari/537.36 (compatible; GoogleOther)"
66.249.69.164 - - [20/Aug/2026:18:12:05 -0700] "GET /?w=3227738201100 HTTP/1.1" 200 17037 "-" "Mozilla/5.0 (Linux; Android 6.0.1; Nexus 5X Build/MMB29P) AppleWebKit/537.36 (KHTML, like Gecko) Chrome/151.0.7922.137 Mobile Safari/537.36 (compatible; Googlebot/2.1; +http://www.google.com/bot.html)"
66.249.69.165 - - [20/Aug/2026:18:12:09 -0700] "GET /?productSearch/pictureSearch?id=1709841391100 HTTP/1.1" 200 16406 "-" "Mozilla/5.0 (Linux; Android 6.0.1; Nexus 5X Build/MMB29P) AppleWebKit/537.36 (KHTML, like Gecko) Chrome/151.0.7922.137 Mobile Safari/537.36 (compatible; GoogleOther)"
66.249.69.164 - - [20/Aug/2026:18:12:13 -0700] "GET /?w=2016158651100 HTTP/1.1" 200 17250 "-" "Mozilla/5.0 (Linux; Android 6.0.1; Nexus 5X Build/MMB29P) AppleWebKit/537.36 (KHTML, like Gecko) Chrome/151.0.7922.137 Mobile Safari/537.36 (compatible; GoogleOther)"
66.249.69.164 - - [20/Aug/2026:18:12:20 -0700] "GET /?w=1098167021100 HTTP/1.1" 200 16708 "-" "Mozilla/5.0 (Linux; Android 6.0.1; Nexus 5X Build/MMB29P) AppleWebKit/537.36 (KHTML, like Gecko) Chrome/151.0.7922.137 Mobile Safari/537.36 (compatible; Googlebot/2.1; +http://www.google.com/bot.html)"
66.249.69.164 - - [20/Aug/2026:18:12:48 -0700] "GET /?productSearch/pictureSearch?id=1241391991100 HTTP/1.1" 200 16798 "-" "Mozilla/5.0 (Linux; Android 6.0.1; Nexus 5X Build/MMB29P) AppleWebKit/537.36 (KHTML, like Gecko) Chrome/151.0.7922.137 Mobile Safari/537.36 (compatible; GoogleOther)"
66.249.69.166 - - [20/Aug/2026:18:13:17 -0700] "GET /?product/review/680010451100 HTTP/1.1" 200 16961 "-" "Mozilla/5.0 (Linux; Android 6.0.1; Nexus 5X Build/MMB29P) AppleWebKit/537.36 (KHTML, like Gecko) Chrome/151.0.7922.137 Mobile Safari/537.36 (compatible; GoogleOther)"
66.249.69.166 - - [20/Aug/2026:18:13:20 -0700] "GET /?w=348080541100 HTTP/1.1" 200 17588 "-" "Mozilla/5.0 (Linux; Android 6.0.1; Nexus 5X Build/MMB29P) AppleWebKit/537.36 (KHTML, like Gecko) Chrome/151.0.7922.137 Mobile Safari/537.36 (compatible; GoogleOther)"
66.249.69.164 - - [20/Aug/2026:18:13:28 -0700] "GET /?w=1096244991100 HTTP/1.1" 200 16494 "-" "Mozilla/5.0 (Linux; Android 6.0.1; Nexus 5X Build/MMB29P) AppleWebKit/537.36 (KHTML, like Gecko) Chrome/151.0.7922.137 Mobile Safari/537.36 (compatible; Googlebot/2.1; +http://www.google.com/bot.html)"
66.249.69.164 - - [20/Aug/2026:18:13:30 -0700] "GET /?shop/sold?id=top518997621100 HTTP/1.1" 200 16796 "-" "Mozilla/5.0 (Linux; Android 6.0.1; Nexus 5X Build/MMB29P) AppleWebKit/537.36 (KHTML, like Gecko) Chrome/151.0.7922.137 Mobile Safari/537.36 (compatible; Googlebot/2.1; +http://www.google.com/bot.html)"
66.249.69.164 - - [20/Aug/2026:18:13:50 -0700] "GET /?w=756943551100 HTTP/1.1" 200 17249 "-" "Mozilla/5.0 (Linux; Android 6.0.1; Nexus 5X Build/MMB29P) AppleWebKit/537.36 (KHTML, like Gecko) Chrome/151.0.7922.137 Mobile Safari/537.36 (compatible; GoogleOther)"
66.249.69.164 - - [20/Aug/2026:18:13:53 -0700] "GET /?w=3533014001100 HTTP/1.1" 200 17573 "-" "Mozilla/5.0 (Linux; Android 6.0.1; Nexus 5X Build/MMB29P) AppleWebKit/537.36 (KHTML, like Gecko) Chrome/151.0.7922.137 Mobile Safari/537.36 (compatible; GoogleOther)"
66.249.69.165 - - [20/Aug/2026:18:14:22 -0700] "GET /?w=3453067241100 HTTP/1.1" 200 17181 "-" "Mozilla/5.0 (Linux; Android 6.0.1; Nexus 5X Build/MMB29P) AppleWebKit/537.36 (KHTML, like Gecko) Chrome/151.0.7922.137 Mobile Safari/537.36 (compatible; GoogleOther)"
66.249.69.164 - - [20/Aug/2026:18:14:32 -0700] "GET /?w=3229232921100 HTTP/1.1" 200 16760 "-" "Mozilla/5.0 (Linux; Android 6.0.1; Nexus 5X Build/MMB29P) AppleWebKit/537.36 (KHTML, like Gecko) Chrome/151.0.7922.137 Mobile Safari/537.36 (compatible; Googlebot/2.1; +http://www.google.com/bot.html)"
66.249.69.164 - - [20/Aug/2026:18:14:55 -0700] "GET /?w=220984361100 HTTP/1.1" 200 16792 "-" "Mozilla/5.0 (Linux; Android 6.0.1; Nexus 5X Build/MMB29P) AppleWebKit/537.36 (KHTML, like Gecko) Chrome/151.0.7922.137 Mobile Safari/537.36 (compatible; GoogleOther)"
66.249.69.165 - - [20/Aug/2026:18:15:05 -0700] "GET /?w=2558472131100 HTTP/1.1" 200 17381 "-" "Mozilla/5.0 (Linux; Android 6.0.1; Nexus 5X Build/MMB29P) AppleWebKit/537.36 (KHTML, like Gecko) Chrome/151.0.7922.137 Mobile Safari/537.36 (compatible; GoogleOther)"
157.55.39.7 - - [20/Aug/2026:18:15:17 -0700] "GET /item/436309/ HTTP/2.0" 200 6461 "-" "Mozilla/5.0 AppleWebKit/537.36 (KHTML, like Gecko; compatible; bingbot/2.0; +http://www.bing.com/bingbot.htm) Chrome/116.0.1938.76 Safari/537.36"
157.55.39.7 - - [20/Aug/2026:18:15:17 -0700] "GET /marchward3r/weMEFRlY.html HTTP/2.0" 200 6464 "-" "Mozilla/5.0 AppleWebKit/537.36 (KHTML, like Gecko; compatible; bingbot/2.0; +http://www.bing.com/bingbot.htm) Chrome/116.0.1938.76 Safari/537.36"
66.249.69.164 - - [20/Aug/2026:18:15:39 -0700] "GET /?productSearch/pictureSearch?id=2113626851100 HTTP/1.1" 200 16860 "-" "Mozilla/5.0 (Linux; Android 6.0.1; Nexus 5X Build/MMB29P) AppleWebKit/537.36 (KHTML, like Gecko) Chrome/151.0.7922.137 Mobile Safari/537.36 (compatible; GoogleOther)"
66.249.69.166 - - [20/Aug/2026:18:16:00 -0700] "GET /?freeshipping HTTP/1.1" 200 16921 "-" "Mozilla/5.0 (Linux; Android 6.0.1; Nexus 5X Build/MMB29P) AppleWebKit/537.36 (KHTML, like Gecko) Chrome/151.0.7922.137 Mobile Safari/537.36 (compatible; GoogleOther)"
66.249.69.164 - - [20/Aug/2026:18:16:54 -0700] "GET /?w=1094350641100 HTTP/1.1" 200 16780 "-" "Mozilla/5.0 (Linux; Android 6.0.1; Nexus 5X Build/MMB29P) AppleWebKit/537.36 (KHTML, like Gecko) Chrome/151.0.7922.137 Mobile Safari/537.36 (compatible; GoogleOther)"
66.249.69.165 - - [20/Aug/2026:18:17:09 -0700] "GET /?product/review/1894902951100 HTTP/1.1" 200 16535 "-" "Mozilla/5.0 (Linux; Android 6.0.1; Nexus 5X Build/MMB29P) AppleWebKit/537.36 (KHTML, like Gecko) Chrome/151.0.7922.137 Mobile Safari/537.36 (compatible; Googlebot/2.1; +http://www.google.com/bot.html)"
66.249.69.164 - - [20/Aug/2026:18:17:25 -0700] "GET /?w=393648741100 HTTP/1.1" 200 16365 "-" "Mozilla/5.0 (Linux; Android 6.0.1; Nexus 5X Build/MMB29P) AppleWebKit/537.36 (KHTML, like Gecko) Chrome/151.0.7922.137 Mobile Safari/537.36 (compatible; GoogleOther)"
66.249.69.164 - - [20/Aug/2026:18:17:28 -0700] "GET /?w=1102863971100 HTTP/1.1" 200 16596 "-" "Mozilla/5.0 (Linux; Android 6.0.1; Nexus 5X Build/MMB29P) AppleWebKit/537.36 (KHTML, like Gecko) Chrome/151.0.7922.137 Mobile Safari/537.36 (compatible; GoogleOther)"
66.249.69.164 - - [20/Aug/2026:18:17:39 -0700] "GET /?w=676038371100 HTTP/1.1" 200 16835 "-" "Mozilla/5.0 (Linux; Android 6.0.1; Nexus 5X Build/MMB29P) AppleWebKit/537.36 (KHTML, like Gecko) Chrome/151.0.7922.137 Mobile Safari/537.36 (compatible; GoogleOther)"
66.249.69.164 - - [20/Aug/2026:18:17:54 -0700] "GET /?w=3229035701100 HTTP/1.1" 200 18030 "-" "Mozilla/5.0 (Linux; Android 6.0.1; Nexus 5X Build/MMB29P) AppleWebKit/537.36 (KHTML, like Gecko) Chrome/151.0.7922.137 Mobile Safari/537.36 (compatible; Googlebot/2.1; +http://www.google.com/bot.html)"
66.249.69.165 - - [20/Aug/2026:18:18:09 -0700] "GET /?w=2017559951100 HTTP/1.1" 200 16639 "-" "Mozilla/5.0 (Linux; Android 6.0.1; Nexus 5X Build/MMB29P) AppleWebKit/537.36 (KHTML, like Gecko) Chrome/151.0.7922.137 Mobile Safari/537.36 (compatible; GoogleOther)"
66.249.69.165 - - [20/Aug/2026:18:18:12 -0700] "GET /?productSearch/pictureSearch?id=222479081100 HTTP/1.1" 200 16253 "-" "Mozilla/5.0 (Linux; Android 6.0.1; Nexus 5X Build/MMB29P) AppleWebKit/537.36 (KHTML, like Gecko) Chrome/151.0.7922.137 Mobile Safari/537.36 (compatible; Googlebot/2.1; +http://www.google.com/bot.html)"
66.249.69.164 - - [20/Aug/2026:18:18:42 -0700] "GET /?w=2342216941100 HTTP/1.1" 200 16456 "-" "Mozilla/5.0 (Linux; Android 6.0.1; Nexus 5X Build/MMB29P) AppleWebKit/537.36 (KHTML, like Gecko) Chrome/151.0.7922.137 Mobile Safari/537.36 (compatible; GoogleOther)"
66.249.69.164 - - [20/Aug/2026:18:18:45 -0700] "GET /?w=2271027441100 HTTP/1.1" 200 16499 "-" "Mozilla/5.0 (Linux; Android 6.0.1; Nexus 5X Build/MMB29P) AppleWebKit/537.36 (KHTML, like Gecko) Chrome/151.0.7922.137 Mobile Safari/537.36 (compatible; GoogleOther)"
40.77.167.5 - - [20/Aug/2026:18:19:08 -0700] "GET /index.php/item/1006957/ HTTP/2.0" 200 6457 "-" "Mozilla/5.0 AppleWebKit/537.36 (KHTML, like Gecko; compatible; bingbot/2.0; +http://www.bing.com/bingbot.htm) Chrome/116.0.1938.76 Safari/537.36"
66.249.74.160 - - [20/Aug/2026:18:19:14 -0700] "GET /?w=1093189811100 HTTP/1.1" 200 16436 "-" "Mozilla/5.0 (Linux; Android 6.0.1; Nexus 5X Build/MMB29P) AppleWebKit/537.36 (KHTML, like Gecko) Chrome/151.0.7922.137 Mobile Safari/537.36 (compatible; GoogleOther)"
66.249.69.165 - - [20/Aug/2026:18:19:21 -0700] "GET /?w=3529969201100 HTTP/1.1" 200 17550 "-" "Mozilla/5.0 (Linux; Android 6.0.1; Nexus 5X Build/MMB29P) AppleWebKit/537.36 (KHTML, like Gecko) Chrome/151.0.7922.137 Mobile Safari/537.36 (compatible; Googlebot/2.1; +http://www.google.com/bot.html)"
66.249.69.164 - - [20/Aug/2026:18:19:36 -0700] "GET /?w=3229883401100 HTTP/1.1" 200 17232 "-" "Mozilla/5.0 (Linux; Android 6.0.1; Nexus 5X Build/MMB29P) AppleWebKit/537.36 (KHTML, like Gecko) Chrome/151.0.7922.137 Mobile Safari/537.36 (compatible; Googlebot/2.1; +http://www.google.com/bot.html)"
66.249.69.164 - - [20/Aug/2026:18:19:46 -0700] "GET /?w=2282007751100 HTTP/1.1" 200 16917 "-" "Mozilla/5.0 (Linux; Android 6.0.1; Nexus 5X Build/MMB29P) AppleWebKit/537.36 (KHTML, like Gecko) Chrome/151.0.7922.137 Mobile Safari/537.36 (compatible; GoogleOther)"
66.249.69.165 - - [20/Aug/2026:18:20:19 -0700] "GET /?shop/sold?id=top1134128531100 HTTP/1.1" 200 16643 "-" "Mozilla/5.0 (Linux; Android 6.0.1; Nexus 5X Build/MMB29P) AppleWebKit/537.36 (KHTML, like Gecko) Chrome/151.0.7922.137 Mobile Safari/537.36 (compatible; GoogleOther)"
66.249.69.164 - - [20/Aug/2026:18:20:27 -0700] "GET /?w=3228947471100 HTTP/1.1" 200 16726 "-" "Mozilla/5.0 (Linux; Android 6.0.1; Nexus 5X Build/MMB29P) AppleWebKit/537.36 (KHTML, like Gecko) Chrome/151.0.7922.137 Mobile Safari/537.36 (compatible; Googlebot/2.1; +http://www.google.com/bot.html)"
66.249.69.164 - - [20/Aug/2026:18:20:31 -0700] "GET /?w=1112425681100 HTTP/1.1" 200 17250 "-" "Mozilla/5.0 (Linux; Android 6.0.1; Nexus 5X Build/MMB29P) AppleWebKit/537.36 (KHTML, like Gecko) Chrome/151.0.7922.137 Mobile Safari/537.36 (compatible; GoogleOther)"
66.249.69.164 - - [20/Aug/2026:18:20:51 -0700] "GET /?w=2274589511100 HTTP/1.1" 200 16346 "-" "Mozilla/5.0 (Linux; Android 6.0.1; Nexus 5X Build/MMB29P) AppleWebKit/537.36 (KHTML, like Gecko) Chrome/151.0.7922.137 Mobile Safari/537.36 (compatible; Googlebot/2.1; +http://www.google.com/bot.html)"
66.249.69.166 - - [20/Aug/2026:18:20:52 -0700] "GET /?w=3443794441100 HTTP/1.1" 200 17515 "-" "Mozilla/5.0 (Linux; Android 6.0.1; Nexus 5X Build/MMB29P) AppleWebKit/537.36 (KHTML, like Gecko) Chrome/151.0.7922.137 Mobile Safari/537.36 (compatible; GoogleOther)"
66.249.69.165 - - [20/Aug/2026:18:21:04 -0700] "GET /?w=3335001661100 HTTP/1.1" 200 17165 "-" "Mozilla/5.0 (Linux; Android 6.0.1; Nexus 5X Build/MMB29P) AppleWebKit/537.36 (KHTML, like Gecko) Chrome/151.0.7922.137 Mobile Safari/537.36 (compatible; GoogleOther)"
66.249.69.165 - - [20/Aug/2026:18:21:24 -0700] "GET /?w=347244951100 HTTP/1.1" 200 16613 "-" "Mozilla/5.0 (Linux; Android 6.0.1; Nexus 5X Build/MMB29P) AppleWebKit/537.36 (KHTML, like Gecko) Chrome/151.0.7922.137 Mobile Safari/537.36 (compatible; GoogleOther)"
66.249.69.164 - - [20/Aug/2026:18:21:56 -0700] "GET /?w=2959813101100 HTTP/1.1" 200 17353 "-" "Mozilla/5.0 (Linux; Android 6.0.1; Nexus 5X Build/MMB29P) AppleWebKit/537.36 (KHTML, like Gecko) Chrome/151.0.7922.137 Mobile Safari/537.36 (compatible; GoogleOther)"
196.189.25.79 - - [20/Aug/2026:18:22:21 -0700] "GET /?w=2350166291100 HTTP/1.1" 200 6467 "https://lifesavingnursing.com/wp-sitemap-taxonomies-services-category-1.xml" "Mozilla/5.0 (Linux; Android 14; V2183) AppleWebKit/537.36 (KHTML, like Gecko) Chrome/146.0.5229.54 Mobile Safari/537.36"
66.249.69.165 - - [20/Aug/2026:18:22:28 -0700] "GET /?productSearch/pictureSearch?id=1939064661100 HTTP/1.1" 200 16781 "-" "Mozilla/5.0 (Linux; Android 6.0.1; Nexus 5X Build/MMB29P) AppleWebKit/537.36 (KHTML, like Gecko) Chrome/151.0.7922.137 Mobile Safari/537.36 (compatible; GoogleOther)"
66.249.69.164 - - [20/Aug/2026:18:22:53 -0700] "GET /?w=1109090241100 HTTP/1.1" 200 16228 "-" "Mozilla/5.0 (Linux; Android 6.0.1; Nexus 5X Build/MMB29P) AppleWebKit/537.36 (KHTML, like Gecko) Chrome/151.0.7922.137 Mobile Safari/537.36 (compatible; GoogleOther)"
66.249.69.164 - - [20/Aug/2026:18:23:01 -0700] "GET /?w=1092106831100 HTTP/1.1" 200 17106 "-" "Mozilla/5.0 (Linux; Android 6.0.1; Nexus 5X Build/MMB29P) AppleWebKit/537.36 (KHTML, like Gecko) Chrome/151.0.7922.137 Mobile Safari/537.36 (compatible; GoogleOther)"
66.249.69.165 - - [20/Aug/2026:18:23:19 -0700] "GET /?w=1111377301100 HTTP/1.1" 200 16865 "-" "Mozilla/5.0 (Linux; Android 6.0.1; Nexus 5X Build/MMB29P) AppleWebKit/537.36 (KHTML, like Gecko) Chrome/151.0.7922.137 Mobile Safari/537.36 (compatible; Googlebot/2.1; +http://www.google.com/bot.html)"
66.249.69.166 - - [20/Aug/2026:18:23:20 -0700] "GET /?w=3339753971100 HTTP/1.1" 200 17769 "-" "Mozilla/5.0 (Linux; Android 6.0.1; Nexus 5X Build/MMB29P) AppleWebKit/537.36 (KHTML, like Gecko) Chrome/151.0.7922.137 Mobile Safari/537.36 (compatible; Googlebot/2.1; +http://www.google.com/bot.html)"
66.249.69.166 - - [20/Aug/2026:18:23:23 -0700] "GET /cdn-cgi/scripts/5c5dd728/cloudflare-static/email-decode.min.js HTTP/1.1" 200 6464 "https://lifesavingnursing.com/?w=1111377301100" "Mozilla/5.0 (Linux; Android 6.0.1; Nexus 5X Build/MMB29P) AppleWebKit/537.36 (KHTML, like Gecko) Chrome/151.0.7922.137 Mobile Safari/537.36 (compatible; Googlebot/2.1; +http://www.google.com/bot.html)"
66.249.69.164 - - [20/Aug/2026:18:23:33 -0700] "GET /?shop/sold?id=top1094925001100 HTTP/1.1" 200 16475 "-" "Mozilla/5.0 (Linux; Android 6.0.1; Nexus 5X Build/MMB29P) AppleWebKit/537.36 (KHTML, like Gecko) Chrome/151.0.7922.137 Mobile Safari/537.36 (compatible; GoogleOther)"
66.249.69.165 - - [20/Aug/2026:18:24:01 -0700] "GET /?w=3046031111100 HTTP/1.1" 200 17453 "-" "Mozilla/5.0 (Linux; Android 6.0.1; Nexus 5X Build/MMB29P) AppleWebKit/537.36 (KHTML, like Gecko) Chrome/151.0.7922.137 Mobile Safari/537.36 (compatible; GoogleOther)"
66.249.69.164 - - [20/Aug/2026:18:24:05 -0700] "GET /?w=761529781100 HTTP/1.1" 200 17161 "-" "Mozilla/5.0 (Linux; Android 6.0.1; Nexus 5X Build/MMB29P) AppleWebKit/537.36 (KHTML, like Gecko) Chrome/151.0.7922.137 Mobile Safari/537.36 (compatible; GoogleOther)"
66.249.69.164 - - [20/Aug/2026:18:24:08 -0700] "GET /?w=1101903821100 HTTP/1.1" 200 16364 "-" "Mozilla/5.0 (Linux; Android 6.0.1; Nexus 5X Build/MMB29P) AppleWebKit/537.36 (KHTML, like Gecko) Chrome/151.0.7922.137 Mobile Safari/537.36 (compatible; GoogleOther)"
66.249.69.164 - - [20/Aug/2026:18:24:10 -0700] "GET /?w=2034493191100 HTTP/1.1" 200 16521 "-" "Mozilla/5.0 (Linux; Android 6.0.1; Nexus 5X Build/MMB29P) AppleWebKit/537.36 (KHTML, like Gecko) Chrome/151.0.7922.137 Mobile Safari/537.36 (compatible; GoogleOther)"
66.249.69.164 - - [20/Aug/2026:18:24:16 -0700] "GET /?w=3337878651100 HTTP/1.1" 200 16860 "-" "Mozilla/5.0 (Linux; Android 6.0.1; Nexus 5X Build/MMB29P) AppleWebKit/537.36 (KHTML, like Gecko) Chrome/151.0.7922.137 Mobile Safari/537.36 (compatible; Googlebot/2.1; +http://www.google.com/bot.html)"
66.249.69.164 - - [20/Aug/2026:18:24:38 -0700] "GET /?productSearch/pictureSearch?id=2287625061100 HTTP/1.1" 200 16930 "-" "Mozilla/5.0 (Linux; Android 6.0.1; Nexus 5X Build/MMB29P) AppleWebKit/537.36 (KHTML, like Gecko) Chrome/151.0.7922.137 Mobile Safari/537.36 (compatible; GoogleOther)"
66.249.69.164 - - [20/Aug/2026:18:24:42 -0700] "GET /?w=3024554891100 HTTP/1.1" 200 17475 "-" "Mozilla/5.0 (Linux; Android 6.0.1; Nexus 5X Build/MMB29P) AppleWebKit/537.36 (KHTML, like Gecko) Chrome/151.0.7922.137 Mobile Safari/537.36 (compatible; GoogleOther)"
66.249.69.164 - - [20/Aug/2026:18:25:10 -0700] "GET /?w=350106371100 HTTP/1.1" 200 16939 "-" "Mozilla/5.0 (Linux; Android 6.0.1; Nexus 5X Build/MMB29P) AppleWebKit/537.36 (KHTML, like Gecko) Chrome/151.0.7922.137 Mobile Safari/537.36 (compatible; GoogleOther)"
66.249.69.165 - - [20/Aug/2026:18:25:31 -0700] "GET /?w=3227790101100 HTTP/1.1" 200 17012 "-" "Mozilla/5.0 (Linux; Android 6.0.1; Nexus 5X Build/MMB29P) AppleWebKit/537.36 (KHTML, like Gecko) Chrome/151.0.7922.137 Mobile Safari/537.36 (compatible; Googlebot/2.1; +http://www.google.com/bot.html)"
66.249.69.164 - - [20/Aug/2026:18:25:50 -0700] "GET /?w=1544297691100 HTTP/1.1" 200 16835 "-" "Mozilla/5.0 (Linux; Android 6.0.1; Nexus 5X Build/MMB29P) AppleWebKit/537.36 (KHTML, like Gecko) Chrome/151.0.7922.137 Mobile Safari/537.36 (compatible; Googlebot/2.1; +http://www.google.com/bot.html)"
66.249.69.164 - - [20/Aug/2026:18:25:52 -0700] "GET /?w=349762101100 HTTP/1.1" 200 16428 "-" "Mozilla/5.0 (Linux; Android 6.0.1; Nexus 5X Build/MMB29P) AppleWebKit/537.36 (KHTML, like Gecko) Chrome/151.0.7922.137 Mobile Safari/537.36 (compatible; GoogleOther)"
66.249.69.164 - - [20/Aug/2026:18:25:56 -0700] "GET /?w=947772931100 HTTP/1.1" 200 16838 "-" "Mozilla/5.0 (Linux; Android 6.0.1; Nexus 5X Build/MMB29P) AppleWebKit/537.36 (KHTML, like Gecko) Chrome/151.0.7922.137 Mobile Safari/537.36 (compatible; GoogleOther)"
66.249.69.166 - - [20/Aug/2026:18:26:15 -0700] "GET /?w=3035464271100 HTTP/1.1" 200 17020 "-" "Mozilla/5.0 (Linux; Android 6.0.1; Nexus 5X Build/MMB29P) AppleWebKit/537.36 (KHTML, like Gecko) Chrome/151.0.7922.137 Mobile Safari/537.36 (compatible; GoogleOther)"
66.249.69.165 - - [20/Aug/2026:18:26:30 -0700] "GET /?w=1107650881100 HTTP/1.1" 200 17075 "-" "Mozilla/5.0 (Linux; Android 6.0.1; Nexus 5X Build/MMB29P) AppleWebKit/537.36 (KHTML, like Gecko) Chrome/151.0.7922.137 Mobile Safari/537.36 (compatible; GoogleOther)"
66.249.69.164 - - [20/Aug/2026:18:26:47 -0700] "GET /?w=2280580501100 HTTP/1.1" 200 17473 "-" "Mozilla/5.0 (Linux; Android 6.0.1; Nexus 5X Build/MMB29P) AppleWebKit/537.36 (KHTML, like Gecko) Chrome/151.0.7922.137 Mobile Safari/537.36 (compatible; GoogleOther)"
66.249.69.164 - - [20/Aug/2026:18:26:56 -0700] "GET /?w=3338968551100 HTTP/1.1" 200 17216 "-" "Mozilla/5.0 (Linux; Android 6.0.1; Nexus 5X Build/MMB29P) AppleWebKit/537.36 (KHTML, like Gecko) Chrome/151.0.7922.137 Mobile Safari/537.36 (compatible; Googlebot/2.1; +http://www.google.com/bot.html)"
66.249.69.164 - - [20/Aug/2026:18:27:20 -0700] "GET /?productSearch/pictureSearch?id=2577891381100 HTTP/1.1" 200 17328 "-" "Mozilla/5.0 (Linux; Android 6.0.1; Nexus 5X Build/MMB29P) AppleWebKit/537.36 (KHTML, like Gecko) Chrome/151.0.7922.137 Mobile Safari/537.36 (compatible; GoogleOther)"
89.116.88.12 - - [20/Aug/2026:18:27:26 -0700] "GET / HTTP/2.0" 200 16087 "-" "Mozilla/5.0 (compatible; Googlebot/2.1; +http://www.google.com/bot.html)"
66.249.69.164 - - [20/Aug/2026:18:27:30 -0700] "GET /?w=2273124201100 HTTP/1.1" 200 16201 "-" "Mozilla/5.0 (Linux; Android 6.0.1; Nexus 5X Build/MMB29P) AppleWebKit/537.36 (KHTML, like Gecko) Chrome/151.0.7922.137 Mobile Safari/537.36 (compatible; Googlebot/2.1; +http://www.google.com/bot.html)"
89.116.88.12 - - [20/Aug/2026:18:27:31 -0700] "GET /?css_6d0bcc8d162b7afaac8d8cc1c7cfd033/common HTTP/2.0" 200 28405 "https://lifesavingnursing.com/" "Mozilla/5.0 (compatible; Googlebot/2.1; +http://www.google.com/bot.html)"
89.116.88.12 - - [20/Aug/2026:18:27:31 -0700] "GET /cdn-cgi/scripts/5c5dd728/cloudflare-static/email-decode.min.js HTTP/2.0" 200 6457 "https://lifesavingnursing.com/" "Mozilla/5.0 (compatible; Googlebot/2.1; +http://www.google.com/bot.html)"
66.249.69.164 - - [20/Aug/2026:18:27:44 -0700] "GET /?w=102989711100 HTTP/1.1" 200 17143 "-" "Mozilla/5.0 (Linux; Android 6.0.1; Nexus 5X Build/MMB29P) AppleWebKit/537.36 (KHTML, like Gecko) Chrome/151.0.7922.137 Mobile Safari/537.36 (compatible; GoogleOther)"
66.249.69.164 - - [20/Aug/2026:18:27:52 -0700] "GET /?w=1642689711100 HTTP/1.1" 200 16702 "-" "Mozilla/5.0 (Linux; Android 6.0.1; Nexus 5X Build/MMB29P) AppleWebKit/537.36 (KHTML, like Gecko) Chrome/151.0.7922.137 Mobile Safari/537.36 (compatible; GoogleOther)"
66.249.69.164 - - [20/Aug/2026:18:27:58 -0700] "GET /?w=3024200241100 HTTP/1.1" 200 20562 "-" "Mozilla/5.0 (Linux; Android 6.0.1; Nexus 5X Build/MMB29P) AppleWebKit/537.36 (KHTML, like Gecko) Chrome/151.0.7922.137 Mobile Safari/537.36 (compatible; GoogleOther)"
161.8.71.132 - - [20/Aug/2026:18:28:10 -0700] "GET /?w=2333205371100 HTTP/1.1" 200 6462 "https://lifesavingnursing.com/wp-sitemap-taxonomies-services-category-1.xml" "Mozilla/5.0 (iPhone; CPU iPhone OS 17_2 like Mac OS X) AppleWebKit/605.1.15 (KHTML, like Gecko) Version/17.2 Mobile/15E148 Safari/604.1 MicroMessenger/8.0.30(0x18001B3F) NetType/WIFI Language/zh_CN"
66.249.69.164 - - [20/Aug/2026:18:28:24 -0700] "GET /?w=3488347131100 HTTP/1.1" 200 17222 "-" "Mozilla/5.0 (Linux; Android 6.0.1; Nexus 5X Build/MMB29P) AppleWebKit/537.36 (KHTML, like Gecko) Chrome/151.0.7922.137 Mobile Safari/537.36 (compatible; GoogleOther)"
66.249.69.164 - - [20/Aug/2026:18:28:33 -0700] "GET /?w=2556110681100 HTTP/1.1" 200 16875 "-" "Mozilla/5.0 (Linux; Android 6.0.1; Nexus 5X Build/MMB29P) AppleWebKit/537.36 (KHTML, like Gecko) Chrome/151.0.7922.137 Mobile Safari/537.36 (compatible; Googlebot/2.1; +http://www.google.com/bot.html)"
66.249.69.164 - - [20/Aug/2026:18:28:38 -0700] "GET /?shop/sold?id=top624586441100 HTTP/1.1" 200 16891 "-" "Mozilla/5.0 (Linux; Android 6.0.1; Nexus 5X Build/MMB29P) AppleWebKit/537.36 (KHTML, like Gecko) Chrome/151.0.7922.137 Mobile Safari/537.36 (compatible; Googlebot/2.1; +http://www.google.com/bot.html)"
66.249.69.164 - - [20/Aug/2026:18:28:57 -0700] "GET /?w=2467429151100 HTTP/1.1" 200 17097 "-" "Mozilla/5.0 (Linux; Android 6.0.1; Nexus 5X Build/MMB29P) AppleWebKit/537.36 (KHTML, like Gecko) Chrome/151.0.7922.137 Mobile Safari/537.36 (compatible; GoogleOther)"
66.249.69.164 - - [20/Aug/2026:18:29:00 -0700] "GET /?w=3342265931100 HTTP/1.1" 200 17003 "-" "Mozilla/5.0 (Linux; Android 6.0.1; Nexus 5X Build/MMB29P) AppleWebKit/537.36 (KHTML, like Gecko) Chrome/151.0.7922.137 Mobile Safari/537.36 (compatible; Googlebot/2.1; +http://www.google.com/bot.html)"
66.249.69.164 - - [20/Aug/2026:18:29:15 -0700] "GET /?product/review/2201995251100 HTTP/1.1" 200 16688 "-" "Mozilla/5.0 (Linux; Android 6.0.1; Nexus 5X Build/MMB29P) AppleWebKit/537.36 (KHTML, like Gecko) Chrome/151.0.7922.137 Mobile Safari/537.36 (compatible; Googlebot/2.1; +http://www.google.com/bot.html)"
66.249.69.164 - - [20/Aug/2026:18:29:33 -0700] "GET /?w=1098319261100 HTTP/1.1" 200 16985 "-" "Mozilla/5.0 (Linux; Android 6.0.1; Nexus 5X Build/MMB29P) AppleWebKit/537.36 (KHTML, like Gecko) Chrome/151.0.7922.137 Mobile Safari/537.36 (compatible; GoogleOther)"
66.249.69.164 - - [20/Aug/2026:18:29:38 -0700] "GET /?w=348907481100 HTTP/1.1" 200 16848 "-" "Mozilla/5.0 (Linux; Android 6.0.1; Nexus 5X Build/MMB29P) AppleWebKit/537.36 (KHTML, like Gecko) Chrome/151.0.7922.137 Mobile Safari/537.36 (compatible; GoogleOther)"
66.249.69.164 - - [20/Aug/2026:18:29:46 -0700] "GET /?productSearch/pictureSearch?id=2107552821100 HTTP/1.1" 200 16982 "-" "Mozilla/5.0 (Linux; Android 6.0.1; Nexus 5X Build/MMB29P) AppleWebKit/537.36 (KHTML, like Gecko) Chrome/151.0.7922.137 Mobile Safari/537.36 (compatible; Googlebot/2.1; +http://www.google.com/bot.html)"
66.249.69.164 - - [20/Aug/2026:18:29:58 -0700] "GET /?w=3228137831100 HTTP/1.1" 200 16858 "-" "Mozilla/5.0 (Linux; Android 6.0.1; Nexus 5X Build/MMB29P) AppleWebKit/537.36 (KHTML, like Gecko) Chrome/151.0.7922.137 Mobile Safari/537.36 (compatible; Googlebot/2.1; +http://www.google.com/bot.html)"
66.249.69.164 - - [20/Aug/2026:18:30:01 -0700] "GET /?w=964472621100 HTTP/1.1" 200 16927 "-" "Mozilla/5.0 (Linux; Android 6.0.1; Nexus 5X Build/MMB29P) AppleWebKit/537.36 (KHTML, like Gecko) Chrome/151.0.7922.137 Mobile Safari/537.36 (compatible; GoogleOther)"
66.249.69.164 - - [20/Aug/2026:18:30:06 -0700] "GET /?w=1112102171100 HTTP/1.1" 200 16701 "-" "Mozilla/5.0 (Linux; Android 6.0.1; Nexus 5X Build/MMB29P) AppleWebKit/537.36 (KHTML, like Gecko) Chrome/151.0.7922.137 Mobile Safari/537.36 (compatible; GoogleOther)"
189.175.108.109 - - [20/Aug/2026:18:30:07 -0700] "GET /?w=2330356061100 HTTP/1.1" 200 6466 "https://lifesavingnursing.com/wp-sitemap-taxonomies-services-category-1.xml" "Mozilla/5.0 (Linux; Android 12; OPPO PCLM8) AppleWebKit/537.36 (KHTML, like Gecko) Chrome/145.0.5792.125 Mobile Safari/537.36"
66.249.69.164 - - [20/Aug/2026:18:30:34 -0700] "GET /?w=675841151100 HTTP/1.1" 200 17066 "-" "Mozilla/5.0 (Linux; Android 6.0.1; Nexus 5X Build/MMB29P) AppleWebKit/537.36 (KHTML, like Gecko) Chrome/151.0.7922.137 Mobile Safari/537.36 (compatible; GoogleOther)"
66.249.69.165 - - [20/Aug/2026:18:31:06 -0700] "GET /?w=1500229401100 HTTP/1.1" 200 16753 "-" "Mozilla/5.0 (Linux; Android 6.0.1; Nexus 5X Build/MMB29P) AppleWebKit/537.36 (KHTML, like Gecko) Chrome/151.0.7922.137 Mobile Safari/537.36 (compatible; GoogleOther)"
66.249.69.165 - - [20/Aug/2026:18:31:21 -0700] "GET /?w=3346684351100 HTTP/1.1" 200 17118 "-" "Mozilla/5.0 (Linux; Android 6.0.1; Nexus 5X Build/MMB29P) AppleWebKit/537.36 (KHTML, like Gecko) Chrome/151.0.7922.137 Mobile Safari/537.36 (compatible; GoogleOther)"
66.249.69.164 - - [20/Aug/2026:18:31:28 -0700] "GET /?w=3341103371100 HTTP/1.1" 200 17339 "-" "Mozilla/5.0 (Linux; Android 6.0.1; Nexus 5X Build/MMB29P) AppleWebKit/537.36 (KHTML, like Gecko) Chrome/151.0.7922.137 Mobile Safari/537.36 (compatible; Googlebot/2.1; +http://www.google.com/bot.html)"
66.249.69.164 - - [20/Aug/2026:18:31:39 -0700] "GET /?w=757689181100 HTTP/1.1" 200 17747 "-" "Mozilla/5.0 (Linux; Android 6.0.1; Nexus 5X Build/MMB29P) AppleWebKit/537.36 (KHTML, like Gecko) Chrome/151.0.7922.137 Mobile Safari/537.36 (compatible; GoogleOther)"
66.249.69.164 - - [20/Aug/2026:18:31:55 -0700] "GET /?w=1105242721100 HTTP/1.1" 200 16908 "-" "Mozilla/5.0 (Linux; Android 6.0.1; Nexus 5X Build/MMB29P) AppleWebKit/537.36 (KHTML, like Gecko) Chrome/151.0.7922.137 Mobile Safari/537.36 (compatible; GoogleOther)"
66.249.69.166 - - [20/Aug/2026:18:32:11 -0700] "GET /?w=2053839781100 HTTP/1.1" 200 16695 "-" "Mozilla/5.0 (Linux; Android 6.0.1; Nexus 5X Build/MMB29P) AppleWebKit/537.36 (KHTML, like Gecko) Chrome/151.0.7922.137 Mobile Safari/537.36 (compatible; GoogleOther)"
66.249.69.164 - - [20/Aug/2026:18:32:35 -0700] "GET /?w=3340179551100 HTTP/1.1" 200 17703 "-" "Mozilla/5.0 (Linux; Android 6.0.1; Nexus 5X Build/MMB29P) AppleWebKit/537.36 (KHTML, like Gecko) Chrome/151.0.7922.137 Mobile Safari/537.36 (compatible; Googlebot/2.1; +http://www.google.com/bot.html)"
66.249.69.164 - - [20/Aug/2026:18:32:43 -0700] "GET /?w=2274667361100 HTTP/1.1" 200 16935 "-" "Mozilla/5.0 (Linux; Android 6.0.1; Nexus 5X Build/MMB29P) AppleWebKit/537.36 (KHTML, like Gecko) Chrome/151.0.7922.137 Mobile Safari/537.36 (compatible; GoogleOther)"
66.249.69.164 - - [20/Aug/2026:18:33:10 -0700] "GET /?w=1101367521100 HTTP/1.1" 200 16496 "-" "Mozilla/5.0 (Linux; Android 6.0.1; Nexus 5X Build/MMB29P) AppleWebKit/537.36 (KHTML, like Gecko) Chrome/151.0.7922.137 Mobile Safari/537.36 (compatible; GoogleOther)"
66.249.69.165 - - [20/Aug/2026:18:33:16 -0700] "GET /?productSearch/pictureSearch?id=1058610571100 HTTP/1.1" 200 16261 "-" "Mozilla/5.0 (Linux; Android 6.0.1; Nexus 5X Build/MMB29P) AppleWebKit/537.36 (KHTML, like Gecko) Chrome/151.0.7922.137 Mobile Safari/537.36 (compatible; GoogleOther)"
66.249.69.164 - - [20/Aug/2026:18:33:44 -0700] "GET /?w=347326261100 HTTP/1.1" 200 16972 "-" "Mozilla/5.0 (Linux; Android 6.0.1; Nexus 5X Build/MMB29P) AppleWebKit/537.36 (KHTML, like Gecko) Chrome/151.0.7922.137 Mobile Safari/537.36 (compatible; GoogleOther)"
66.249.69.164 - - [20/Aug/2026:18:33:48 -0700] "GET /?w=2273439061100 HTTP/1.1" 200 16694 "-" "Mozilla/5.0 (Linux; Android 6.0.1; Nexus 5X Build/MMB29P) AppleWebKit/537.36 (KHTML, like Gecko) Chrome/151.0.7922.137 Mobile Safari/537.36 (compatible; GoogleOther)"
66.249.69.166 - - [20/Aug/2026:18:34:17 -0700] "GET /?productSearch/pictureSearch?id=328067901100 HTTP/1.1" 200 16778 "-" "Mozilla/5.0 (Linux; Android 6.0.1; Nexus 5X Build/MMB29P) AppleWebKit/537.36 (KHTML, like Gecko) Chrome/151.0.7922.137 Mobile Safari/537.36 (compatible; Googlebot/2.1; +http://www.google.com/bot.html)"
66.249.69.164 - - [20/Aug/2026:18:34:20 -0700] "GET /?w=388529671100 HTTP/1.1" 200 16838 "-" "Mozilla/5.0 (Linux; Android 6.0.1; Nexus 5X Build/MMB29P) AppleWebKit/537.36 (KHTML, like Gecko) Chrome/151.0.7922.137 Mobile Safari/537.36 (compatible; GoogleOther)"
180.245.62.91 - - [20/Aug/2026:18:34:25 -0700] "GET /wp-content/plugins/mantaptes/wp-activate.php?p= HTTP/2.0" 200 389 "-" "Mozilla/5.0 (Windows NT 10.0; Win64; x64) AppleWebKit/537.36 (KHTML, like Gecko) Chrome/151.0.0.0 Safari/537.36"
180.245.62.91 - - [20/Aug/2026:18:34:26 -0700] "GET /favicon.ico HTTP/2.0" 200 6458 "https://lifesavingnursing.com/wp-content/plugins/mantaptes/wp-activate.php?p=" "Mozilla/5.0 (Windows NT 10.0; Win64; x64) AppleWebKit/537.36 (KHTML, like Gecko) Chrome/151.0.0.0 Safari/537.36"
66.249.69.166 - - [20/Aug/2026:18:34:55 -0700] "GET /?w=761484801100 HTTP/1.1" 200 16417 "-" "Mozilla/5.0 (Linux; Android 6.0.1; Nexus 5X Build/MMB29P) AppleWebKit/537.36 (KHTML, like Gecko) Chrome/151.0.7922.137 Mobile Safari/537.36 (compatible; GoogleOther)"
66.249.69.164 - - [20/Aug/2026:18:35:01 -0700] "GET /?w=951952611100 HTTP/1.1" 200 16958 "-" "Mozilla/5.0 (Linux; Android 6.0.1; Nexus 5X Build/MMB29P) AppleWebKit/537.36 (KHTML, like Gecko) Chrome/151.0.7922.137 Mobile Safari/537.36 (compatible; GoogleOther)"
66.249.69.164 - - [20/Aug/2026:18:35:26 -0700] "GET /?shop/sold?id=top3033270631100 HTTP/1.1" 200 17777 "-" "Mozilla/5.0 (Linux; Android 6.0.1; Nexus 5X Build/MMB29P) AppleWebKit/537.36 (KHTML, like Gecko) Chrome/151.0.7922.137 Mobile Safari/537.36 (compatible; GoogleOther)"
66.249.69.164 - - [20/Aug/2026:18:35:53 -0700] "GET /?w=1241699931100 HTTP/1.1" 200 16422 "-" "Mozilla/5.0 (Linux; Android 6.0.1; Nexus 5X Build/MMB29P) AppleWebKit/537.36 (KHTML, like Gecko) Chrome/151.0.7922.137 Mobile Safari/537.36 (compatible; GoogleOther)"
66.249.69.164 - - [20/Aug/2026:18:35:58 -0700] "GET /?w=1500727641100 HTTP/1.1" 200 16844 "-" "Mozilla/5.0 (Linux; Android 6.0.1; Nexus 5X Build/MMB29P) AppleWebKit/537.36 (KHTML, like Gecko) Chrome/151.0.7922.137 Mobile Safari/537.36 (compatible; GoogleOther)"
66.249.69.164 - - [20/Aug/2026:18:35:59 -0700] "GET /?w=3334794061100 HTTP/1.1" 200 17449 "-" "Mozilla/5.0 (Linux; Android 6.0.1; Nexus 5X Build/MMB29P) AppleWebKit/537.36 (KHTML, like Gecko) Chrome/151.0.7922.137 Mobile Safari/537.36 (compatible; Googlebot/2.1; +http://www.google.com/bot.html)"
66.249.69.166 - - [20/Aug/2026:18:36:30 -0700] "GET /?w=1093120611100 HTTP/1.1" 200 16712 "-" "Mozilla/5.0 (Linux; Android 6.0.1; Nexus 5X Build/MMB29P) AppleWebKit/537.36 (KHTML, like Gecko) Chrome/151.0.7922.137 Mobile Safari/537.36 (compatible; GoogleOther)"
180.245.62.91 - - [20/Aug/2026:18:36:31 -0700] "GET /wp-content/plugins/mantaptes/wp-signup.php?p= HTTP/2.0" 200 6500 "-" "Mozilla/5.0 (Windows NT 10.0; Win64; x64) AppleWebKit/537.36 (KHTML, like Gecko) Chrome/151.0.0.0 Safari/537.36"
180.245.62.91 - - [20/Aug/2026:18:36:33 -0700] "POST /wp-content/plugins/mantaptes/wp-signup.php?p= HTTP/2.0" 200 6287 "https://lifesavingnursing.com/wp-content/plugins/mantaptes/wp-signup.php?p=" "Mozilla/5.0 (Windows NT 10.0; Win64; x64) AppleWebKit/537.36 (KHTML, like Gecko) Chrome/151.0.0.0 Safari/537.36"
180.245.62.91 - - [20/Aug/2026:18:36:34 -0700] "POST /wp-content/plugins/mantaptes/wp-signup.php?p= HTTP/2.0" 200 6291 "https://lifesavingnursing.com/wp-content/plugins/mantaptes/wp-signup.php?p=" "Mozilla/5.0 (Windows NT 10.0; Win64; x64) AppleWebKit/537.36 (KHTML, like Gecko) Chrome/151.0.0.0 Safari/537.36"
180.245.62.91 - - [20/Aug/2026:18:36:44 -0700] "GET //.well-known/.5ef95fed7ffb4b64486653f23832f29bsystem//wp-signup.php?p= HTTP/2.0" 200 6528 "-" "Mozilla/5.0 (Windows NT 10.0; Win64; x64) AppleWebKit/537.36 (KHTML, like Gecko) Chrome/151.0.0.0 Safari/537.36"
66.249.69.164 - - [20/Aug/2026:18:36:49 -0700] "GET /?shop/sold?id=top1837150361100 HTTP/1.1" 200 16245 "-" "Mozilla/5.0 (Linux; Android 6.0.1; Nexus 5X Build/MMB29P) AppleWebKit/537.36 (KHTML, like Gecko) Chrome/151.0.7922.137 Mobile Safari/537.36 (compatible; GoogleOther)"
66.249.69.164 - - [20/Aug/2026:18:37:02 -0700] "GET /?w=1500485441100 HTTP/1.1" 200 16332 "-" "Mozilla/5.0 (Linux; Android 6.0.1; Nexus 5X Build/MMB29P) AppleWebKit/537.36 (KHTML, like Gecko) Chrome/151.0.7922.137 Mobile Safari/537.36 (compatible; GoogleOther)"
66.249.69.164 - - [20/Aug/2026:18:37:20 -0700] "GET /?w=1101109751100 HTTP/1.1" 200 16419 "-" "Mozilla/5.0 (Linux; Android 6.0.1; Nexus 5X Build/MMB29P) AppleWebKit/537.36 (KHTML, like Gecko) Chrome/151.0.7922.137 Mobile Safari/537.36 (compatible; Googlebot/2.1; +http://www.google.com/bot.html)"
66.249.69.165 - - [20/Aug/2026:18:37:20 -0700] "GET /?productSearch/pictureSearch?id=1350293761100 HTTP/1.1" 200 16760 "-" "Mozilla/5.0 (Linux; Android 6.0.1; Nexus 5X Build/MMB29P) AppleWebKit/537.36 (KHTML, like Gecko) Chrome/151.0.7922.137 Mobile Safari/537.36 (compatible; GoogleOther)"
66.249.69.164 - - [20/Aug/2026:18:37:29 -0700] "GET /?w=347326261100 HTTP/1.1" 200 16974 "-" "Mozilla/5.0 (Linux; Android 6.0.1; Nexus 5X Build/MMB29P) AppleWebKit/537.36 (KHTML, like Gecko) Chrome/151.0.7922.137 Mobile Safari/537.36 (compatible; Googlebot/2.1; +http://www.google.com/bot.html)"
66.249.69.164 - - [20/Aug/2026:18:37:36 -0700] "GET /?w=1500798571100 HTTP/1.1" 200 16674 "-" "Mozilla/5.0 (Linux; Android 6.0.1; Nexus 5X Build/MMB29P) AppleWebKit/537.36 (KHTML, like Gecko) Chrome/151.0.7922.137 Mobile Safari/537.36 (compatible; GoogleOther)"
66.249.69.164 - - [20/Aug/2026:18:37:47 -0700] "GET /?shop/sold?id=top3031632321100 HTTP/1.1" 200 17231 "-" "Mozilla/5.0 (Linux; Android 6.0.1; Nexus 5X Build/MMB29P) AppleWebKit/537.36 (KHTML, like Gecko) Chrome/151.0.7922.137 Mobile Safari/537.36 (compatible; GoogleOther)"
66.249.69.164 - - [20/Aug/2026:18:37:53 -0700] "GET /?w=3339119061100 HTTP/1.1" 200 16958 "-" "Mozilla/5.0 (Linux; Android 6.0.1; Nexus 5X Build/MMB29P) AppleWebKit/537.36 (KHTML, like Gecko) Chrome/151.0.7922.137 Mobile Safari/537.36 (compatible; Googlebot/2.1; +http://www.google.com/bot.html)"
66.249.69.164 - - [20/Aug/2026:18:37:59 -0700] "GET /?shop/sold?id=top3031632321100 HTTP/1.1" 200 17230 "-" "Mozilla/5.0 (Linux; Android 6.0.1; Nexus 5X Build/MMB29P) AppleWebKit/537.36 (KHTML, like Gecko) Chrome/151.0.7922.137 Mobile Safari/537.36 (compatible; Googlebot/2.1; +http://www.google.com/bot.html)"
66.249.69.164 - - [20/Aug/2026:18:38:07 -0700] "GET /?w=381945291100 HTTP/1.1" 200 16951 "-" "Mozilla/5.0 (Linux; Android 6.0.1; Nexus 5X Build/MMB29P) AppleWebKit/537.36 (KHTML, like Gecko) Chrome/151.0.7922.137 Mobile Safari/537.36 (compatible; GoogleOther)"
66.249.69.164 - - [20/Aug/2026:18:38:26 -0700] "GET /?w=3338501451100 HTTP/1.1" 200 17110 "-" "Mozilla/5.0 (Linux; Android 6.0.1; Nexus 5X Build/MMB29P) AppleWebKit/537.36 (KHTML, like Gecko) Chrome/151.0.7922.137 Mobile Safari/537.36 (compatible; GoogleOther)"
66.249.69.164 - - [20/Aug/2026:18:38:35 -0700] "GET /?product/review/2769841801100 HTTP/1.1" 200 17460 "-" "Mozilla/5.0 (Linux; Android 6.0.1; Nexus 5X Build/MMB29P) AppleWebKit/537.36 (KHTML, like Gecko) Chrome/151.0.7922.137 Mobile Safari/537.36 (compatible; GoogleOther)"
66.249.69.164 - - [20/Aug/2026:18:38:41 -0700] "GET /?w=2278914511100 HTTP/1.1" 200 16715 "-" "Mozilla/5.0 (Linux; Android 6.0.1; Nexus 5X Build/MMB29P) AppleWebKit/537.36 (KHTML, like Gecko) Chrome/151.0.7922.137 Mobile Safari/537.36 (compatible; GoogleOther)"
66.249.69.164 - - [20/Aug/2026:18:38:42 -0700] "GET /?w=3338492801100 HTTP/1.1" 200 17208 "-" "Mozilla/5.0 (Linux; Android 6.0.1; Nexus 5X Build/MMB29P) AppleWebKit/537.36 (KHTML, like Gecko) Chrome/151.0.7922.137 Mobile Safari/537.36 (compatible; Googlebot/2.1; +http://www.google.com/bot.html)"
66.249.69.165 - - [20/Aug/2026:18:39:18 -0700] "GET /?w=1898466751100 HTTP/1.1" 200 16884 "-" "Mozilla/5.0 (Linux; Android 6.0.1; Nexus 5X Build/MMB29P) AppleWebKit/537.36 (KHTML, like Gecko) Chrome/151.0.7922.137 Mobile Safari/537.36 (compatible; Googlebot/2.1; +http://www.google.com/bot.html)"
66.249.69.164 - - [20/Aug/2026:18:39:22 -0700] "GET /?w=391479321100 HTTP/1.1" 200 16533 "-" "Mozilla/5.0 (Linux; Android 6.0.1; Nexus 5X Build/MMB29P) AppleWebKit/537.36 (KHTML, like Gecko) Chrome/151.0.7922.137 Mobile Safari/537.36 (compatible; GoogleOther)"
27.130.216.9 - - [20/Aug/2026:18:39:35 -0700] "GET /?w=2294302861100 HTTP/1.1" 200 6464 "https://lifesavingnursing.com/wp-sitemap-taxonomies-services-category-1.xml" "Mozilla/5.0 (iPhone; CPU iPhone OS 16_5 like Mac OS X) AppleWebKit/605.1.15 (KHTML, like Gecko) Version/16.5 Mobile/15E148 Safari/604.1 MicroMessenger/8.0.38(0x18001B3F) NetType/WIFI Language/zh_CN"
66.249.69.166 - - [20/Aug/2026:18:39:42 -0700] "GET /?w=3335423781100 HTTP/1.1" 200 17724 "-" "Mozilla/5.0 (Linux; Android 6.0.1; Nexus 5X Build/MMB29P) AppleWebKit/537.36 (KHTML, like Gecko) Chrome/151.0.7922.137 Mobile Safari/537.36 (compatible; Googlebot/2.1; +http://www.google.com/bot.html)"
66.249.69.164 - - [20/Aug/2026:18:39:44 -0700] "GET /?w=2759003351100 HTTP/1.1" 200 17183 "-" "Mozilla/5.0 (Linux; Android 6.0.1; Nexus 5X Build/MMB29P) AppleWebKit/537.36 (KHTML, like Gecko) Chrome/151.0.7922.137 Mobile Safari/537.36 (compatible; GoogleOther)"
66.249.69.165 - - [20/Aug/2026:18:40:17 -0700] "GET /?w=388889511100 HTTP/1.1" 200 17321 "-" "Mozilla/5.0 (Linux; Android 6.0.1; Nexus 5X Build/MMB29P) AppleWebKit/537.36 (KHTML, like Gecko) Chrome/151.0.7922.137 Mobile Safari/537.36 (compatible; GoogleOther)"
66.249.69.164 - - [20/Aug/2026:18:40:23 -0700] "GET /?w=3365800851100 HTTP/1.1" 200 17585 "-" "Mozilla/5.0 (Linux; Android 6.0.1; Nexus 5X Build/MMB29P) AppleWebKit/537.36 (KHTML, like Gecko) Chrome/151.0.7922.137 Mobile Safari/537.36 (compatible; GoogleOther)"
66.249.69.164 - - [20/Aug/2026:18:40:30 -0700] "GET /?product/review/2000491771100 HTTP/1.1" 200 16441 "-" "Mozilla/5.0 (Linux; Android 6.0.1; Nexus 5X Build/MMB29P) AppleWebKit/537.36 (KHTML, like Gecko) Chrome/151.0.7922.137 Mobile Safari/537.36 (compatible; Googlebot/2.1; +http://www.google.com/bot.html)"
66.249.69.164 - - [20/Aug/2026:18:40:51 -0700] "GET /?w=2287588731100 HTTP/1.1" 200 16803 "-" "Mozilla/5.0 (Linux; Android 6.0.1; Nexus 5X Build/MMB29P) AppleWebKit/537.36 (KHTML, like Gecko) Chrome/151.0.7922.137 Mobile Safari/537.36 (compatible; GoogleOther)"
