66.249.69.164 - - [20/Aug/2026:18:41:21 -0700] "GET /?productSearch/pictureSearch?id=1949840831100 HTTP/1.1" 200 16706 "-" "Mozilla/5.0 (Linux; Android 6.0.1; Nexus 5X Build/MMB29P) AppleWebKit/537.36 (KHTML, like Gecko) Chrome/151.0.7922.137 Mobile Safari/537.36 (compatible; GoogleOther)"
66.249.69.165 - - [20/Aug/2026:18:41:54 -0700] "GET /?w=1500625571100 HTTP/1.1" 200 16489 "-" "Mozilla/5.0 (Linux; Android 6.0.1; Nexus 5X Build/MMB29P) AppleWebKit/537.36 (KHTML, like Gecko) Chrome/151.0.7922.137 Mobile Safari/537.36 (compatible; GoogleOther)"
66.249.69.166 - - [20/Aug/2026:18:42:12 -0700] "GET /?w=1112872021100 HTTP/1.1" 200 16412 "-" "Mozilla/5.0 (Linux; Android 6.0.1; Nexus 5X Build/MMB29P) AppleWebKit/537.36 (KHTML, like Gecko) Chrome/151.0.7922.137 Mobile Safari/537.36 (compatible; GoogleOther)"
66.249.69.164 - - [20/Aug/2026:18:42:13 -0700] "GET /?w=3335897801100 HTTP/1.1" 200 17462 "-" "Mozilla/5.0 (Linux; Android 6.0.1; Nexus 5X Build/MMB29P) AppleWebKit/537.36 (KHTML, like Gecko) Chrome/151.0.7922.137 Mobile Safari/537.36 (compatible; Googlebot/2.1; +http://www.google.com/bot.html)"
40.77.167.56 - - [20/Aug/2026:18:42:19 -0700] "GET /index.php/item/843479/ HTTP/2.0" 200 6458 "-" "Mozilla/5.0 AppleWebKit/537.36 (KHTML, like Gecko; compatible; bingbot/2.0; +http://www.bing.com/bingbot.htm) Chrome/116.0.1938.76 Safari/537.36"
66.249.69.164 - - [20/Aug/2026:18:42:26 -0700] "GET /?productSearch/pictureSearch?id=837609991100 HTTP/1.1" 200 16598 "-" "Mozilla/5.0 (Linux; Android 6.0.1; Nexus 5X Build/MMB29P) AppleWebKit/537.36 (KHTML, like Gecko) Chrome/151.0.7922.137 Mobile Safari/537.36 (compatible; GoogleOther)"
66.249.69.164 - - [20/Aug/2026:18:42:45 -0700] "GET /?productSearch/pictureSearch?id=3330515771100 HTTP/1.1" 200 16999 "-" "Mozilla/5.0 (Linux; Android 6.0.1; Nexus 5X Build/MMB29P) AppleWebKit/537.36 (KHTML, like Gecko) Chrome/151.0.7922.137 Mobile Safari/537.36 (compatible; GoogleOther)"
66.249.69.164 - - [20/Aug/2026:18:42:59 -0700] "GET /?w=380208371100 HTTP/1.1" 200 16576 "-" "Mozilla/5.0 (Linux; Android 6.0.1; Nexus 5X Build/MMB29P) AppleWebKit/537.36 (KHTML, like Gecko) Chrome/151.0.7922.137 Mobile Safari/537.36 (compatible; GoogleOther)"
66.249.69.164 - - [20/Aug/2026:18:43:31 -0700] "GET /?w=1500710341100 HTTP/1.1" 200 17010 "-" "Mozilla/5.0 (Linux; Android 6.0.1; Nexus 5X Build/MMB29P) AppleWebKit/537.36 (KHTML, like Gecko) Chrome/151.0.7922.137 Mobile Safari/537.36 (compatible; GoogleOther)"
66.249.69.166 - - [20/Aug/2026:18:43:54 -0700] "GET /?w=1438708871100 HTTP/1.1" 200 16676 "-" "Mozilla/5.0 (Linux; Android 6.0.1; Nexus 5X Build/MMB29P) AppleWebKit/537.36 (KHTML, like Gecko) Chrome/151.0.7922.137 Mobile Safari/537.36 (compatible; Googlebot/2.1; +http://www.google.com/bot.html)"
66.249.69.166 - - [20/Aug/2026:18:44:01 -0700] "GET /?w=1092400931100 HTTP/1.1" 200 17443 "-" "Mozilla/5.0 (Linux; Android 6.0.1; Nexus 5X Build/MMB29P) AppleWebKit/537.36 (KHTML, like Gecko) Chrome/151.0.7922.137 Mobile Safari/537.36 (compatible; GoogleOther)"
66.249.69.164 - - [20/Aug/2026:18:44:03 -0700] "GET /?w=3166070621100 HTTP/1.1" 200 17252 "-" "Mozilla/5.0 (Linux; Android 6.0.1; Nexus 5X Build/MMB29P) AppleWebKit/537.36 (KHTML, like Gecko) Chrome/151.0.7922.137 Mobile Safari/537.36 (compatible; GoogleOther)"
66.249.69.165 - - [20/Aug/2026:18:44:37 -0700] "GET /?w=1500805491100 HTTP/1.1" 200 16611 "-" "Mozilla/5.0 (Linux; Android 6.0.1; Nexus 5X Build/MMB29P) AppleWebKit/537.36 (KHTML, like Gecko) Chrome/151.0.7922.137 Mobile Safari/537.36 (compatible; GoogleOther)"
66.249.69.166 - - [20/Aug/2026:18:45:08 -0700] "GET /?w=485350851100 HTTP/1.1" 200 16432 "-" "Mozilla/5.0 (Linux; Android 6.0.1; Nexus 5X Build/MMB29P) AppleWebKit/537.36 (KHTML, like Gecko) Chrome/151.0.7922.137 Mobile Safari/537.36 (compatible; GoogleOther)"
66.249.69.165 - - [20/Aug/2026:18:45:40 -0700] "GET /?w=605722521100 HTTP/1.1" 200 17914 "-" "Mozilla/5.0 (Linux; Android 6.0.1; Nexus 5X Build/MMB29P) AppleWebKit/537.36 (KHTML, like Gecko) Chrome/151.0.7922.137 Mobile Safari/537.36 (compatible; GoogleOther)"
66.249.69.164 - - [20/Aug/2026:18:45:43 -0700] "GET /?w=1105894931100 HTTP/1.1" 200 16375 "-" "Mozilla/5.0 (Linux; Android 6.0.1; Nexus 5X Build/MMB29P) AppleWebKit/537.36 (KHTML, like Gecko) Chrome/151.0.7922.137 Mobile Safari/537.36 (compatible; Googlebot/2.1; +http://www.google.com/bot.html)"
66.249.69.164 - - [20/Aug/2026:18:45:44 -0700] "GET /?shop/sold?id=top3029845231100 HTTP/1.1" 200 17726 "-" "Mozilla/5.0 (Linux; Android 6.0.1; Nexus 5X Build/MMB29P) AppleWebKit/537.36 (KHTML, like Gecko) Chrome/151.0.7922.137 Mobile Safari/537.36 (compatible; Googlebot/2.1; +http://www.google.com/bot.html)"
66.249.69.164 - - [20/Aug/2026:18:45:49 -0700] "GET /?w=2554375491100 HTTP/1.1" 200 17510 "-" "Mozilla/5.0 (Linux; Android 6.0.1; Nexus 5X Build/MMB29P) AppleWebKit/537.36 (KHTML, like Gecko) Chrome/151.0.7922.137 Mobile Safari/537.36 (compatible; GoogleOther)"
66.249.69.166 - - [20/Aug/2026:18:46:13 -0700] "GET /?w=2023950571100 HTTP/1.1" 200 17425 "-" "Mozilla/5.0 (Linux; Android 6.0.1; Nexus 5X Build/MMB29P) AppleWebKit/537.36 (KHTML, like Gecko) Chrome/151.0.7922.137 Mobile Safari/537.36 (compatible; GoogleOther)"
66.249.69.164 - - [20/Aug/2026:18:46:29 -0700] "GET /?w=2284895121100 HTTP/1.1" 200 16730 "-" "Mozilla/5.0 (Linux; Android 6.0.1; Nexus 5X Build/MMB29P) AppleWebKit/537.36 (KHTML, like Gecko) Chrome/151.0.7922.137 Mobile Safari/537.36 (compatible; Googlebot/2.1; +http://www.google.com/bot.html)"
66.249.69.164 - - [20/Aug/2026:18:46:45 -0700] "GET /?productSearch/pictureSearch?id=2617094911100 HTTP/1.1" 200 17163 "-" "Mozilla/5.0 (Linux; Android 6.0.1; Nexus 5X Build/MMB29P) AppleWebKit/537.36 (KHTML, like Gecko) Chrome/151.0.7922.137 Mobile Safari/537.36 (compatible; GoogleOther)"
66.249.69.165 - - [20/Aug/2026:18:47:02 -0700] "GET /?w=3204703251100 HTTP/1.1" 200 16953 "-" "Mozilla/5.0 (Linux; Android 6.0.1; Nexus 5X Build/MMB29P) AppleWebKit/537.36 (KHTML, like Gecko) Chrome/151.0.7922.137 Mobile Safari/537.36 (compatible; Googlebot/2.1; +http://www.google.com/bot.html)"
66.249.69.164 - - [20/Aug/2026:18:47:03 -0700] "GET /?w=3229945681100 HTTP/1.1" 200 17007 "-" "Mozilla/5.0 (Linux; Android 6.0.1; Nexus 5X Build/MMB29P) AppleWebKit/537.36 (KHTML, like Gecko) Chrome/151.0.7922.137 Mobile Safari/537.36 (compatible; Googlebot/2.1; +http://www.google.com/bot.html)"
66.249.69.165 - - [20/Aug/2026:18:47:17 -0700] "GET /?productSearch/pictureSearch?id=1781013591100 HTTP/1.1" 200 16246 "-" "Mozilla/5.0 (Linux; Android 6.0.1; Nexus 5X Build/MMB29P) AppleWebKit/537.36 (KHTML, like Gecko) Chrome/151.0.7922.137 Mobile Safari/537.36 (compatible; GoogleOther)"
66.249.69.164 - - [20/Aug/2026:18:47:37 -0700] "GET /?w=3534664421100 HTTP/1.1" 200 17556 "-" "Mozilla/5.0 (Linux; Android 6.0.1; Nexus 5X Build/MMB29P) AppleWebKit/537.36 (KHTML, like Gecko) Chrome/151.0.7922.137 Mobile Safari/537.36 (compatible; GoogleOther)"
66.249.69.164 - - [20/Aug/2026:18:47:45 -0700] "GET /?w=1109090241100 HTTP/1.1" 200 16226 "-" "Mozilla/5.0 (Linux; Android 6.0.1; Nexus 5X Build/MMB29P) AppleWebKit/537.36 (KHTML, like Gecko) Chrome/151.0.7922.137 Mobile Safari/537.36 (compatible; GoogleOther)"
66.249.69.164 - - [20/Aug/2026:18:47:52 -0700] "GET /?productSearch/pictureSearch?id=3324713351100 HTTP/1.1" 200 16972 "-" "Mozilla/5.0 (Linux; Android 6.0.1; Nexus 5X Build/MMB29P) AppleWebKit/537.36 (KHTML, like Gecko) Chrome/151.0.7922.137 Mobile Safari/537.36 (compatible; GoogleOther)"
66.249.69.165 - - [20/Aug/2026:18:48:22 -0700] "GET /?w=3287238091100 HTTP/1.1" 200 17666 "-" "Mozilla/5.0 (Linux; Android 6.0.1; Nexus 5X Build/MMB29P) AppleWebKit/537.36 (KHTML, like Gecko) Chrome/151.0.7922.137 Mobile Safari/537.36 (compatible; GoogleOther)"
66.249.69.164 - - [20/Aug/2026:18:48:55 -0700] "GET /?w=1093160401100 HTTP/1.1" 200 16322 "-" "Mozilla/5.0 (Linux; Android 6.0.1; Nexus 5X Build/MMB29P) AppleWebKit/537.36 (KHTML, like Gecko) Chrome/151.0.7922.137 Mobile Safari/537.36 (compatible; GoogleOther)"
66.249.69.166 - - [20/Aug/2026:18:49:03 -0700] "GET /?w=3229101441100 HTTP/1.1" 200 18553 "-" "Mozilla/5.0 (Linux; Android 6.0.1; Nexus 5X Build/MMB29P) AppleWebKit/537.36 (KHTML, like Gecko) Chrome/151.0.7922.137 Mobile Safari/537.36 (compatible; Googlebot/2.1; +http://www.google.com/bot.html)"
66.249.69.164 - - [20/Aug/2026:18:49:28 -0700] "GET /?w=349447241100 HTTP/1.1" 200 16694 "-" "Mozilla/5.0 (Linux; Android 6.0.1; Nexus 5X Build/MMB29P) AppleWebKit/537.36 (KHTML, like Gecko) Chrome/151.0.7922.137 Mobile Safari/537.36 (compatible; GoogleOther)"
180.245.62.91 - - [20/Aug/2026:18:49:50 -0700] "GET //.well-known/.5ef95fed7ffb4b64486653f23832f29bsystem//wp-signup.php?p= HTTP/2.0" 200 6529 "-" "Mozilla/5.0 (Windows NT 10.0; Win64; x64) AppleWebKit/537.36 (KHTML, like Gecko) Chrome/151.0.0.0 Safari/537.36"
66.249.69.164 - - [20/Aug/2026:18:50:01 -0700] "GET /?productSearch/pictureSearch?id=2428376131100 HTTP/1.1" 200 16395 "-" "Mozilla/5.0 (Linux; Android 6.0.1; Nexus 5X Build/MMB29P) AppleWebKit/537.36 (KHTML, like Gecko) Chrome/151.0.7922.137 Mobile Safari/537.36 (compatible; GoogleOther)"
66.249.69.165 - - [20/Aug/2026:18:50:32 -0700] "GET /?w=490585831100 HTTP/1.1" 200 16727 "-" "Mozilla/5.0 (Linux; Android 6.0.1; Nexus 5X Build/MMB29P) AppleWebKit/537.36 (KHTML, like Gecko) Chrome/151.0.7922.137 Mobile Safari/537.36 (compatible; GoogleOther)"
66.249.69.164 - - [20/Aug/2026:18:50:48 -0700] "GET /?w=3335001661100 HTTP/1.1" 200 17168 "-" "Mozilla/5.0 (Linux; Android 6.0.1; Nexus 5X Build/MMB29P) AppleWebKit/537.36 (KHTML, like Gecko) Chrome/151.0.7922.137 Mobile Safari/537.36 (compatible; Googlebot/2.1; +http://www.google.com/bot.html)"
66.249.69.164 - - [20/Aug/2026:18:50:56 -0700] "GET /?w=3338126041100 HTTP/1.1" 200 17091 "-" "Mozilla/5.0 (Linux; Android 6.0.1; Nexus 5X Build/MMB29P) AppleWebKit/537.36 (KHTML, like Gecko) Chrome/151.0.7922.137 Mobile Safari/537.36 (compatible; GoogleOther)"
66.249.69.164 - - [20/Aug/2026:18:51:00 -0700] "GET /?w=2566390341100 HTTP/1.1" 200 17687 "-" "Mozilla/5.0 (Linux; Android 6.0.1; Nexus 5X Build/MMB29P) AppleWebKit/537.36 (KHTML, like Gecko) Chrome/151.0.7922.137 Mobile Safari/537.36 (compatible; GoogleOther)"
66.249.69.164 - - [20/Aug/2026:18:51:02 -0700] "GET /?css_6d0bcc8d162b7afaac8d8cc1c7cfd033/common HTTP/1.1" 200 28405 "https://lifesavingnursing.com/?w=2566390341100" "Mozilla/5.0 (Linux; Android 6.0.1; Nexus 5X Build/MMB29P) AppleWebKit/537.36 (KHTML, like Gecko) Chrome/151.0.7922.137 Mobile Safari/537.36 (compatible; GoogleOther)"
66.249.69.164 - - [20/Aug/2026:18:51:03 -0700] "GET /?product/category/view_more/2584394451100 HTTP/1.1" 200 17231 "-" "Mozilla/5.0 (Linux; Android 6.0.1; Nexus 5X Build/MMB29P) AppleWebKit/537.36 (KHTML, like Gecko) Chrome/151.0.7922.137 Mobile Safari/537.36 (compatible; GoogleOther)"
66.249.69.164 - - [20/Aug/2026:18:51:05 -0700] "GET /?w=1048370701100 HTTP/1.1" 200 16685 "-" "Mozilla/5.0 (Linux; Android 6.0.1; Nexus 5X Build/MMB29P) AppleWebKit/537.36 (KHTML, like Gecko) Chrome/151.0.7922.137 Mobile Safari/537.36 (compatible; GoogleOther)"
66.249.69.164 - - [20/Aug/2026:18:51:08 -0700] "GET /?w=3034351881100 HTTP/1.1" 200 17559 "-" "Mozilla/5.0 (Linux; Android 6.0.1; Nexus 5X Build/MMB29P) AppleWebKit/537.36 (KHTML, like Gecko) Chrome/151.0.7922.137 Mobile Safari/537.36 (compatible; GoogleOther)"
66.249.69.164 - - [20/Aug/2026:18:51:15 -0700] "GET /?product/review/2144505621100 HTTP/1.1" 200 16825 "-" "Mozilla/5.0 (Linux; Android 6.0.1; Nexus 5X Build/MMB29P) AppleWebKit/537.36 (KHTML, like Gecko) Chrome/151.0.7922.137 Mobile Safari/537.36 (compatible; GoogleOther)"
66.249.69.164 - - [20/Aug/2026:18:51:36 -0700] "GET /?w=2160163851100 HTTP/1.1" 200 16276 "-" "Mozilla/5.0 (Linux; Android 6.0.1; Nexus 5X Build/MMB29P) AppleWebKit/537.36 (KHTML, like Gecko) Chrome/151.0.7922.137 Mobile Safari/537.36 (compatible; GoogleOther)"
66.249.69.164 - - [20/Aug/2026:18:51:48 -0700] "GET /?shop/sold?id=top2135703381100 HTTP/1.1" 200 16936 "-" "Mozilla/5.0 (Linux; Android 6.0.1; Nexus 5X Build/MMB29P) AppleWebKit/537.36 (KHTML, like Gecko) Chrome/151.0.7922.137 Mobile Safari/537.36 (compatible; GoogleOther)"
66.249.69.164 - - [20/Aug/2026:18:52:09 -0700] "GET /?w=2937188161100 HTTP/1.1" 200 17671 "-" "Mozilla/5.0 (Linux; Android 6.0.1; Nexus 5X Build/MMB29P) AppleWebKit/537.36 (KHTML, like Gecko) Chrome/151.0.7922.137 Mobile Safari/537.36 (compatible; GoogleOther)"
40.77.167.56 - - [20/Aug/2026:18:52:11 -0700] "GET /2019/05/ HTTP/2.0" 200 6461 "-" "Mozilla/5.0 AppleWebKit/537.36 (KHTML, like Gecko; compatible; bingbot/2.0; +http://www.bing.com/bingbot.htm) Chrome/116.0.1938.76 Safari/537.36"
66.249.69.164 - - [20/Aug/2026:18:52:41 -0700] "GET /?w=2162881681100 HTTP/1.1" 200 16651 "-" "Mozilla/5.0 (Linux; Android 6.0.1; Nexus 5X Build/MMB29P) AppleWebKit/537.36 (KHTML, like Gecko) Chrome/151.0.7922.137 Mobile Safari/537.36 (compatible; GoogleOther)"
66.249.69.164 - - [20/Aug/2026:18:53:02 -0700] "GET /?product/category/view_more/2256168471100 HTTP/1.1" 200 16432 "-" "Mozilla/5.0 (Linux; Android 6.0.1; Nexus 5X Build/MMB29P) AppleWebKit/537.36 (KHTML, like Gecko) Chrome/151.0.7922.137 Mobile Safari/537.36 (compatible; GoogleOther)"
66.249.69.165 - - [20/Aug/2026:18:53:06 -0700] "GET /?w=3230893721100 HTTP/1.1" 200 16789 "-" "Mozilla/5.0 (Linux; Android 6.0.1; Nexus 5X Build/MMB29P) AppleWebKit/537.36 (KHTML, like Gecko) Chrome/151.0.7922.137 Mobile Safari/537.36 (compatible; GoogleOther)"
66.249.69.164 - - [20/Aug/2026:18:53:14 -0700] "GET /?w=2159399191100 HTTP/1.1" 200 16716 "-" "Mozilla/5.0 (Linux; Android 6.0.1; Nexus 5X Build/MMB29P) AppleWebKit/537.36 (KHTML, like Gecko) Chrome/151.0.7922.137 Mobile Safari/537.36 (compatible; GoogleOther)"
66.249.69.164 - - [20/Aug/2026:18:53:35 -0700] "GET /?w=3213322111100 HTTP/1.1" 200 17031 "-" "Mozilla/5.0 (Linux; Android 6.0.1; Nexus 5X Build/MMB29P) AppleWebKit/537.36 (KHTML, like Gecko) Chrome/151.0.7922.137 Mobile Safari/537.36 (compatible; Googlebot/2.1; +http://www.google.com/bot.html)"
66.249.69.164 - - [20/Aug/2026:18:53:36 -0700] "GET /?w=476507091100 HTTP/1.1" 200 16636 "-" "Mozilla/5.0 (Linux; Android 6.0.1; Nexus 5X Build/MMB29P) AppleWebKit/537.36 (KHTML, like Gecko) Chrome/151.0.7922.137 Mobile Safari/537.36 (compatible; GoogleOther)"
66.249.69.164 - - [20/Aug/2026:18:53:46 -0700] "GET /?w=1839691731100 HTTP/1.1" 200 16338 "-" "Mozilla/5.0 (Linux; Android 6.0.1; Nexus 5X Build/MMB29P) AppleWebKit/537.36 (KHTML, like Gecko) Chrome/151.0.7922.137 Mobile Safari/537.36 (compatible; GoogleOther)"
66.249.69.165 - - [20/Aug/2026:18:54:19 -0700] "GET /?shop/sold?id=top1847905771100 HTTP/1.1" 200 16313 "-" "Mozilla/5.0 (Linux; Android 6.0.1; Nexus 5X Build/MMB29P) AppleWebKit/537.36 (KHTML, like Gecko) Chrome/151.0.7922.137 Mobile Safari/537.36 (compatible; GoogleOther)"
66.249.69.164 - - [20/Aug/2026:18:54:22 -0700] "GET /?product/category/view_more/3329815121100 HTTP/1.1" 200 16860 "-" "Mozilla/5.0 (Linux; Android 6.0.1; Nexus 5X Build/MMB29P) AppleWebKit/537.36 (KHTML, like Gecko) Chrome/151.0.7922.137 Mobile Safari/537.36 (compatible; Googlebot/2.1; +http://www.google.com/bot.html)"
66.249.69.164 - - [20/Aug/2026:18:54:48 -0700] "GET /?w=3215446551100 HTTP/1.1" 200 17123 "-" "Mozilla/5.0 (Linux; Android 6.0.1; Nexus 5X Build/MMB29P) AppleWebKit/537.36 (KHTML, like Gecko) Chrome/151.0.7922.137 Mobile Safari/537.36 (compatible; Googlebot/2.1; +http://www.google.com/bot.html)"
190.93.36.16 - - [20/Aug/2026:18:54:49 -0700] "GET /?w=2588558561100 HTTP/1.1" 200 6460 "https://lifesavingnursing.com/wp-sitemap-taxonomies-services-category-1.xml" "Mozilla/5.0 (Linux; Android 12; OPPO PCLM7) AppleWebKit/537.36 (KHTML, like Gecko) Chrome/148.0.5888.105 Mobile Safari/537.36"
66.249.69.165 - - [20/Aug/2026:18:54:51 -0700] "GET /?shop/sold?id=top517322981100 HTTP/1.1" 200 16670 "-" "Mozilla/5.0 (Linux; Android 6.0.1; Nexus 5X Build/MMB29P) AppleWebKit/537.36 (KHTML, like Gecko) Chrome/151.0.7922.137 Mobile Safari/537.36 (compatible; GoogleOther)"
66.249.69.164 - - [20/Aug/2026:18:54:56 -0700] "GET /?shop/sold?id=top768600291100 HTTP/1.1" 200 17588 "-" "Mozilla/5.0 (Linux; Android 6.0.1; Nexus 5X Build/MMB29P) AppleWebKit/537.36 (KHTML, like Gecko) Chrome/151.0.7922.137 Mobile Safari/537.36 (compatible; GoogleOther)"
66.249.69.166 - - [20/Aug/2026:18:55:01 -0700] "GET /?w=2554375491100 HTTP/1.1" 200 17515 "-" "Mozilla/5.0 (Linux; Android 6.0.1; Nexus 5X Build/MMB29P) AppleWebKit/537.36 (KHTML, like Gecko) Chrome/151.0.7922.137 Mobile Safari/537.36 (compatible; Googlebot/2.1; +http://www.google.com/bot.html)"
66.249.69.164 - - [20/Aug/2026:18:55:23 -0700] "GET /?w=1102486831100 HTTP/1.1" 200 16236 "-" "Mozilla/5.0 (Linux; Android 6.0.1; Nexus 5X Build/MMB29P) AppleWebKit/537.36 (KHTML, like Gecko) Chrome/151.0.7922.137 Mobile Safari/537.36 (compatible; GoogleOther)"
66.249.69.165 - - [20/Aug/2026:18:55:26 -0700] "GET /?productSearch/pictureSearch?id=608492251100 HTTP/1.1" 200 16515 "-" "Mozilla/5.0 (Linux; Android 6.0.1; Nexus 5X Build/MMB29P) AppleWebKit/537.36 (KHTML, like Gecko) Chrome/151.0.7922.137 Mobile Safari/537.36 (compatible; GoogleOther)"
66.249.69.164 - - [20/Aug/2026:18:55:34 -0700] "GET /?productSearch/pictureSearch?id=2324972301100 HTTP/1.1" 200 16684 "-" "Mozilla/5.0 (Linux; Android 6.0.1; Nexus 5X Build/MMB29P) AppleWebKit/537.36 (KHTML, like Gecko) Chrome/151.0.7922.137 Mobile Safari/537.36 (compatible; GoogleOther)"
66.249.69.164 - - [20/Aug/2026:18:55:34 -0700] "GET /?w=1995988581100 HTTP/1.1" 200 16244 "-" "Mozilla/5.0 (Linux; Android 6.0.1; Nexus 5X Build/MMB29P) AppleWebKit/537.36 (KHTML, like Gecko) Chrome/151.0.7922.137 Mobile Safari/537.36 (compatible; Googlebot/2.1; +http://www.google.com/bot.html)"
66.249.69.164 - - [20/Aug/2026:18:55:36 -0700] "GET /?productSearch/pictureSearch?id=1560860711100 HTTP/1.1" 200 16291 "-" "Mozilla/5.0 (Linux; Android 6.0.1; Nexus 5X Build/MMB29P) AppleWebKit/537.36 (KHTML, like Gecko) Chrome/151.0.7922.137 Mobile Safari/537.36 (compatible; Googlebot/2.1; +http://www.google.com/bot.html)"
66.249.69.164 - - [20/Aug/2026:18:55:36 -0700] "GET /?w=1096788211100 HTTP/1.1" 200 16694 "-" "Mozilla/5.0 (Linux; Android 6.0.1; Nexus 5X Build/MMB29P) AppleWebKit/537.36 (KHTML, like Gecko) Chrome/151.0.7922.137 Mobile Safari/537.36 (compatible; Googlebot/2.1; +http://www.google.com/bot.html)"
68.67.112.105 - - [20/Aug/2026:18:55:43 -0700] "GET /robots.txt HTTP/1.1" 200 74 "-" "Mozilla/5.0 AppleWebKit/537.36 (KHTML, like Gecko; compatible; YouBot/1.0; +https://docs.you.com/youbot; env:prod) Chrome/142.0.0.0 Safari/537.36"
68.67.112.105 - - [20/Aug/2026:18:55:44 -0700] "GET /contacts/ HTTP/1.1" 200 6458 "-" "Mozilla/5.0 AppleWebKit/537.36 (KHTML, like Gecko; compatible; YouBot/1.0; +https://docs.you.com/youbot; env:prod) Chrome/142.0.0.0 Safari/537.36"
66.249.69.164 - - [20/Aug/2026:18:55:53 -0700] "GET /?w=3217539851100 HTTP/1.1" 200 17509 "-" "Mozilla/5.0 (Linux; Android 6.0.1; Nexus 5X Build/MMB29P) AppleWebKit/537.36 (KHTML, like Gecko) Chrome/151.0.7922.137 Mobile Safari/537.36 (compatible; Googlebot/2.1; +http://www.google.com/bot.html)"
66.249.69.164 - - [20/Aug/2026:18:55:55 -0700] "GET /?w=2014165691100 HTTP/1.1" 200 16618 "-" "Mozilla/5.0 (Linux; Android 6.0.1; Nexus 5X Build/MMB29P) AppleWebKit/537.36 (KHTML, like Gecko) Chrome/151.0.7922.137 Mobile Safari/537.36 (compatible; GoogleOther)"
66.249.69.165 - - [20/Aug/2026:18:56:05 -0700] "GET /?w=1252266771100 HTTP/1.1" 200 16465 "-" "Mozilla/5.0 (Linux; Android 6.0.1; Nexus 5X Build/MMB29P) AppleWebKit/537.36 (KHTML, like Gecko) Chrome/151.0.7922.137 Mobile Safari/537.36 (compatible; GoogleOther)"
40.77.167.27 - - [20/Aug/2026:18:56:08 -0700] "GET /item/919892/ HTTP/2.0" 200 6457 "-" "Mozilla/5.0 AppleWebKit/537.36 (KHTML, like Gecko; compatible; bingbot/2.0; +http://www.bing.com/bingbot.htm) Chrome/116.0.1938.76 Safari/537.36"
66.249.69.164 - - [20/Aug/2026:18:56:13 -0700] "GET /?w=1500840091100 HTTP/1.1" 200 16391 "-" "Mozilla/5.0 (Linux; Android 6.0.1; Nexus 5X Build/MMB29P) AppleWebKit/537.36 (KHTML, like Gecko) Chrome/151.0.7922.137 Mobile Safari/537.36 (compatible; GoogleOther)"
66.249.69.164 - - [20/Aug/2026:18:56:15 -0700] "GET /?w=1105822271100 HTTP/1.1" 200 16618 "-" "Mozilla/5.0 (Linux; Android 6.0.1; Nexus 5X Build/MMB29P) AppleWebKit/537.36 (KHTML, like Gecko) Chrome/151.0.7922.137 Mobile Safari/537.36 (compatible; Googlebot/2.1; +http://www.google.com/bot.html)"
66.249.69.164 - - [20/Aug/2026:18:56:34 -0700] "GET /?w=2283369261100 HTTP/1.1" 200 16867 "-" "Mozilla/5.0 (Linux; Android 6.0.1; Nexus 5X Build/MMB29P) AppleWebKit/537.36 (KHTML, like Gecko) Chrome/151.0.7922.137 Mobile Safari/537.36 (compatible; GoogleOther)"
66.249.69.164 - - [20/Aug/2026:18:56:47 -0700] "GET /?w=3208353551100 HTTP/1.1" 200 17083 "-" "Mozilla/5.0 (Linux; Android 6.0.1; Nexus 5X Build/MMB29P) AppleWebKit/537.36 (KHTML, like Gecko) Chrome/151.0.7922.137 Mobile Safari/537.36 (compatible; Googlebot/2.1; +http://www.google.com/bot.html)"
66.249.69.164 - - [20/Aug/2026:18:56:55 -0700] "GET /?w=1093170781100 HTTP/1.1" 200 17005 "-" "Mozilla/5.0 (Linux; Android 6.0.1; Nexus 5X Build/MMB29P) AppleWebKit/537.36 (KHTML, like Gecko) Chrome/151.0.7922.137 Mobile Safari/537.36 (compatible; GoogleOther)"
216.73.216.232 - - [20/Aug/2026:18:56:58 -0700] "GET /robots.txt HTTP/2.0" 200 74 "-" "Mozilla/5.0 AppleWebKit/537.36 (KHTML, like Gecko; compatible; ClaudeBot/1.0; +claudebot@anthropic.com)"
216.73.216.232 - - [20/Aug/2026:18:56:58 -0700] "GET / HTTP/2.0" 200 6457 "-" "Mozilla/5.0 AppleWebKit/537.36 (KHTML, like Gecko; compatible; ClaudeBot/1.0; +claudebot@anthropic.com)"
66.249.69.165 - - [20/Aug/2026:18:57:15 -0700] "GET /?w=749591051100 HTTP/1.1" 200 16543 "-" "Mozilla/5.0 (Linux; Android 6.0.1; Nexus 5X Build/MMB29P) AppleWebKit/537.36 (KHTML, like Gecko) Chrome/151.0.7922.137 Mobile Safari/537.36 (compatible; GoogleOther)"
66.249.69.165 - - [20/Aug/2026:18:57:19 -0700] "GET /?w=3338409761100 HTTP/1.1" 200 17246 "-" "Mozilla/5.0 (Linux; Android 6.0.1; Nexus 5X Build/MMB29P) AppleWebKit/537.36 (KHTML, like Gecko) Chrome/151.0.7922.137 Mobile Safari/537.36 (compatible; GoogleOther)"
66.249.69.164 - - [20/Aug/2026:18:57:24 -0700] "GET /?w=3222126081100 HTTP/1.1" 200 17040 "-" "Mozilla/5.0 (Linux; Android 6.0.1; Nexus 5X Build/MMB29P) AppleWebKit/537.36 (KHTML, like Gecko) Chrome/151.0.7922.137 Mobile Safari/537.36 (compatible; Googlebot/2.1; +http://www.google.com/bot.html)"
66.249.69.164 - - [20/Aug/2026:18:57:26 -0700] "GET /?css_6d0bcc8d162b7afaac8d8cc1c7cfd033/common HTTP/1.1" 200 28405 "https://lifesavingnursing.com/?w=3338409761100" "Mozilla/5.0 (Linux; Android 6.0.1; Nexus 5X Build/MMB29P) AppleWebKit/537.36 (KHTML, like Gecko) Chrome/151.0.7922.137 Mobile Safari/537.36 (compatible; GoogleOther)"
66.249.69.164 - - [20/Aug/2026:18:57:28 -0700] "GET /?w=2270287001100 HTTP/1.1" 200 16599 "-" "Mozilla/5.0 (Linux; Android 6.0.1; Nexus 5X Build/MMB29P) AppleWebKit/537.36 (KHTML, like Gecko) Chrome/151.0.7922.137 Mobile Safari/537.36 (compatible; GoogleOther)"
66.249.69.164 - - [20/Aug/2026:18:57:36 -0700] "GET /?productSearch/pictureSearch?id=796420421100 HTTP/1.1" 200 16607 "-" "Mozilla/5.0 (Linux; Android 6.0.1; Nexus 5X Build/MMB29P) AppleWebKit/537.36 (KHTML, like Gecko) Chrome/151.0.7922.137 Mobile Safari/537.36 (compatible; GoogleOther)"
66.249.69.164 - - [20/Aug/2026:18:57:39 -0700] "GET /?product/category/view_more/165645121100 HTTP/1.1" 200 17120 "-" "Mozilla/5.0 (Linux; Android 6.0.1; Nexus 5X Build/MMB29P) AppleWebKit/537.36 (KHTML, like Gecko) Chrome/151.0.7922.137 Mobile Safari/537.36 (compatible; GoogleOther)"
66.249.69.164 - - [20/Aug/2026:18:57:42 -0700] "GET /?testimonials HTTP/1.1" 200 17272 "-" "Mozilla/5.0 (Linux; Android 6.0.1; Nexus 5X Build/MMB29P) AppleWebKit/537.36 (KHTML, like Gecko) Chrome/151.0.7922.137 Mobile Safari/537.36 (compatible; GoogleOther)"
66.249.69.164 - - [20/Aug/2026:18:57:57 -0700] "GET /?w=1109398181100 HTTP/1.1" 200 16115 "-" "Mozilla/5.0 (Linux; Android 6.0.1; Nexus 5X Build/MMB29P) AppleWebKit/537.36 (KHTML, like Gecko) Chrome/151.0.7922.137 Mobile Safari/537.36 (compatible; GoogleOther)"
66.249.69.164 - - [20/Aug/2026:18:57:59 -0700] "GET /?w=1098608171100 HTTP/1.1" 200 16448 "-" "Mozilla/5.0 (Linux; Android 6.0.1; Nexus 5X Build/MMB29P) AppleWebKit/537.36 (KHTML, like Gecko) Chrome/151.0.7922.137 Mobile Safari/537.36 (compatible; GoogleOther)"
66.249.69.164 - - [20/Aug/2026:18:58:10 -0700] "GET /?w=3221754131100 HTTP/1.1" 200 17486 "-" "Mozilla/5.0 (Linux; Android 6.0.1; Nexus 5X Build/MMB29P) AppleWebKit/537.36 (KHTML, like Gecko) Chrome/151.0.7922.137 Mobile Safari/537.36 (compatible; Googlebot/2.1; +http://www.google.com/bot.html)"
66.249.69.164 - - [20/Aug/2026:18:58:17 -0700] "GET /?w=1093234791100 HTTP/1.1" 200 16712 "-" "Mozilla/5.0 (Linux; Android 6.0.1; Nexus 5X Build/MMB29P) AppleWebKit/537.36 (KHTML, like Gecko) Chrome/151.0.7922.137 Mobile Safari/537.36 (compatible; GoogleOther)"
66.249.69.164 - - [20/Aug/2026:18:58:34 -0700] "GET /?w=3056283091100 HTTP/1.1" 200 17521 "-" "Mozilla/5.0 (Linux; Android 6.0.1; Nexus 5X Build/MMB29P) AppleWebKit/537.36 (KHTML, like Gecko) Chrome/151.0.7922.137 Mobile Safari/537.36 (compatible; GoogleOther)"
66.249.69.164 - - [20/Aug/2026:18:58:38 -0700] "GET /?w=1112263061100 HTTP/1.1" 200 16873 "-" "Mozilla/5.0 (Linux; Android 6.0.1; Nexus 5X Build/MMB29P) AppleWebKit/537.36 (KHTML, like Gecko) Chrome/151.0.7922.137 Mobile Safari/537.36 (compatible; GoogleOther)"
66.249.69.164 - - [20/Aug/2026:18:58:46 -0700] "GET /?w=1098608171100 HTTP/1.1" 200 16451 "-" "Mozilla/5.0 (Linux; Android 6.0.1; Nexus 5X Build/MMB29P) AppleWebKit/537.36 (KHTML, like Gecko) Chrome/151.0.7922.137 Mobile Safari/537.36 (compatible; Googlebot/2.1; +http://www.google.com/bot.html)"
66.249.69.164 - - [20/Aug/2026:18:58:47 -0700] "GET /?w=3216183531100 HTTP/1.1" 200 17350 "-" "Mozilla/5.0 (Linux; Android 6.0.1; Nexus 5X Build/MMB29P) AppleWebKit/537.36 (KHTML, like Gecko) Chrome/151.0.7922.137 Mobile Safari/537.36 (compatible; Googlebot/2.1; +http://www.google.com/bot.html)"
66.249.69.164 - - [20/Aug/2026:18:58:47 -0700] "GET /?w=1063046291100 HTTP/1.1" 200 16981 "-" "Mozilla/5.0 (Linux; Android 6.0.1; Nexus 5X Build/MMB29P) AppleWebKit/537.36 (KHTML, like Gecko) Chrome/151.0.7922.137 Mobile Safari/537.36 (compatible; Googlebot/2.1; +http://www.google.com/bot.html)"
66.249.69.164 - - [20/Aug/2026:18:58:59 -0700] "GET /?w=1500691311100 HTTP/1.1" 200 16418 "-" "Mozilla/5.0 (Linux; Android 6.0.1; Nexus 5X Build/MMB29P) AppleWebKit/537.36 (KHTML, like Gecko) Chrome/151.0.7922.137 Mobile Safari/537.36 (compatible; GoogleOther)"
66.249.69.164 - - [20/Aug/2026:18:59:02 -0700] "GET /cdn-cgi/scripts/5c5dd728/cloudflare-static/email-decode.min.js HTTP/1.1" 200 6462 "https://lifesavingnursing.com/?w=1500691311100" "Mozilla/5.0 (Linux; Android 6.0.1; Nexus 5X Build/MMB29P) AppleWebKit/537.36 (KHTML, like Gecko) Chrome/151.0.7922.137 Mobile Safari/537.36 (compatible; GoogleOther)"
66.249.69.164 - - [20/Aug/2026:18:59:06 -0700] "GET /?w=1109375691100 HTTP/1.1" 200 15950 "-" "Mozilla/5.0 (Linux; Android 6.0.1; Nexus 5X Build/MMB29P) AppleWebKit/537.36 (KHTML, like Gecko) Chrome/151.0.7922.137 Mobile Safari/537.36 (compatible; GoogleOther)"
66.249.69.164 - - [20/Aug/2026:18:59:16 -0700] "GET /?w=2558472131100 HTTP/1.1" 200 17381 "-" "Mozilla/5.0 (Linux; Android 6.0.1; Nexus 5X Build/MMB29P) AppleWebKit/537.36 (KHTML, like Gecko) Chrome/151.0.7922.137 Mobile Safari/537.36 (compatible; Googlebot/2.1; +http://www.google.com/bot.html)"
66.249.69.164 - - [20/Aug/2026:18:59:19 -0700] "GET /?w=963247781100 HTTP/1.1" 200 16489 "-" "Mozilla/5.0 (Linux; Android 6.0.1; Nexus 5X Build/MMB29P) AppleWebKit/537.36 (KHTML, like Gecko) Chrome/151.0.7922.137 Mobile Safari/537.36 (compatible; GoogleOther)"
66.249.69.166 - - [20/Aug/2026:18:59:35 -0700] "GET /?w=3206915921100 HTTP/1.1" 200 16907 "-" "Mozilla/5.0 (Linux; Android 6.0.1; Nexus 5X Build/MMB29P) AppleWebKit/537.36 (KHTML, like Gecko) Chrome/151.0.7922.137 Mobile Safari/537.36 (compatible; Googlebot/2.1; +http://www.google.com/bot.html)"
66.249.69.165 - - [20/Aug/2026:18:59:40 -0700] "GET /?w=3281624241100 HTTP/1.1" 200 16761 "-" "Mozilla/5.0 (Linux; Android 6.0.1; Nexus 5X Build/MMB29P) AppleWebKit/537.36 (KHTML, like Gecko) Chrome/151.0.7922.137 Mobile Safari/537.36 (compatible; GoogleOther)"
66.249.69.164 - - [20/Aug/2026:18:59:48 -0700] "GET /?w=3228464801100 HTTP/1.1" 200 17423 "-" "Mozilla/5.0 (Linux; Android 6.0.1; Nexus 5X Build/MMB29P) AppleWebKit/537.36 (KHTML, like Gecko) Chrome/151.0.7922.137 Mobile Safari/537.36 (compatible; GoogleOther)"
66.249.69.164 - - [20/Aug/2026:18:59:52 -0700] "GET /?w=3332937771100 HTTP/1.1" 200 17385 "-" "Mozilla/5.0 (Linux; Android 6.0.1; Nexus 5X Build/MMB29P) AppleWebKit/537.36 (KHTML, like Gecko) Chrome/151.0.7922.137 Mobile Safari/537.36 (compatible; Googlebot/2.1; +http://www.google.com/bot.html)"
66.249.69.164 - - [20/Aug/2026:18:59:53 -0700] "GET /?w=1102142561100 HTTP/1.1" 200 16734 "-" "Mozilla/5.0 (Linux; Android 6.0.1; Nexus 5X Build/MMB29P) AppleWebKit/537.36 (KHTML, like Gecko) Chrome/151.0.7922.137 Mobile Safari/537.36 (compatible; Googlebot/2.1; +http://www.google.com/bot.html)"
66.249.69.166 - - [20/Aug/2026:19:00:00 -0700] "GET /?shop/sold?id=top1230278471100 HTTP/1.1" 200 16753 "-" "Mozilla/5.0 (Linux; Android 6.0.1; Nexus 5X Build/MMB29P) AppleWebKit/537.36 (KHTML, like Gecko) Chrome/151.0.7922.137 Mobile Safari/537.36 (compatible; GoogleOther)"
66.249.69.165 - - [20/Aug/2026:19:00:21 -0700] "GET /?w=2018497611100 HTTP/1.1" 200 16200 "-" "Mozilla/5.0 (Linux; Android 6.0.1; Nexus 5X Build/MMB29P) AppleWebKit/537.36 (KHTML, like Gecko) Chrome/151.0.7922.137 Mobile Safari/537.36 (compatible; GoogleOther)"
66.249.69.164 - - [20/Aug/2026:19:00:24 -0700] "GET /?w=2563049711100 HTTP/1.1" 200 17494 "-" "Mozilla/5.0 (Linux; Android 6.0.1; Nexus 5X Build/MMB29P) AppleWebKit/537.36 (KHTML, like Gecko) Chrome/151.0.7922.137 Mobile Safari/537.36 (compatible; GoogleOther)"
119.30.85.154 - - [20/Aug/2026:19:00:28 -0700] "GET /?w=2545943471100 HTTP/1.1" 200 6467 "https://lifesavingnursing.com/wp-sitemap-taxonomies-resources-tag-1.xml" "Mozilla/5.0 (Linux; Android 13; M2102J25) AppleWebKit/537.36 (KHTML, like Gecko) Chrome/142.0.5522.143 Mobile Safari/537.36"
66.249.69.164 - - [20/Aug/2026:19:00:32 -0700] "GET /?w=3213076451100 HTTP/1.1" 200 17335 "-" "Mozilla/5.0 (Linux; Android 6.0.1; Nexus 5X Build/MMB29P) AppleWebKit/537.36 (KHTML, like Gecko) Chrome/151.0.7922.137 Mobile Safari/537.36 (compatible; Googlebot/2.1; +http://www.google.com/bot.html)"
66.249.69.164 - - [20/Aug/2026:19:00:32 -0700] "GET /?w=3336020631100 HTTP/1.1" 200 17581 "-" "Mozilla/5.0 (Linux; Android 6.0.1; Nexus 5X Build/MMB29P) AppleWebKit/537.36 (KHTML, like Gecko) Chrome/151.0.7922.137 Mobile Safari/537.36 (compatible; Googlebot/2.1; +http://www.google.com/bot.html)"
66.249.69.164 - - [20/Aug/2026:19:00:33 -0700] "GET /?product/category/view_more/2313658101100 HTTP/1.1" 200 16758 "-" "Mozilla/5.0 (Linux; Android 6.0.1; Nexus 5X Build/MMB29P) AppleWebKit/537.36 (KHTML, like Gecko) Chrome/151.0.7922.137 Mobile Safari/537.36 (compatible; GoogleOther)"
66.249.69.164 - - [20/Aug/2026:19:00:44 -0700] "GET /?w=754976541100 HTTP/1.1" 200 16429 "-" "Mozilla/5.0 (Linux; Android 6.0.1; Nexus 5X Build/MMB29P) AppleWebKit/537.36 (KHTML, like Gecko) Chrome/151.0.7922.137 Mobile Safari/537.36 (compatible; GoogleOther)"
66.249.69.164 - - [20/Aug/2026:19:01:02 -0700] "GET /?w=1566270421100 HTTP/1.1" 200 16339 "-" "Mozilla/5.0 (Linux; Android 6.0.1; Nexus 5X Build/MMB29P) AppleWebKit/537.36 (KHTML, like Gecko) Chrome/151.0.7922.137 Mobile Safari/537.36 (compatible; GoogleOther)"
66.249.69.164 - - [20/Aug/2026:19:01:05 -0700] "GET /?w=3228089391100 HTTP/1.1" 200 17209 "-" "Mozilla/5.0 (Linux; Android 6.0.1; Nexus 5X Build/MMB29P) AppleWebKit/537.36 (KHTML, like Gecko) Chrome/151.0.7922.137 Mobile Safari/537.36 (compatible; GoogleOther)"
66.249.69.165 - - [20/Aug/2026:19:01:23 -0700] "GET /?w=1501822731100 HTTP/1.1" 200 17543 "-" "Mozilla/5.0 (Linux; Android 6.0.1; Nexus 5X Build/MMB29P) AppleWebKit/537.36 (KHTML, like Gecko) Chrome/151.0.7922.137 Mobile Safari/537.36 (compatible; GoogleOther)"
66.249.69.164 - - [20/Aug/2026:19:01:43 -0700] "GET /?w=3337617421100 HTTP/1.1" 200 17304 "-" "Mozilla/5.0 (Linux; Android 6.0.1; Nexus 5X Build/MMB29P) AppleWebKit/537.36 (KHTML, like Gecko) Chrome/151.0.7922.137 Mobile Safari/537.36 (compatible; GoogleOther)"
66.249.69.164 - - [20/Aug/2026:19:01:45 -0700] "GET /?w=1503151371100 HTTP/1.1" 200 17247 "-" "Mozilla/5.0 (Linux; Android 6.0.1; Nexus 5X Build/MMB29P) AppleWebKit/537.36 (KHTML, like Gecko) Chrome/151.0.7922.137 Mobile Safari/537.36 (compatible; GoogleOther)"
66.249.69.164 - - [20/Aug/2026:19:01:55 -0700] "GET /?w=3226797081100 HTTP/1.1" 200 17026 "-" "Mozilla/5.0 (Linux; Android 6.0.1; Nexus 5X Build/MMB29P) AppleWebKit/537.36 (KHTML, like Gecko) Chrome/151.0.7922.137 Mobile Safari/537.36 (compatible; Googlebot/2.1; +http://www.google.com/bot.html)"
66.249.69.164 - - [20/Aug/2026:19:01:58 -0700] "GET /?w=753381481100 HTTP/1.1" 200 17819 "-" "Mozilla/5.0 (Linux; Android 6.0.1; Nexus 5X Build/MMB29P) AppleWebKit/537.36 (KHTML, like Gecko) Chrome/151.0.7922.137 Mobile Safari/537.36 (compatible; GoogleOther)"
66.249.69.165 - - [20/Aug/2026:19:02:04 -0700] "GET /?w=3281254021100 HTTP/1.1" 200 17503 "-" "Mozilla/5.0 (Linux; Android 6.0.1; Nexus 5X Build/MMB29P) AppleWebKit/537.36 (KHTML, like Gecko) Chrome/151.0.7922.137 Mobile Safari/537.36 (compatible; GoogleOther)"
66.249.69.165 - - [20/Aug/2026:19:02:18 -0700] "GET /?w=1105519521100 HTTP/1.1" 200 16562 "-" "Mozilla/5.0 (Linux; Android 6.0.1; Nexus 5X Build/MMB29P) AppleWebKit/537.36 (KHTML, like Gecko) Chrome/151.0.7922.137 Mobile Safari/537.36 (compatible; GoogleOther)"
66.249.69.164 - - [20/Aug/2026:19:02:25 -0700] "GET /?w=495454051100 HTTP/1.1" 200 16788 "-" "Mozilla/5.0 (Linux; Android 6.0.1; Nexus 5X Build/MMB29P) AppleWebKit/537.36 (KHTML, like Gecko) Chrome/151.0.7922.137 Mobile Safari/537.36 (compatible; GoogleOther)"
66.249.69.164 - - [20/Aug/2026:19:02:46 -0700] "GET /?w=957843261100 HTTP/1.1" 200 16837 "-" "Mozilla/5.0 (Linux; Android 6.0.1; Nexus 5X Build/MMB29P) AppleWebKit/537.36 (KHTML, like Gecko) Chrome/151.0.7922.137 Mobile Safari/537.36 (compatible; GoogleOther)"
66.249.69.164 - - [20/Aug/2026:19:02:54 -0700] "GET /?w=3206026701100 HTTP/1.1" 200 17102 "-" "Mozilla/5.0 (Linux; Android 6.0.1; Nexus 5X Build/MMB29P) AppleWebKit/537.36 (KHTML, like Gecko) Chrome/151.0.7922.137 Mobile Safari/537.36 (compatible; Googlebot/2.1; +http://www.google.com/bot.html)"
200.86.42.22 - - [20/Aug/2026:19:02:59 -0700] "GET /?w=254345681100 HTTP/1.1" 200 6463 "https://lifesavingnursing.com/wp-sitemap-taxonomies-services-category-1.xml" "Mozilla/5.0 (iPhone; CPU iPhone OS 17_4 like Mac OS X) AppleWebKit/605.1.15 (KHTML, like Gecko) Version/17.4 Mobile/15E148 Safari/604.1 MicroMessenger/8.0.49(0x18001B3F) NetType/WIFI Language/zh_CN"
66.249.69.165 - - [20/Aug/2026:19:03:06 -0700] "GET /?w=592922251100 HTTP/1.1" 200 16569 "-" "Mozilla/5.0 (Linux; Android 6.0.1; Nexus 5X Build/MMB29P) AppleWebKit/537.36 (KHTML, like Gecko) Chrome/151.0.7922.137 Mobile Safari/537.36 (compatible; GoogleOther)"
66.249.69.164 - - [20/Aug/2026:19:03:27 -0700] "GET /?w=762868801100 HTTP/1.1" 200 16534 "-" "Mozilla/5.0 (Linux; Android 6.0.1; Nexus 5X Build/MMB29P) AppleWebKit/537.36 (KHTML, like Gecko) Chrome/151.0.7922.137 Mobile Safari/537.36 (compatible; GoogleOther)"
66.249.69.164 - - [20/Aug/2026:19:03:31 -0700] "GET /?w=2019189611100 HTTP/1.1" 200 17402 "-" "Mozilla/5.0 (Linux; Android 6.0.1; Nexus 5X Build/MMB29P) AppleWebKit/537.36 (KHTML, like Gecko) Chrome/151.0.7922.137 Mobile Safari/537.36 (compatible; GoogleOther)"
66.249.69.164 - - [20/Aug/2026:19:03:32 -0700] "GET /?w=1048370701100 HTTP/1.1" 200 16685 "-" "Mozilla/5.0 (Linux; Android 6.0.1; Nexus 5X Build/MMB29P) AppleWebKit/537.36 (KHTML, like Gecko) Chrome/151.0.7922.137 Mobile Safari/537.36 (compatible; Googlebot/2.1; +http://www.google.com/bot.html)"
66.249.69.164 - - [20/Aug/2026:19:03:48 -0700] "GET /?w=1094982091100 HTTP/1.1" 200 17147 "-" "Mozilla/5.0 (Linux; Android 6.0.1; Nexus 5X Build/MMB29P) AppleWebKit/537.36 (KHTML, like Gecko) Chrome/151.0.7922.137 Mobile Safari/537.36 (compatible; GoogleOther)"
66.249.69.164 - - [20/Aug/2026:19:03:48 -0700] "GET /?w=3224584411100 HTTP/1.1" 200 17100 "-" "Mozilla/5.0 (Linux; Android 6.0.1; Nexus 5X Build/MMB29P) AppleWebKit/537.36 (KHTML, like Gecko) Chrome/151.0.7922.137 Mobile Safari/537.36 (compatible; Googlebot/2.1; +http://www.google.com/bot.html)"
66.249.69.165 - - [20/Aug/2026:19:04:08 -0700] "GET /?w=2463207951100 HTTP/1.1" 200 17989 "-" "Mozilla/5.0 (Linux; Android 6.0.1; Nexus 5X Build/MMB29P) AppleWebKit/537.36 (KHTML, like Gecko) Chrome/151.0.7922.137 Mobile Safari/537.36 (compatible; GoogleOther)"
66.249.69.165 - - [20/Aug/2026:19:04:29 -0700] "GET /?w=1109439701100 HTTP/1.1" 200 16074 "-" "Mozilla/5.0 (Linux; Android 6.0.1; Nexus 5X Build/MMB29P) AppleWebKit/537.36 (KHTML, like Gecko) Chrome/151.0.7922.137 Mobile Safari/537.36 (compatible; GoogleOther)"
66.249.69.164 - - [20/Aug/2026:19:04:47 -0700] "GET /?w=3334602031100 HTTP/1.1" 200 17642 "-" "Mozilla/5.0 (Linux; Android 6.0.1; Nexus 5X Build/MMB29P) AppleWebKit/537.36 (KHTML, like Gecko) Chrome/151.0.7922.137 Mobile Safari/537.36 (compatible; GoogleOther)"
66.249.69.164 - - [20/Aug/2026:19:04:52 -0700] "GET /?w=2463015921100 HTTP/1.1" 200 17096 "-" "Mozilla/5.0 (Linux; Android 6.0.1; Nexus 5X Build/MMB29P) AppleWebKit/537.36 (KHTML, like Gecko) Chrome/151.0.7922.137 Mobile Safari/537.36 (compatible; GoogleOther)"
66.249.69.164 - - [20/Aug/2026:19:04:53 -0700] "GET /?w=1105337871100 HTTP/1.1" 200 17012 "-" "Mozilla/5.0 (Linux; Android 6.0.1; Nexus 5X Build/MMB29P) AppleWebKit/537.36 (KHTML, like Gecko) Chrome/151.0.7922.137 Mobile Safari/537.36 (compatible; Googlebot/2.1; +http://www.google.com/bot.html)"
52.167.144.59 - - [20/Aug/2026:19:05:01 -0700] "GET /robots.txt HTTP/2.0" 200 74 "-" "Mozilla/5.0 AppleWebKit/537.36 (KHTML, like Gecko; compatible; bingbot/2.0; +http://www.bing.com/bingbot.htm) Chrome/116.0.1938.76 Safari/537.36"
40.77.167.149 - - [20/Aug/2026:19:05:09 -0700] "GET /item/341032/ HTTP/2.0" 200 6465 "-" "Mozilla/5.0 AppleWebKit/537.36 (KHTML, like Gecko; compatible; bingbot/2.0; +http://www.bing.com/bingbot.htm) Chrome/116.0.1938.76 Safari/537.36"
66.249.69.165 - - [20/Aug/2026:19:05:10 -0700] "GET /?w=1112432601100 HTTP/1.1" 200 16526 "-" "Mozilla/5.0 (Linux; Android 6.0.1; Nexus 5X Build/MMB29P) AppleWebKit/537.36 (KHTML, like Gecko) Chrome/151.0.7922.137 Mobile Safari/537.36 (compatible; GoogleOther)"
66.249.69.165 - - [20/Aug/2026:19:05:31 -0700] "GET /?w=2473696941100 HTTP/1.1" 200 17450 "-" "Mozilla/5.0 (Linux; Android 6.0.1; Nexus 5X Build/MMB29P) AppleWebKit/537.36 (KHTML, like Gecko) Chrome/151.0.7922.137 Mobile Safari/537.36 (compatible; GoogleOther)"
66.249.69.165 - - [20/Aug/2026:19:05:38 -0700] "GET /?product/review/2599447181100 HTTP/1.1" 200 17161 "-" "Mozilla/5.0 (Linux; Android 6.0.1; Nexus 5X Build/MMB29P) AppleWebKit/537.36 (KHTML, like Gecko) Chrome/151.0.7922.137 Mobile Safari/537.36 (compatible; GoogleOther)"
66.249.69.166 - - [20/Aug/2026:19:05:46 -0700] "GET /?w=2013202081100 HTTP/1.1" 200 16839 "-" "Mozilla/5.0 (Linux; Android 6.0.1; Nexus 5X Build/MMB29P) AppleWebKit/537.36 (KHTML, like Gecko) Chrome/151.0.7922.137 Mobile Safari/537.36 (compatible; Googlebot/2.1; +http://www.google.com/bot.html)"
66.249.69.164 - - [20/Aug/2026:19:05:46 -0700] "GET /?w=1103943491100 HTTP/1.1" 200 16768 "-" "Mozilla/5.0 (Linux; Android 6.0.1; Nexus 5X Build/MMB29P) AppleWebKit/537.36 (KHTML, like Gecko) Chrome/151.0.7922.137 Mobile Safari/537.36 (compatible; Googlebot/2.1; +http://www.google.com/bot.html)"
66.249.69.165 - - [20/Aug/2026:19:05:48 -0700] "GET /?w=2010721261100 HTTP/1.1" 200 16569 "-" "Mozilla/5.0 (Linux; Android 6.0.1; Nexus 5X Build/MMB29P) AppleWebKit/537.36 (KHTML, like Gecko) Chrome/151.0.7922.137 Mobile Safari/537.36 (compatible; GoogleOther)"
66.249.69.165 - - [20/Aug/2026:19:05:51 -0700] "GET /?w=2473039541100 HTTP/1.1" 200 17076 "-" "Mozilla/5.0 (Linux; Android 6.0.1; Nexus 5X Build/MMB29P) AppleWebKit/537.36 (KHTML, like Gecko) Chrome/151.0.7922.137 Mobile Safari/537.36 (compatible; GoogleOther)"
66.249.69.165 - - [20/Aug/2026:19:06:00 -0700] "GET /?w=1110884251100 HTTP/1.1" 200 16855 "-" "Mozilla/5.0 (Linux; Android 6.0.1; Nexus 5X Build/MMB29P) AppleWebKit/537.36 (KHTML, like Gecko) Chrome/151.0.7922.137 Mobile Safari/537.36 (compatible; GoogleOther)"
66.249.69.164 - - [20/Aug/2026:19:06:12 -0700] "GET /?productSearch/pictureSearch?id=2991008461100 HTTP/1.1" 200 16917 "-" "Mozilla/5.0 (Linux; Android 6.0.1; Nexus 5X Build/MMB29P) AppleWebKit/537.36 (KHTML, like Gecko) Chrome/151.0.7922.137 Mobile Safari/537.36 (compatible; GoogleOther)"
66.249.69.164 - - [20/Aug/2026:19:06:33 -0700] "GET /?w=496725601100 HTTP/1.1" 200 16889 "-" "Mozilla/5.0 (Linux; Android 6.0.1; Nexus 5X Build/MMB29P) AppleWebKit/537.36 (KHTML, like Gecko) Chrome/151.0.7922.137 Mobile Safari/537.36 (compatible; GoogleOther)"
66.249.69.164 - - [20/Aug/2026:19:06:54 -0700] "GET /?w=3027023601100 HTTP/1.1" 200 17740 "-" "Mozilla/5.0 (Linux; Android 6.0.1; Nexus 5X Build/MMB29P) AppleWebKit/537.36 (KHTML, like Gecko) Chrome/151.0.7922.137 Mobile Safari/537.36 (compatible; GoogleOther)"
66.249.69.166 - - [20/Aug/2026:19:07:14 -0700] "GET /?w=1097385061100 HTTP/1.1" 200 16698 "-" "Mozilla/5.0 (Linux; Android 6.0.1; Nexus 5X Build/MMB29P) AppleWebKit/537.36 (KHTML, like Gecko) Chrome/151.0.7922.137 Mobile Safari/537.36 (compatible; GoogleOther)"
66.249.69.166 - - [20/Aug/2026:19:07:17 -0700] "GET /?w=2022360701100 HTTP/1.1" 200 16940 "-" "Mozilla/5.0 (Linux; Android 6.0.1; Nexus 5X Build/MMB29P) AppleWebKit/537.36 (KHTML, like Gecko) Chrome/151.0.7922.137 Mobile Safari/537.36 (compatible; GoogleOther)"
66.249.69.165 - - [20/Aug/2026:19:07:24 -0700] "GET /?w=1101713521100 HTTP/1.1" 200 16905 "-" "Mozilla/5.0 (Linux; Android 6.0.1; Nexus 5X Build/MMB29P) AppleWebKit/537.36 (KHTML, like Gecko) Chrome/151.0.7922.137 Mobile Safari/537.36 (compatible; Googlebot/2.1; +http://www.google.com/bot.html)"
66.249.69.164 - - [20/Aug/2026:19:07:35 -0700] "GET /?productSearch/pictureSearch?id=2698885851100 HTTP/1.1" 200 16976 "-" "Mozilla/5.0 (Linux; Android 6.0.1; Nexus 5X Build/MMB29P) AppleWebKit/537.36 (KHTML, like Gecko) Chrome/151.0.7922.137 Mobile Safari/537.36 (compatible; GoogleOther)"
66.249.69.164 - - [20/Aug/2026:19:07:39 -0700] "GET /?w=1100829491100 HTTP/1.1" 200 16513 "-" "Mozilla/5.0 (Linux; Android 6.0.1; Nexus 5X Build/MMB29P) AppleWebKit/537.36 (KHTML, like Gecko) Chrome/151.0.7922.137 Mobile Safari/537.36 (compatible; GoogleOther)"
66.249.69.164 - - [20/Aug/2026:19:07:47 -0700] "GET /?w=3337617421100 HTTP/1.1" 200 17300 "-" "Mozilla/5.0 (Linux; Android 6.0.1; Nexus 5X Build/MMB29P) AppleWebKit/537.36 (KHTML, like Gecko) Chrome/151.0.7922.137 Mobile Safari/537.36 (compatible; Googlebot/2.1; +http://www.google.com/bot.html)"
66.249.69.164 - - [20/Aug/2026:19:07:55 -0700] "GET /?w=2465206101100 HTTP/1.1" 200 16807 "-" "Mozilla/5.0 (Linux; Android 6.0.1; Nexus 5X Build/MMB29P) AppleWebKit/537.36 (KHTML, like Gecko) Chrome/151.0.7922.137 Mobile Safari/537.36 (compatible; GoogleOther)"
66.249.69.164 - - [20/Aug/2026:19:08:16 -0700] "GET /?w=754464461100 HTTP/1.1" 200 16701 "-" "Mozilla/5.0 (Linux; Android 6.0.1; Nexus 5X Build/MMB29P) AppleWebKit/537.36 (KHTML, like Gecko) Chrome/151.0.7922.137 Mobile Safari/537.36 (compatible; GoogleOther)"
66.249.69.165 - - [20/Aug/2026:19:08:22 -0700] "GET /?w=1108282331100 HTTP/1.1" 200 16698 "-" "Mozilla/5.0 (Linux; Android 6.0.1; Nexus 5X Build/MMB29P) AppleWebKit/537.36 (KHTML, like Gecko) Chrome/151.0.7922.137 Mobile Safari/537.36 (compatible; Googlebot/2.1; +http://www.google.com/bot.html)"
66.249.69.164 - - [20/Aug/2026:19:08:29 -0700] "GET /?w=1101128781100 HTTP/1.1" 200 16757 "-" "Mozilla/5.0 (Linux; Android 6.0.1; Nexus 5X Build/MMB29P) AppleWebKit/537.36 (KHTML, like Gecko) Chrome/151.0.7922.137 Mobile Safari/537.36 (compatible; GoogleOther)"
66.249.69.164 - - [20/Aug/2026:19:08:37 -0700] "GET /?shop/sold?id=top1841746971100 HTTP/1.1" 200 16793 "-" "Mozilla/5.0 (Linux; Android 6.0.1; Nexus 5X Build/MMB29P) AppleWebKit/537.36 (KHTML, like Gecko) Chrome/151.0.7922.137 Mobile Safari/537.36 (compatible; GoogleOther)"
66.249.69.164 - - [20/Aug/2026:19:08:57 -0700] "GET /?w=1836690181100 HTTP/1.1" 200 16995 "-" "Mozilla/5.0 (Linux; Android 6.0.1; Nexus 5X Build/MMB29P) AppleWebKit/537.36 (KHTML, like Gecko) Chrome/151.0.7922.137 Mobile Safari/537.36 (compatible; GoogleOther)"
66.249.69.164 - - [20/Aug/2026:19:09:07 -0700] "GET /?productSearch/pictureSearch?id=3334863261100 HTTP/1.1" 200 16988 "-" "Mozilla/5.0 (Linux; Android 6.0.1; Nexus 5X Build/MMB29P) AppleWebKit/537.36 (KHTML, like Gecko) Chrome/151.0.7922.137 Mobile Safari/537.36 (compatible; Googlebot/2.1; +http://www.google.com/bot.html)"
66.249.69.164 - - [20/Aug/2026:19:09:18 -0700] "GET /?w=2476276371100 HTTP/1.1" 200 17159 "-" "Mozilla/5.0 (Linux; Android 6.0.1; Nexus 5X Build/MMB29P) AppleWebKit/537.36 (KHTML, like Gecko) Chrome/151.0.7922.137 Mobile Safari/537.36 (compatible; GoogleOther)"
66.249.69.166 - - [20/Aug/2026:19:09:37 -0700] "GET /?w=1105547201100 HTTP/1.1" 200 16902 "-" "Mozilla/5.0 (Linux; Android 6.0.1; Nexus 5X Build/MMB29P) AppleWebKit/537.36 (KHTML, like Gecko) Chrome/151.0.7922.137 Mobile Safari/537.36 (compatible; GoogleOther)"
66.249.69.165 - - [20/Aug/2026:19:09:38 -0700] "GET /?w=3215071141100 HTTP/1.1" 200 17790 "-" "Mozilla/5.0 (Linux; Android 6.0.1; Nexus 5X Build/MMB29P) AppleWebKit/537.36 (KHTML, like Gecko) Chrome/151.0.7922.137 Mobile Safari/537.36 (compatible; Googlebot/2.1; +http://www.google.com/bot.html)"
66.249.69.165 - - [20/Aug/2026:19:09:40 -0700] "GET /?w=3011017641100 HTTP/1.1" 200 21143 "-" "Mozilla/5.0 (Linux; Android 6.0.1; Nexus 5X Build/MMB29P) AppleWebKit/537.36 (KHTML, like Gecko) Chrome/151.0.7922.137 Mobile Safari/537.36 (compatible; GoogleOther)"
66.249.69.164 - - [20/Aug/2026:19:09:49 -0700] "GET /?w=2578979551100 HTTP/1.1" 200 17322 "-" "Mozilla/5.0 (Linux; Android 6.0.1; Nexus 5X Build/MMB29P) AppleWebKit/537.36 (KHTML, like Gecko) Chrome/151.0.7922.137 Mobile Safari/537.36 (compatible; GoogleOther)"
66.249.69.164 - - [20/Aug/2026:19:09:59 -0700] "GET /?home-kitchen HTTP/1.1" 200 16981 "-" "Mozilla/5.0 (Linux; Android 6.0.1; Nexus 5X Build/MMB29P) AppleWebKit/537.36 (KHTML, like Gecko) Chrome/151.0.7922.137 Mobile Safari/537.36 (compatible; GoogleOther)"
66.249.69.164 - - [20/Aug/2026:19:10:09 -0700] "GET /?w=1105176981100 HTTP/1.1" 200 16777 "-" "Mozilla/5.0 (Linux; Android 6.0.1; Nexus 5X Build/MMB29P) AppleWebKit/537.36 (KHTML, like Gecko) Chrome/151.0.7922.137 Mobile Safari/537.36 (compatible; Googlebot/2.1; +http://www.google.com/bot.html)"
66.249.69.164 - - [20/Aug/2026:19:10:20 -0700] "GET /?productSearch/pictureSearch?id=3198006421100 HTTP/1.1" 200 17419 "-" "Mozilla/5.0 (Linux; Android 6.0.1; Nexus 5X Build/MMB29P) AppleWebKit/537.36 (KHTML, like Gecko) Chrome/151.0.7922.137 Mobile Safari/537.36 (compatible; GoogleOther)"
66.249.69.165 - - [20/Aug/2026:19:10:41 -0700] "GET /?productSearch/pictureSearch?id=2286926141100 HTTP/1.1" 200 16945 "-" "Mozilla/5.0 (Linux; Android 6.0.1; Nexus 5X Build/MMB29P) AppleWebKit/537.36 (KHTML, like Gecko) Chrome/151.0.7922.137 Mobile Safari/537.36 (compatible; GoogleOther)"
66.249.69.164 - - [20/Aug/2026:19:10:46 -0700] "GET /?w=1100836411100 HTTP/1.1" 200 16908 "-" "Mozilla/5.0 (Linux; Android 6.0.1; Nexus 5X Build/MMB29P) AppleWebKit/537.36 (KHTML, like Gecko) Chrome/151.0.7922.137 Mobile Safari/537.36 (compatible; Googlebot/2.1; +http://www.google.com/bot.html)"
66.249.69.164 - - [20/Aug/2026:19:10:56 -0700] "GET /?w=1894036221100 HTTP/1.1" 200 16992 "-" "Mozilla/5.0 (Linux; Android 6.0.1; Nexus 5X Build/MMB29P) AppleWebKit/537.36 (KHTML, like Gecko) Chrome/151.0.7922.137 Mobile Safari/537.36 (compatible; GoogleOther)"
66.249.69.164 - - [20/Aug/2026:19:10:59 -0700] "GET /?w=2011357901100 HTTP/1.1" 200 16988 "-" "Mozilla/5.0 (Linux; Android 6.0.1; Nexus 5X Build/MMB29P) AppleWebKit/537.36 (KHTML, like Gecko) Chrome/151.0.7922.137 Mobile Safari/537.36 (compatible; GoogleOther)"
66.249.69.166 - - [20/Aug/2026:19:11:02 -0700] "GET /?men-s-jewelry HTTP/1.1" 200 16590 "-" "Mozilla/5.0 (Linux; Android 6.0.1; Nexus 5X Build/MMB29P) AppleWebKit/537.36 (KHTML, like Gecko) Chrome/151.0.7922.137 Mobile Safari/537.36 (compatible; GoogleOther)"
66.249.69.164 - - [20/Aug/2026:19:11:21 -0700] "GET /?w=1107367161100 HTTP/1.1" 200 16519 "-" "Mozilla/5.0 (Linux; Android 6.0.1; Nexus 5X Build/MMB29P) AppleWebKit/537.36 (KHTML, like Gecko) Chrome/151.0.7922.137 Mobile Safari/537.36 (compatible; Googlebot/2.1; +http://www.google.com/bot.html)"
66.249.69.165 - - [20/Aug/2026:19:11:22 -0700] "GET /?productSearch/pictureSearch?id=2905883811100 HTTP/1.1" 200 17218 "-" "Mozilla/5.0 (Linux; Android 6.0.1; Nexus 5X Build/MMB29P) AppleWebKit/537.36 (KHTML, like Gecko) Chrome/151.0.7922.137 Mobile Safari/537.36 (compatible; GoogleOther)"
66.249.69.164 - - [20/Aug/2026:19:11:43 -0700] "GET /?w=348980141100 HTTP/1.1" 200 16963 "-" "Mozilla/5.0 (Linux; Android 6.0.1; Nexus 5X Build/MMB29P) AppleWebKit/537.36 (KHTML, like Gecko) Chrome/151.0.7922.137 Mobile Safari/537.36 (compatible; GoogleOther)"
66.249.69.164 - - [20/Aug/2026:19:11:56 -0700] "GET /?w=3337617421100 HTTP/1.1" 200 17306 "-" "Mozilla/5.0 (Linux; Android 6.0.1; Nexus 5X Build/MMB29P) AppleWebKit/537.36 (KHTML, like Gecko) Chrome/151.0.7922.137 Mobile Safari/537.36 (compatible; GoogleOther)"
